
--
-- Table structure for table `wal_amasty_feed_product_cl`
--

CREATE TABLE `wal_amasty_feed_product_cl` (
  `version_id` int(10) unsigned NOT NULL AUTO_INCREMENT COMMENT 'Version ID',
  `entity_id` int(10) unsigned NOT NULL DEFAULT '0' COMMENT 'Entity ID',
  PRIMARY KEY (`version_id`)
) ENGINE=InnoDB AUTO_INCREMENT=13 DEFAULT CHARSET=utf8 COMMENT='wal_amasty_feed_product_cl';

--
-- Dumping data for table `wal_amasty_feed_product_cl`
--

INSERT INTO `wal_amasty_feed_product_cl` VALUES (1,1),(2,1),(3,1),(4,1),(5,1),(6,1),(7,1),(8,1),(9,1),(10,1),(11,1),(12,1);

--
-- Table structure for table `wal_amasty_feed_schedule`
--

CREATE TABLE `wal_amasty_feed_schedule` (
  `id` int(10) unsigned NOT NULL AUTO_INCREMENT COMMENT 'ID',
  `cron_time` int(11) DEFAULT NULL COMMENT 'Cron Time Execution',
  `cron_day` int(11) DEFAULT NULL COMMENT 'Cron Day Execution',
  `feed_id` int(10) unsigned NOT NULL COMMENT 'Feed Id',
  PRIMARY KEY (`id`),
  KEY `WAL_AMASTY_FEED_SCHEDULE_FEED_ID_AMASTY_FEED_ENTITY_ENTITY_ID` (`feed_id`),
  CONSTRAINT `WAL_AMASTY_FEED_SCHEDULE_FEED_ID_AMASTY_FEED_ENTITY_ENTITY_ID` FOREIGN KEY (`feed_id`) REFERENCES `wal_amasty_feed_entity` (`entity_id`) ON DELETE CASCADE
) ENGINE=InnoDB AUTO_INCREMENT=2 DEFAULT CHARSET=utf8 COMMENT='Cron Schedule Execution';

--
-- Dumping data for table `wal_amasty_feed_schedule`
--

INSERT INTO `wal_amasty_feed_schedule` VALUES (1,NULL,NULL,1);

--
-- Table structure for table `wal_amasty_feed_valid_products`
--

CREATE TABLE `wal_amasty_feed_valid_products` (
  `entity_id` bigint(20) unsigned NOT NULL AUTO_INCREMENT COMMENT 'Entity Id',
  `feed_id` int(10) unsigned NOT NULL DEFAULT '0' COMMENT 'Feed ID',
  `valid_product_id` int(10) unsigned NOT NULL DEFAULT '0' COMMENT 'Valid products for conditions',
  PRIMARY KEY (`entity_id`),
  KEY `WAL_AMASTY_FEED_VALID_PRODUCTS_VALID_PRODUCT_ID` (`valid_product_id`),
  KEY `WAL_AMASTY_FEED_VALID_PRDS_FEED_ID_AMASTY_FEED_ENTT_ENTT_ID` (`feed_id`),
  CONSTRAINT `WAL_AMASTY_FEED_VALID_PRDS_FEED_ID_AMASTY_FEED_ENTT_ENTT_ID` FOREIGN KEY (`feed_id`) REFERENCES `wal_amasty_feed_entity` (`entity_id`) ON DELETE CASCADE
) ENGINE=InnoDB AUTO_INCREMENT=2 DEFAULT CHARSET=utf8 COMMENT='wal_amasty_feed_valid_products';

--
-- Dumping data for table `wal_amasty_feed_valid_products`
--

INSERT INTO `wal_amasty_feed_valid_products` VALUES (1,1,1);

--
-- Table structure for table `wal_amasty_page_speed_optimizer_bundle`
--

CREATE TABLE `wal_amasty_page_speed_optimizer_bundle` (
  `filename_id` int(10) unsigned NOT NULL AUTO_INCREMENT,
  `filename` varchar(1024) NOT NULL,
  `area` varchar(255) DEFAULT NULL,
  `theme` varchar(255) DEFAULT NULL,
  `locale` varchar(255) DEFAULT NULL,
  PRIMARY KEY (`filename_id`)
) ENGINE=InnoDB AUTO_INCREMENT=676 DEFAULT CHARSET=utf8;

--
-- Dumping data for table `wal_amasty_page_speed_optimizer_bundle`
--

INSERT INTO `wal_amasty_page_speed_optimizer_bundle` VALUES (1,'jquery.min.js','frontend','Codazon/fastest_westylefashion_tull','en_US'),(2,'jquery/jquery.mobile.custom.min.js','frontend','Codazon/fastest_westylefashion_tull','en_US'),(3,'mage/common.min.js','frontend','Codazon/fastest_westylefashion_tull','en_US'),(4,'requirejs/domReady.min.js','frontend','Codazon/fastest_westylefashion_tull','en_US'),(5,'mage/dataPost.min.js','frontend','Codazon/fastest_westylefashion_tull','en_US'),(6,'mage/template.min.js','frontend','Codazon/fastest_westylefashion_tull','en_US'),(7,'underscore.min.js','frontend','Codazon/fastest_westylefashion_tull','en_US'),(8,'Magento_Ui/js/modal/confirm.min.js','frontend','Codazon/fastest_westylefashion_tull','en_US'),(9,'mage/translate.min.js','frontend','Codazon/fastest_westylefashion_tull','en_US'),(10,'mage/mage.min.js','frontend','Codazon/fastest_westylefashion_tull','en_US'),(11,'mage/apply/main.min.js','frontend','Codazon/fastest_westylefashion_tull','en_US'),(12,'Magento_Translation/js/mage-translation-dictionary.min.js','frontend','Codazon/fastest_westylefashion_tull','en_US'),(13,'mage/requirejs/text.min.js','frontend','Codazon/fastest_westylefashion_tull','en_US'),(14,'jquery/ui-modules/widget.min.js','frontend','Codazon/fastest_westylefashion_tull','en_US'),(15,'Magento_Ui/js/modal/modal.min.js','frontend','Codazon/fastest_westylefashion_tull','en_US'),(16,'Magento_Ui/js/lib/key-codes.min.js','frontend','Codazon/fastest_westylefashion_tull','en_US'),(17,'mage/bootstrap.min.js','frontend','Codazon/fastest_westylefashion_tull','en_US'),(18,'Magento_Ui/js/lib/knockout/bootstrap.min.js','frontend','Codazon/fastest_westylefashion_tull','en_US'),(19,'knockoutjs/knockout.min.js','frontend','Codazon/fastest_westylefashion_tull','en_US'),(20,'knockoutjs/knockout-es5.min.js','frontend','Codazon/fastest_westylefashion_tull','en_US'),(21,'mage/translate-inline.min.js','frontend','Codazon/fastest_westylefashion_tull','en_US'),(22,'Magento_Theme/js/responsive.min.js','frontend','Codazon/fastest_westylefashion_tull','en_US'),(23,'mage/tabs.min.js','frontend','Codazon/fastest_westylefashion_tull','en_US'),(24,'jquery/ui-modules/core.min.js','frontend','Codazon/fastest_westylefashion_tull','en_US'),(25,'mage/collapsible.min.js','frontend','Codazon/fastest_westylefashion_tull','en_US'),(26,'Magento_Cookie/js/jquery.storageapi.extended.min.js','frontend','Codazon/fastest_westylefashion_tull','en_US'),(27,'jquery/jquery.cookie.min.js','frontend','Codazon/fastest_westylefashion_tull','en_US'),(28,'jquery/jquery.storageapi.min.js','frontend','Codazon/fastest_westylefashion_tull','en_US'),(29,'Magento_Theme/js/theme.min.js','frontend','Codazon/fastest_westylefashion_tull','en_US'),(30,'mage/smart-keyboard-handler.min.js','frontend','Codazon/fastest_westylefashion_tull','en_US'),(31,'mage/ie-class-fixer.min.js','frontend','Codazon/fastest_westylefashion_tull','en_US'),(32,'Magento_Theme/js/fastest.min.js','frontend','Codazon/fastest_westylefashion_tull','en_US'),(33,'jquery/ui-modules/tooltip.min.js','frontend','Codazon/fastest_westylefashion_tull','en_US'),(34,'jquery/ui-modules/position.min.js','frontend','Codazon/fastest_westylefashion_tull','en_US'),(35,'js/owlcarousel/owlslider.min.js','frontend','Codazon/fastest_westylefashion_tull','en_US'),(36,'mage/toggle.min.js','frontend','Codazon/fastest_westylefashion_tull','en_US'),(37,'jquery/jquery-migrate.min.js','frontend','Codazon/fastest_westylefashion_tull','en_US'),(38,'jquery/patches/jquery.min.js','frontend','Codazon/fastest_westylefashion_tull','en_US'),(39,'mage/apply/scripts.min.js','frontend','Codazon/fastest_westylefashion_tull','en_US'),(40,'Magento_Ui/js/lib/knockout/template/engine.min.js','frontend','Codazon/fastest_westylefashion_tull','en_US'),(41,'Magento_Ui/js/lib/knockout/bindings/bootstrap.min.js','frontend','Codazon/fastest_westylefashion_tull','en_US'),(42,'knockoutjs/knockout-repeat.min.js','frontend','Codazon/fastest_westylefashion_tull','en_US'),(43,'knockoutjs/knockout-fast-foreach.min.js','frontend','Codazon/fastest_westylefashion_tull','en_US'),(44,'Magento_Ui/js/lib/knockout/extender/observable_array.min.js','frontend','Codazon/fastest_westylefashion_tull','en_US'),(45,'Magento_Ui/js/lib/knockout/extender/bound-nodes.min.js','frontend','Codazon/fastest_westylefashion_tull','en_US'),(46,'mage/utils/wrapper.min.js','frontend','Codazon/fastest_westylefashion_tull','en_US'),(47,'Magento_Ui/js/lib/core/events.min.js','frontend','Codazon/fastest_westylefashion_tull','en_US'),(48,'es6-collections.min.js','frontend','Codazon/fastest_westylefashion_tull','en_US'),(49,'jquery/ui-modules/dialog.min.js','frontend','Codazon/fastest_westylefashion_tull','en_US'),(50,'jquery/ui-modules/button.min.js','frontend','Codazon/fastest_westylefashion_tull','en_US'),(51,'jquery/ui-modules/draggable.min.js','frontend','Codazon/fastest_westylefashion_tull','en_US'),(52,'jquery/ui-modules/mouse.min.js','frontend','Codazon/fastest_westylefashion_tull','en_US'),(53,'jquery/ui-modules/resizable.min.js','frontend','Codazon/fastest_westylefashion_tull','en_US'),(54,'jquery/patches/jquery-ui.min.js','frontend','Codazon/fastest_westylefashion_tull','en_US'),(55,'matchMedia.min.js','frontend','Codazon/fastest_westylefashion_tull','en_US'),(56,'js/owlcarousel/owl.carousel.min.js','frontend','Codazon/fastest_westylefashion_tull','en_US'),(57,'Magento_Ui/js/lib/knockout/template/observable_source.min.js','frontend','Codazon/fastest_westylefashion_tull','en_US'),(58,'Magento_Ui/js/lib/core/class.min.js','frontend','Codazon/fastest_westylefashion_tull','en_US'),(59,'mage/utils/main.min.js','frontend','Codazon/fastest_westylefashion_tull','en_US'),(60,'Magento_Ui/js/lib/knockout/template/renderer.min.js','frontend','Codazon/fastest_westylefashion_tull','en_US'),(61,'Magento_Ui/js/lib/logger/console-logger.min.js','frontend','Codazon/fastest_westylefashion_tull','en_US'),(62,'Magento_Ui/js/lib/core/storage/local.min.js','frontend','Codazon/fastest_westylefashion_tull','en_US'),(63,'Magento_Ui/js/lib/registry/registry.min.js','frontend','Codazon/fastest_westylefashion_tull','en_US'),(64,'Magento_Ui/js/lib/knockout/bindings/resizable.min.js','frontend','Codazon/fastest_westylefashion_tull','en_US'),(65,'Magento_Ui/js/lib/view/utils/async.min.js','frontend','Codazon/fastest_westylefashion_tull','en_US'),(66,'Magento_Ui/js/lib/knockout/bindings/i18n.min.js','frontend','Codazon/fastest_westylefashion_tull','en_US'),(67,'Magento_Ui/js/lib/knockout/bindings/scope.min.js','frontend','Codazon/fastest_westylefashion_tull','en_US'),(68,'Magento_Ui/js/lib/knockout/bindings/range.min.js','frontend','Codazon/fastest_westylefashion_tull','en_US'),(69,'jquery/ui-modules/slider.min.js','frontend','Codazon/fastest_westylefashion_tull','en_US'),(70,'Magento_Ui/js/lib/knockout/bindings/mage-init.min.js','frontend','Codazon/fastest_westylefashion_tull','en_US'),(71,'Magento_Ui/js/lib/knockout/bindings/keyboard.min.js','frontend','Codazon/fastest_westylefashion_tull','en_US'),(72,'Magento_Ui/js/lib/knockout/bindings/optgroup.min.js','frontend','Codazon/fastest_westylefashion_tull','en_US'),(73,'Magento_Ui/js/lib/knockout/bindings/after-render.min.js','frontend','Codazon/fastest_westylefashion_tull','en_US'),(74,'Magento_Ui/js/lib/knockout/bindings/autoselect.min.js','frontend','Codazon/fastest_westylefashion_tull','en_US'),(75,'Magento_Ui/js/lib/knockout/bindings/datepicker.min.js','frontend','Codazon/fastest_westylefashion_tull','en_US'),(76,'mage/calendar.min.js','frontend','Codazon/fastest_westylefashion_tull','en_US'),(77,'jquery/ui-modules/datepicker.min.js','frontend','Codazon/fastest_westylefashion_tull','en_US'),(78,'jquery/ui-modules/timepicker.min.js','frontend','Codazon/fastest_westylefashion_tull','en_US'),(79,'moment.min.js','frontend','Codazon/fastest_westylefashion_tull','en_US'),(80,'Magento_Ui/js/lib/knockout/bindings/outer_click.min.js','frontend','Codazon/fastest_westylefashion_tull','en_US'),(81,'Magento_Ui/js/lib/knockout/bindings/fadeVisible.min.js','frontend','Codazon/fastest_westylefashion_tull','en_US'),(82,'Magento_Ui/js/lib/knockout/bindings/collapsible.min.js','frontend','Codazon/fastest_westylefashion_tull','en_US'),(83,'Magento_Ui/js/lib/knockout/bindings/staticChecked.min.js','frontend','Codazon/fastest_westylefashion_tull','en_US'),(84,'Magento_Ui/js/lib/knockout/bindings/simple-checked.min.js','frontend','Codazon/fastest_westylefashion_tull','en_US'),(85,'Magento_Ui/js/lib/knockout/bindings/bind-html.min.js','frontend','Codazon/fastest_westylefashion_tull','en_US'),(86,'Magento_Ui/js/lib/knockout/bindings/tooltip.min.js','frontend','Codazon/fastest_westylefashion_tull','en_US'),(87,'Magento_Ui/js/lib/knockout/bindings/color-picker.min.js','frontend','Codazon/fastest_westylefashion_tull','en_US'),(88,'jquery/spectrum/spectrum.min.js','frontend','Codazon/fastest_westylefashion_tull','en_US'),(89,'jquery/spectrum/tinycolor.min.js','frontend','Codazon/fastest_westylefashion_tull','en_US'),(90,'mage/utils/arrays.min.js','frontend','Codazon/fastest_westylefashion_tull','en_US'),(91,'mage/utils/compare.min.js','frontend','Codazon/fastest_westylefashion_tull','en_US'),(92,'mage/utils/objects.min.js','frontend','Codazon/fastest_westylefashion_tull','en_US'),(93,'mage/utils/misc.min.js','frontend','Codazon/fastest_westylefashion_tull','en_US'),(94,'FormData.min.js','frontend','Codazon/fastest_westylefashion_tull','en_US'),(95,'mage/utils/strings.min.js','frontend','Codazon/fastest_westylefashion_tull','en_US'),(96,'mage/utils/template.min.js','frontend','Codazon/fastest_westylefashion_tull','en_US'),(97,'Magento_Ui/js/lib/knockout/template/loader.min.js','frontend','Codazon/fastest_westylefashion_tull','en_US'),(98,'Magento_Ui/js/lib/logger/logger.min.js','frontend','Codazon/fastest_westylefashion_tull','en_US'),(99,'Magento_Ui/js/lib/logger/entry-factory.min.js','frontend','Codazon/fastest_westylefashion_tull','en_US'),(100,'Magento_Ui/js/lib/logger/console-output-handler.min.js','frontend','Codazon/fastest_westylefashion_tull','en_US'),(101,'Magento_Ui/js/lib/logger/formatter.min.js','frontend','Codazon/fastest_westylefashion_tull','en_US'),(102,'Magento_Ui/js/lib/logger/message-pool.min.js','frontend','Codazon/fastest_westylefashion_tull','en_US'),(103,'Magento_Ui/js/lib/logger/levels-pool.min.js','frontend','Codazon/fastest_westylefashion_tull','en_US'),(104,'Magento_Ui/js/lib/logger/logger-utils.min.js','frontend','Codazon/fastest_westylefashion_tull','en_US'),(105,'Magento_Ui/js/lib/view/utils/dom-observer.min.js','frontend','Codazon/fastest_westylefashion_tull','en_US'),(106,'Magento_Ui/js/lib/view/utils/bindings.min.js','frontend','Codazon/fastest_westylefashion_tull','en_US'),(107,'Magento_Ui/js/lib/logger/entry.min.js','frontend','Codazon/fastest_westylefashion_tull','en_US'),(108,'MutationObserver.min.js','frontend','Codazon/fastest_westylefashion_tull','en_US'),(109,'mage/loader.min.js','frontend','Codazon/fastest_westylefashion_tull','en_US'),(110,'Magento_PageCache/js/page-cache.min.js','frontend','Codazon/fastest_westylefashion_tull','en_US'),(111,'mage/cookies.min.js','frontend','Codazon/fastest_westylefashion_tull','en_US'),(112,'Magento_Ui/js/core/app.min.js','frontend','Codazon/fastest_westylefashion_tull','en_US'),(113,'mage/dropdown.min.js','frontend','Codazon/fastest_westylefashion_tull','en_US'),(114,'mage/validation/validation.min.js','frontend','Codazon/fastest_westylefashion_tull','en_US'),(115,'mage/validation.min.js','frontend','Codazon/fastest_westylefashion_tull','en_US'),(116,'jquery/jquery.validate.min.js','frontend','Codazon/fastest_westylefashion_tull','en_US'),(117,'jquery/jquery.metadata.min.js','frontend','Codazon/fastest_westylefashion_tull','en_US'),(118,'Magento_Search/js/form-mini.min.js','frontend','Codazon/fastest_westylefashion_tull','en_US'),(119,'Codazon_ThemeOptions/js/category-search.min.js','frontend','Codazon/fastest_westylefashion_tull','en_US'),(120,'Walland_ProductFilter/js/firstload.min.js','frontend','Codazon/fastest_westylefashion_tull','en_US'),(121,'jquery/compat.min.js','frontend','Codazon/fastest_westylefashion_tull','en_US'),(122,'jquery/ui-modules/accordion.min.js','frontend','Codazon/fastest_westylefashion_tull','en_US'),(123,'jquery/ui-modules/autocomplete.min.js','frontend','Codazon/fastest_westylefashion_tull','en_US'),(124,'jquery/ui-modules/menu.min.js','frontend','Codazon/fastest_westylefashion_tull','en_US'),(125,'jquery/ui-modules/droppable.min.js','frontend','Codazon/fastest_westylefashion_tull','en_US'),(126,'jquery/ui-modules/effect-blind.min.js','frontend','Codazon/fastest_westylefashion_tull','en_US'),(127,'jquery/ui-modules/effect.min.js','frontend','Codazon/fastest_westylefashion_tull','en_US'),(128,'jquery/ui-modules/effect-bounce.min.js','frontend','Codazon/fastest_westylefashion_tull','en_US'),(129,'jquery/ui-modules/effect-clip.min.js','frontend','Codazon/fastest_westylefashion_tull','en_US'),(130,'jquery/ui-modules/effect-drop.min.js','frontend','Codazon/fastest_westylefashion_tull','en_US'),(131,'jquery/ui-modules/effect-explode.min.js','frontend','Codazon/fastest_westylefashion_tull','en_US'),(132,'jquery/ui-modules/effect-fade.min.js','frontend','Codazon/fastest_westylefashion_tull','en_US'),(133,'jquery/ui-modules/effect-fold.min.js','frontend','Codazon/fastest_westylefashion_tull','en_US'),(134,'jquery/ui-modules/effect-highlight.min.js','frontend','Codazon/fastest_westylefashion_tull','en_US'),(135,'jquery/ui-modules/effect-scale.min.js','frontend','Codazon/fastest_westylefashion_tull','en_US'),(136,'jquery/ui-modules/effect-pulsate.min.js','frontend','Codazon/fastest_westylefashion_tull','en_US'),(137,'jquery/ui-modules/effect-shake.min.js','frontend','Codazon/fastest_westylefashion_tull','en_US'),(138,'jquery/ui-modules/effect-slide.min.js','frontend','Codazon/fastest_westylefashion_tull','en_US'),(139,'jquery/ui-modules/effect-transfer.min.js','frontend','Codazon/fastest_westylefashion_tull','en_US'),(140,'jquery/ui-modules/progressbar.min.js','frontend','Codazon/fastest_westylefashion_tull','en_US'),(141,'jquery/ui-modules/selectable.min.js','frontend','Codazon/fastest_westylefashion_tull','en_US'),(142,'jquery/ui-modules/sortable.min.js','frontend','Codazon/fastest_westylefashion_tull','en_US'),(143,'jquery/ui-modules/spinner.min.js','frontend','Codazon/fastest_westylefashion_tull','en_US'),(144,'jquery/ui-modules/tabs.min.js','frontend','Codazon/fastest_westylefashion_tull','en_US'),(145,'Codazon_AjaxCartPro/js/catalog-add-to-cart.min.js','frontend','Codazon/fastest_westylefashion_tull','en_US'),(146,'jquery/jquery.parsequery.min.js','frontend','Codazon/fastest_westylefashion_tull','en_US'),(147,'mage/trim-input.min.js','frontend','Codazon/fastest_westylefashion_tull','en_US'),(148,'Magento_Theme/js/fastest_fashion.min.js','frontend','Codazon/fastest_westylefashion_tull','en_US'),(149,'js/menu/cdz_menu.min.js','frontend','Codazon/fastest_westylefashion_tull','en_US'),(150,'Magento_Ui/js/block-loader.min.js','frontend','Codazon/fastest_westylefashion_tull','en_US'),(151,'Magento_Customer/js/section-config.min.js','frontend','Codazon/fastest_westylefashion_tull','en_US'),(152,'Magento_Customer/js/invalidation-processor.min.js','frontend','Codazon/fastest_westylefashion_tull','en_US'),(153,'Magento_Ui/js/lib/core/element/element.min.js','frontend','Codazon/fastest_westylefashion_tull','en_US'),(154,'Magento_Ui/js/core/renderer/types.min.js','frontend','Codazon/fastest_westylefashion_tull','en_US'),(155,'Magento_Ui/js/core/renderer/layout.min.js','frontend','Codazon/fastest_westylefashion_tull','en_US'),(156,'Codazon_MegaMenu/js/menu.min.js','frontend','Codazon/fastest_westylefashion_tull','en_US'),(157,'Magento_Customer/js/customer-data.min.js','frontend','Codazon/fastest_westylefashion_tull','en_US'),(158,'mage/url.min.js','frontend','Codazon/fastest_westylefashion_tull','en_US'),(159,'mage/storage.min.js','frontend','Codazon/fastest_westylefashion_tull','en_US'),(160,'Magento_Persistent/js/view/customer-data-mixin.min.js','frontend','Codazon/fastest_westylefashion_tull','en_US'),(161,'Magento_Ui/js/lib/core/element/links.min.js','frontend','Codazon/fastest_westylefashion_tull','en_US'),(162,'Magento_Catalog/js/view/compare-products.min.js','frontend','Codazon/fastest_westylefashion_tull','en_US'),(163,'Magento_Ui/js/lib/core/collection.min.js','frontend','Codazon/fastest_westylefashion_tull','en_US'),(164,'mage/decorate.min.js','frontend','Codazon/fastest_westylefashion_tull','en_US'),(165,'Magento_Checkout/js/view/minicart.min.js','frontend','Codazon/fastest_westylefashion_tull','en_US'),(166,'Magento_Checkout/js/sidebar.min.js','frontend','Codazon/fastest_westylefashion_tull','en_US'),(167,'Magento_Customer/js/model/authentication-popup.min.js','frontend','Codazon/fastest_westylefashion_tull','en_US'),(168,'Magento_Ui/js/modal/alert.min.js','frontend','Codazon/fastest_westylefashion_tull','en_US'),(169,'Magento_Tax/js/view/checkout/minicart/subtotal/totals.min.js','frontend','Codazon/fastest_westylefashion_tull','en_US'),(170,'Magento_Msrp/js/view/checkout/minicart/subtotal/totals.min.js','frontend','Codazon/fastest_westylefashion_tull','en_US'),(171,'Magento_Catalog/js/view/image.min.js','frontend','Codazon/fastest_westylefashion_tull','en_US'),(172,'Magento_Customer/js/view/authentication-popup.min.js','frontend','Codazon/fastest_westylefashion_tull','en_US'),(173,'Magento_Ui/js/form/form.min.js','frontend','Codazon/fastest_westylefashion_tull','en_US'),(174,'Magento_Ui/js/lib/spinner.min.js','frontend','Codazon/fastest_westylefashion_tull','en_US'),(175,'mage/requirejs/resolver.min.js','frontend','Codazon/fastest_westylefashion_tull','en_US'),(176,'Magento_Customer/js/action/login.min.js','frontend','Codazon/fastest_westylefashion_tull','en_US'),(177,'Magento_Ui/js/model/messageList.min.js','frontend','Codazon/fastest_westylefashion_tull','en_US'),(178,'Magento_Captcha/js/view/checkout/loginCaptcha.min.js','frontend','Codazon/fastest_westylefashion_tull','en_US'),(179,'Magento_Captcha/js/view/checkout/defaultCaptcha.min.js','frontend','Codazon/fastest_westylefashion_tull','en_US'),(180,'Magento_Captcha/js/model/captcha.min.js','frontend','Codazon/fastest_westylefashion_tull','en_US'),(181,'Magento_Captcha/js/action/refresh.min.js','frontend','Codazon/fastest_westylefashion_tull','en_US'),(182,'Magento_Captcha/js/model/captchaList.min.js','frontend','Codazon/fastest_westylefashion_tull','en_US'),(183,'Codazon_AjaxCartPro/js/ajaxcart.min.js','frontend','Codazon/fastest_westylefashion_tull','en_US'),(184,'Codazon_AjaxCartPro/js/sidebar.min.js','frontend','Codazon/fastest_westylefashion_tull','en_US'),(185,'Magento_Customer/js/view/customer.min.js','frontend','Codazon/fastest_westylefashion_tull','en_US'),(186,'Magento_Wishlist/js/view/wishlist.min.js','frontend','Codazon/fastest_westylefashion_tull','en_US'),(187,'MageWorx_SearchSuiteAutocomplete/js/autocomplete.min.js','frontend','Codazon/fastest_westylefashion_tull','en_US'),(188,'MageWorx_SearchSuiteAutocomplete/js/bindEvents.min.js','frontend','Codazon/fastest_westylefashion_tull','en_US'),(189,'MageWorx_SearchSuiteAutocomplete/js/dataProvider.min.js','frontend','Codazon/fastest_westylefashion_tull','en_US'),(190,'Magento_Theme/js/view/messages.min.js','frontend','Codazon/fastest_westylefashion_tull','en_US'),(191,'Magento_Security/js/escaper.min.js','frontend','Codazon/fastest_westylefashion_tull','en_US'),(192,'Magento_Catalog/js/storage-manager.min.js','frontend','Codazon/fastest_westylefashion_tull','en_US'),(193,'Magento_Catalog/js/product/storage/storage-service.min.js','frontend','Codazon/fastest_westylefashion_tull','en_US'),(194,'Magento_Catalog/js/product/storage/ids-storage.min.js','frontend','Codazon/fastest_westylefashion_tull','en_US'),(195,'Magento_Catalog/js/product/storage/data-storage.min.js','frontend','Codazon/fastest_westylefashion_tull','en_US'),(196,'Magento_Catalog/js/product/query-builder.min.js','frontend','Codazon/fastest_westylefashion_tull','en_US'),(197,'Magento_Catalog/js/product/storage/ids-storage-compare.min.js','frontend','Codazon/fastest_westylefashion_tull','en_US'),(198,'Magento_Customer/js/invalidation-rules/website-rule.min.js','frontend','Codazon/fastest_westylefashion_tull','en_US'),(199,'Magento_Ui/js/form/adapter.min.js','frontend','Codazon/fastest_westylefashion_tull','en_US'),(200,'Magento_Ui/js/form/adapter/buttons.min.js','frontend','Codazon/fastest_westylefashion_tull','en_US'),(201,'Magento_Ui/js/model/messages.min.js','frontend','Codazon/fastest_westylefashion_tull','en_US'),(202,'Magento_Ui/js/view/messages.min.js','frontend','Codazon/fastest_westylefashion_tull','en_US'),(203,'MSP_ReCaptcha/js/ui-messages-mixin.min.js','frontend','Codazon/fastest_westylefashion_tull','en_US'),(204,'MSP_ReCaptcha/js/registry.min.js','frontend','Codazon/fastest_westylefashion_tull','en_US'),(205,'Magento_Ui/templates/modal/modal-popup.html','frontend','Codazon/fastest_westylefashion_tull','en_US'),(206,'Magento_Ui/templates/modal/modal-slide.html','frontend','Codazon/fastest_westylefashion_tull','en_US'),(207,'Magento_Ui/templates/modal/modal-custom.html','frontend','Codazon/fastest_westylefashion_tull','en_US'),(208,'Magento_Ui/templates/tooltip/tooltip.html','frontend','Codazon/fastest_westylefashion_tull','en_US'),(209,'js-translation.json','frontend','Codazon/fastest_westylefashion_tull','en_US'),(210,'Magento_Ui/templates/block-loader.html','frontend','Codazon/fastest_westylefashion_tull','en_US'),(211,'MageWorx_SearchSuiteAutocomplete/template/autocomplete.html','frontend','Codazon/fastest_westylefashion_tull','en_US'),(212,'Magento_Checkout/template/minicart/content.html','frontend','Codazon/fastest_westylefashion_tull','en_US'),(213,'Magento_Customer/template/authentication-popup.html','frontend','Codazon/fastest_westylefashion_tull','en_US'),(214,'Codazon_AjaxCartPro/template/ajaxcart/summary.html','frontend','Codazon/fastest_westylefashion_tull','en_US'),(215,'Magento_Ui/template/messages.html','frontend','Codazon/fastest_westylefashion_tull','en_US'),(216,'Magento_Captcha/template/checkout/captcha.html','frontend','Codazon/fastest_westylefashion_tull','en_US'),(217,'jquery.min.js','frontend','Codazon/fastest_westylefashion_tull','en_US'),(218,'jquery/jquery.mobile.custom.min.js','frontend','Codazon/fastest_westylefashion_tull','en_US'),(219,'mage/common.min.js','frontend','Codazon/fastest_westylefashion_tull','en_US'),(220,'requirejs/domReady.min.js','frontend','Codazon/fastest_westylefashion_tull','en_US'),(221,'mage/dataPost.min.js','frontend','Codazon/fastest_westylefashion_tull','en_US'),(222,'mage/template.min.js','frontend','Codazon/fastest_westylefashion_tull','en_US'),(223,'underscore.min.js','frontend','Codazon/fastest_westylefashion_tull','en_US'),(224,'Magento_Ui/js/modal/confirm.min.js','frontend','Codazon/fastest_westylefashion_tull','en_US'),(225,'mage/translate.min.js','frontend','Codazon/fastest_westylefashion_tull','en_US'),(226,'mage/mage.min.js','frontend','Codazon/fastest_westylefashion_tull','en_US'),(227,'mage/apply/main.min.js','frontend','Codazon/fastest_westylefashion_tull','en_US'),(228,'Magento_Translation/js/mage-translation-dictionary.min.js','frontend','Codazon/fastest_westylefashion_tull','en_US'),(229,'mage/requirejs/text.min.js','frontend','Codazon/fastest_westylefashion_tull','en_US'),(230,'jquery/ui-modules/widget.min.js','frontend','Codazon/fastest_westylefashion_tull','en_US'),(231,'Magento_Ui/js/modal/modal.min.js','frontend','Codazon/fastest_westylefashion_tull','en_US'),(232,'Magento_Ui/js/lib/key-codes.min.js','frontend','Codazon/fastest_westylefashion_tull','en_US'),(233,'mage/bootstrap.min.js','frontend','Codazon/fastest_westylefashion_tull','en_US'),(234,'Magento_Ui/js/lib/knockout/bootstrap.min.js','frontend','Codazon/fastest_westylefashion_tull','en_US'),(235,'knockoutjs/knockout.min.js','frontend','Codazon/fastest_westylefashion_tull','en_US'),(236,'knockoutjs/knockout-es5.min.js','frontend','Codazon/fastest_westylefashion_tull','en_US'),(237,'mage/translate-inline.min.js','frontend','Codazon/fastest_westylefashion_tull','en_US'),(238,'Magento_Theme/js/responsive.min.js','frontend','Codazon/fastest_westylefashion_tull','en_US'),(239,'mage/tabs.min.js','frontend','Codazon/fastest_westylefashion_tull','en_US'),(240,'jquery/ui-modules/core.min.js','frontend','Codazon/fastest_westylefashion_tull','en_US'),(241,'mage/collapsible.min.js','frontend','Codazon/fastest_westylefashion_tull','en_US'),(242,'Magento_Cookie/js/jquery.storageapi.extended.min.js','frontend','Codazon/fastest_westylefashion_tull','en_US'),(243,'jquery/jquery.cookie.min.js','frontend','Codazon/fastest_westylefashion_tull','en_US'),(244,'jquery/jquery.storageapi.min.js','frontend','Codazon/fastest_westylefashion_tull','en_US'),(245,'Magento_Theme/js/theme.min.js','frontend','Codazon/fastest_westylefashion_tull','en_US'),(246,'mage/smart-keyboard-handler.min.js','frontend','Codazon/fastest_westylefashion_tull','en_US'),(247,'mage/ie-class-fixer.min.js','frontend','Codazon/fastest_westylefashion_tull','en_US'),(248,'Magento_Theme/js/fastest.min.js','frontend','Codazon/fastest_westylefashion_tull','en_US'),(249,'jquery/ui-modules/tooltip.min.js','frontend','Codazon/fastest_westylefashion_tull','en_US'),(250,'jquery/ui-modules/position.min.js','frontend','Codazon/fastest_westylefashion_tull','en_US'),(251,'js/owlcarousel/owlslider.min.js','frontend','Codazon/fastest_westylefashion_tull','en_US'),(252,'mage/toggle.min.js','frontend','Codazon/fastest_westylefashion_tull','en_US'),(253,'jquery/jquery-migrate.min.js','frontend','Codazon/fastest_westylefashion_tull','en_US'),(254,'jquery/patches/jquery.min.js','frontend','Codazon/fastest_westylefashion_tull','en_US'),(255,'mage/apply/scripts.min.js','frontend','Codazon/fastest_westylefashion_tull','en_US'),(256,'Magento_Ui/js/lib/knockout/template/engine.min.js','frontend','Codazon/fastest_westylefashion_tull','en_US'),(257,'Magento_Ui/js/lib/knockout/bindings/bootstrap.min.js','frontend','Codazon/fastest_westylefashion_tull','en_US'),(258,'knockoutjs/knockout-repeat.min.js','frontend','Codazon/fastest_westylefashion_tull','en_US'),(259,'knockoutjs/knockout-fast-foreach.min.js','frontend','Codazon/fastest_westylefashion_tull','en_US'),(260,'Magento_Ui/js/lib/knockout/extender/observable_array.min.js','frontend','Codazon/fastest_westylefashion_tull','en_US'),(261,'Magento_Ui/js/lib/knockout/extender/bound-nodes.min.js','frontend','Codazon/fastest_westylefashion_tull','en_US'),(262,'mage/utils/wrapper.min.js','frontend','Codazon/fastest_westylefashion_tull','en_US'),(263,'Magento_Ui/js/lib/core/events.min.js','frontend','Codazon/fastest_westylefashion_tull','en_US'),(264,'es6-collections.min.js','frontend','Codazon/fastest_westylefashion_tull','en_US'),(265,'jquery/ui-modules/dialog.min.js','frontend','Codazon/fastest_westylefashion_tull','en_US'),(266,'jquery/ui-modules/button.min.js','frontend','Codazon/fastest_westylefashion_tull','en_US'),(267,'jquery/ui-modules/draggable.min.js','frontend','Codazon/fastest_westylefashion_tull','en_US'),(268,'jquery/ui-modules/mouse.min.js','frontend','Codazon/fastest_westylefashion_tull','en_US'),(269,'jquery/ui-modules/resizable.min.js','frontend','Codazon/fastest_westylefashion_tull','en_US'),(270,'jquery/patches/jquery-ui.min.js','frontend','Codazon/fastest_westylefashion_tull','en_US'),(271,'matchMedia.min.js','frontend','Codazon/fastest_westylefashion_tull','en_US'),(272,'js/owlcarousel/owl.carousel.min.js','frontend','Codazon/fastest_westylefashion_tull','en_US'),(273,'Magento_Ui/js/lib/knockout/template/observable_source.min.js','frontend','Codazon/fastest_westylefashion_tull','en_US'),(274,'Magento_Ui/js/lib/core/class.min.js','frontend','Codazon/fastest_westylefashion_tull','en_US'),(275,'mage/utils/main.min.js','frontend','Codazon/fastest_westylefashion_tull','en_US'),(276,'Magento_Ui/js/lib/knockout/template/renderer.min.js','frontend','Codazon/fastest_westylefashion_tull','en_US'),(277,'Magento_Ui/js/lib/logger/console-logger.min.js','frontend','Codazon/fastest_westylefashion_tull','en_US'),(278,'Magento_Ui/js/lib/core/storage/local.min.js','frontend','Codazon/fastest_westylefashion_tull','en_US'),(279,'Magento_Ui/js/lib/registry/registry.min.js','frontend','Codazon/fastest_westylefashion_tull','en_US'),(280,'Magento_Ui/js/lib/knockout/bindings/resizable.min.js','frontend','Codazon/fastest_westylefashion_tull','en_US'),(281,'Magento_Ui/js/lib/view/utils/async.min.js','frontend','Codazon/fastest_westylefashion_tull','en_US'),(282,'Magento_Ui/js/lib/knockout/bindings/i18n.min.js','frontend','Codazon/fastest_westylefashion_tull','en_US'),(283,'Magento_Ui/js/lib/knockout/bindings/scope.min.js','frontend','Codazon/fastest_westylefashion_tull','en_US'),(284,'Magento_Ui/js/lib/knockout/bindings/range.min.js','frontend','Codazon/fastest_westylefashion_tull','en_US'),(285,'jquery/ui-modules/slider.min.js','frontend','Codazon/fastest_westylefashion_tull','en_US'),(286,'Magento_Ui/js/lib/knockout/bindings/mage-init.min.js','frontend','Codazon/fastest_westylefashion_tull','en_US'),(287,'Magento_Ui/js/lib/knockout/bindings/keyboard.min.js','frontend','Codazon/fastest_westylefashion_tull','en_US'),(288,'Magento_Ui/js/lib/knockout/bindings/optgroup.min.js','frontend','Codazon/fastest_westylefashion_tull','en_US'),(289,'Magento_Ui/js/lib/knockout/bindings/after-render.min.js','frontend','Codazon/fastest_westylefashion_tull','en_US'),(290,'Magento_Ui/js/lib/knockout/bindings/autoselect.min.js','frontend','Codazon/fastest_westylefashion_tull','en_US'),(291,'Magento_Ui/js/lib/knockout/bindings/datepicker.min.js','frontend','Codazon/fastest_westylefashion_tull','en_US'),(292,'mage/calendar.min.js','frontend','Codazon/fastest_westylefashion_tull','en_US'),(293,'jquery/ui-modules/datepicker.min.js','frontend','Codazon/fastest_westylefashion_tull','en_US'),(294,'jquery/ui-modules/timepicker.min.js','frontend','Codazon/fastest_westylefashion_tull','en_US'),(295,'moment.min.js','frontend','Codazon/fastest_westylefashion_tull','en_US'),(296,'Magento_Ui/js/lib/knockout/bindings/outer_click.min.js','frontend','Codazon/fastest_westylefashion_tull','en_US'),(297,'Magento_Ui/js/lib/knockout/bindings/fadeVisible.min.js','frontend','Codazon/fastest_westylefashion_tull','en_US'),(298,'Magento_Ui/js/lib/knockout/bindings/collapsible.min.js','frontend','Codazon/fastest_westylefashion_tull','en_US'),(299,'Magento_Ui/js/lib/knockout/bindings/staticChecked.min.js','frontend','Codazon/fastest_westylefashion_tull','en_US'),(300,'Magento_Ui/js/lib/knockout/bindings/simple-checked.min.js','frontend','Codazon/fastest_westylefashion_tull','en_US'),(301,'Magento_Ui/js/lib/knockout/bindings/bind-html.min.js','frontend','Codazon/fastest_westylefashion_tull','en_US'),(302,'Magento_Ui/js/lib/knockout/bindings/tooltip.min.js','frontend','Codazon/fastest_westylefashion_tull','en_US'),(303,'Magento_Ui/js/lib/knockout/bindings/color-picker.min.js','frontend','Codazon/fastest_westylefashion_tull','en_US'),(304,'jquery/spectrum/spectrum.min.js','frontend','Codazon/fastest_westylefashion_tull','en_US'),(305,'jquery/spectrum/tinycolor.min.js','frontend','Codazon/fastest_westylefashion_tull','en_US'),(306,'Magento_Catalog/js/cdzZoom.min.js','frontend','Codazon/fastest_westylefashion_tull','en_US'),(307,'mage/utils/arrays.min.js','frontend','Codazon/fastest_westylefashion_tull','en_US'),(308,'mage/utils/compare.min.js','frontend','Codazon/fastest_westylefashion_tull','en_US'),(309,'mage/utils/objects.min.js','frontend','Codazon/fastest_westylefashion_tull','en_US'),(310,'mage/utils/misc.min.js','frontend','Codazon/fastest_westylefashion_tull','en_US'),(311,'FormData.min.js','frontend','Codazon/fastest_westylefashion_tull','en_US'),(312,'mage/utils/strings.min.js','frontend','Codazon/fastest_westylefashion_tull','en_US'),(313,'mage/utils/template.min.js','frontend','Codazon/fastest_westylefashion_tull','en_US'),(314,'Magento_Ui/js/lib/knockout/template/loader.min.js','frontend','Codazon/fastest_westylefashion_tull','en_US'),(315,'Magento_Ui/js/lib/logger/logger.min.js','frontend','Codazon/fastest_westylefashion_tull','en_US'),(316,'Magento_Ui/js/lib/logger/entry-factory.min.js','frontend','Codazon/fastest_westylefashion_tull','en_US'),(317,'Magento_Ui/js/lib/logger/console-output-handler.min.js','frontend','Codazon/fastest_westylefashion_tull','en_US'),(318,'Magento_Ui/js/lib/logger/formatter.min.js','frontend','Codazon/fastest_westylefashion_tull','en_US'),(319,'Magento_Ui/js/lib/logger/message-pool.min.js','frontend','Codazon/fastest_westylefashion_tull','en_US'),(320,'Magento_Ui/js/lib/logger/levels-pool.min.js','frontend','Codazon/fastest_westylefashion_tull','en_US'),(321,'Magento_Ui/js/lib/logger/logger-utils.min.js','frontend','Codazon/fastest_westylefashion_tull','en_US'),(322,'Magento_Ui/js/lib/view/utils/dom-observer.min.js','frontend','Codazon/fastest_westylefashion_tull','en_US'),(323,'Magento_Ui/js/lib/view/utils/bindings.min.js','frontend','Codazon/fastest_westylefashion_tull','en_US'),(324,'Magento_Catalog/product/view/validation.min.js','frontend','Codazon/fastest_westylefashion_tull','en_US'),(325,'mage/validation/validation.min.js','frontend','Codazon/fastest_westylefashion_tull','en_US'),(326,'mage/validation.min.js','frontend','Codazon/fastest_westylefashion_tull','en_US'),(327,'jquery/jquery.validate.min.js','frontend','Codazon/fastest_westylefashion_tull','en_US'),(328,'jquery/jquery.metadata.min.js','frontend','Codazon/fastest_westylefashion_tull','en_US'),(329,'Magento_Catalog/js/add-to-cart-loading.min.js','frontend','Codazon/fastest_westylefashion_tull','en_US'),(330,'Magento_Catalog/js/price-box.min.js','frontend','Codazon/fastest_westylefashion_tull','en_US'),(331,'Magento_Catalog/js/price-utils.min.js','frontend','Codazon/fastest_westylefashion_tull','en_US'),(332,'Magento_Ui/js/lib/logger/entry.min.js','frontend','Codazon/fastest_westylefashion_tull','en_US'),(333,'MutationObserver.min.js','frontend','Codazon/fastest_westylefashion_tull','en_US'),(334,'mage/loader.min.js','frontend','Codazon/fastest_westylefashion_tull','en_US'),(335,'Magento_Wishlist/js/add-to-wishlist.min.js','frontend','Codazon/fastest_westylefashion_tull','en_US'),(336,'Magento_PageCache/js/page-cache.min.js','frontend','Codazon/fastest_westylefashion_tull','en_US'),(337,'mage/cookies.min.js','frontend','Codazon/fastest_westylefashion_tull','en_US'),(338,'Magento_Cookie/js/require-cookie.min.js','frontend','Codazon/fastest_westylefashion_tull','en_US'),(339,'Magento_Ui/js/modal/alert.min.js','frontend','Codazon/fastest_westylefashion_tull','en_US'),(340,'Magento_Ui/js/core/app.min.js','frontend','Codazon/fastest_westylefashion_tull','en_US'),(341,'mage/dropdown.min.js','frontend','Codazon/fastest_westylefashion_tull','en_US'),(342,'Magento_Search/js/form-mini.min.js','frontend','Codazon/fastest_westylefashion_tull','en_US'),(343,'Codazon_ThemeOptions/js/category-search.min.js','frontend','Codazon/fastest_westylefashion_tull','en_US'),(344,'magnifier/magnify.min.js','frontend','Codazon/fastest_westylefashion_tull','en_US'),(345,'Magento_ProductVideo/js/fotorama-add-video-events.min.js','frontend','Codazon/fastest_westylefashion_tull','en_US'),(346,'Magento_Catalog/js/gallery.min.js','frontend','Codazon/fastest_westylefashion_tull','en_US'),(347,'Magento_ProductVideo/js/load-player.min.js','frontend','Codazon/fastest_westylefashion_tull','en_US'),(348,'Magento_Review/js/error-placement.min.js','frontend','Codazon/fastest_westylefashion_tull','en_US'),(349,'Magento_Review/js/validate-review.min.js','frontend','Codazon/fastest_westylefashion_tull','en_US'),(350,'Magento_Review/js/submit-review.min.js','frontend','Codazon/fastest_westylefashion_tull','en_US'),(351,'mage/trim-input.min.js','frontend','Codazon/fastest_westylefashion_tull','en_US'),(352,'Magento_Theme/js/fastest_fashion.min.js','frontend','Codazon/fastest_westylefashion_tull','en_US'),(353,'jquery/compat.min.js','frontend','Codazon/fastest_westylefashion_tull','en_US'),(354,'jquery/ui-modules/accordion.min.js','frontend','Codazon/fastest_westylefashion_tull','en_US'),(355,'jquery/ui-modules/autocomplete.min.js','frontend','Codazon/fastest_westylefashion_tull','en_US'),(356,'jquery/ui-modules/menu.min.js','frontend','Codazon/fastest_westylefashion_tull','en_US'),(357,'jquery/ui-modules/droppable.min.js','frontend','Codazon/fastest_westylefashion_tull','en_US'),(358,'jquery/ui-modules/effect-blind.min.js','frontend','Codazon/fastest_westylefashion_tull','en_US'),(359,'jquery/ui-modules/effect.min.js','frontend','Codazon/fastest_westylefashion_tull','en_US'),(360,'jquery/ui-modules/effect-bounce.min.js','frontend','Codazon/fastest_westylefashion_tull','en_US'),(361,'jquery/ui-modules/effect-clip.min.js','frontend','Codazon/fastest_westylefashion_tull','en_US'),(362,'jquery/ui-modules/effect-drop.min.js','frontend','Codazon/fastest_westylefashion_tull','en_US'),(363,'jquery/ui-modules/effect-explode.min.js','frontend','Codazon/fastest_westylefashion_tull','en_US'),(364,'jquery/ui-modules/effect-fade.min.js','frontend','Codazon/fastest_westylefashion_tull','en_US'),(365,'jquery/ui-modules/effect-fold.min.js','frontend','Codazon/fastest_westylefashion_tull','en_US'),(366,'jquery/ui-modules/effect-highlight.min.js','frontend','Codazon/fastest_westylefashion_tull','en_US'),(367,'jquery/ui-modules/effect-scale.min.js','frontend','Codazon/fastest_westylefashion_tull','en_US'),(368,'jquery/ui-modules/effect-pulsate.min.js','frontend','Codazon/fastest_westylefashion_tull','en_US'),(369,'jquery/ui-modules/effect-shake.min.js','frontend','Codazon/fastest_westylefashion_tull','en_US'),(370,'jquery/ui-modules/effect-slide.min.js','frontend','Codazon/fastest_westylefashion_tull','en_US'),(371,'jquery/ui-modules/effect-transfer.min.js','frontend','Codazon/fastest_westylefashion_tull','en_US'),(372,'jquery/ui-modules/progressbar.min.js','frontend','Codazon/fastest_westylefashion_tull','en_US'),(373,'jquery/ui-modules/selectable.min.js','frontend','Codazon/fastest_westylefashion_tull','en_US'),(374,'jquery/ui-modules/sortable.min.js','frontend','Codazon/fastest_westylefashion_tull','en_US'),(375,'jquery/ui-modules/spinner.min.js','frontend','Codazon/fastest_westylefashion_tull','en_US'),(376,'jquery/ui-modules/tabs.min.js','frontend','Codazon/fastest_westylefashion_tull','en_US'),(377,'js/menu/cdz_menu.min.js','frontend','Codazon/fastest_westylefashion_tull','en_US'),(378,'Magento_Ui/js/block-loader.min.js','frontend','Codazon/fastest_westylefashion_tull','en_US'),(379,'Magento_Review/js/process-reviews.min.js','frontend','Codazon/fastest_westylefashion_tull','en_US'),(380,'Magento_Customer/js/section-config.min.js','frontend','Codazon/fastest_westylefashion_tull','en_US'),(381,'Magento_Customer/js/invalidation-processor.min.js','frontend','Codazon/fastest_westylefashion_tull','en_US'),(382,'Magento_Ui/js/lib/core/element/element.min.js','frontend','Codazon/fastest_westylefashion_tull','en_US'),(383,'Magento_Catalog/js/product/view/provider.min.js','frontend','Codazon/fastest_westylefashion_tull','en_US'),(384,'Magento_Catalog/js/product/storage/storage-service.min.js','frontend','Codazon/fastest_westylefashion_tull','en_US'),(385,'Magento_Catalog/js/product/storage/ids-storage.min.js','frontend','Codazon/fastest_westylefashion_tull','en_US'),(386,'Magento_Catalog/js/product/storage/data-storage.min.js','frontend','Codazon/fastest_westylefashion_tull','en_US'),(387,'Magento_Catalog/js/product/query-builder.min.js','frontend','Codazon/fastest_westylefashion_tull','en_US'),(388,'Magento_Catalog/js/product/storage/ids-storage-compare.min.js','frontend','Codazon/fastest_westylefashion_tull','en_US'),(389,'Magento_Ui/js/core/renderer/types.min.js','frontend','Codazon/fastest_westylefashion_tull','en_US'),(390,'Magento_Ui/js/core/renderer/layout.min.js','frontend','Codazon/fastest_westylefashion_tull','en_US'),(391,'Codazon_MegaMenu/js/menu.min.js','frontend','Codazon/fastest_westylefashion_tull','en_US'),(392,'Magento_Theme/js/view/breadcrumbs.min.js','frontend','Codazon/fastest_westylefashion_tull','en_US'),(393,'Magento_Theme/js/model/breadcrumb-list.min.js','frontend','Codazon/fastest_westylefashion_tull','en_US'),(394,'Magento_Theme/js/view/add-home-breadcrumb.min.js','frontend','Codazon/fastest_westylefashion_tull','en_US'),(395,'Magento_Catalog/js/product/breadcrumbs.min.js','frontend','Codazon/fastest_westylefashion_tull','en_US'),(396,'magnifier/magnifier.min.js','frontend','Codazon/fastest_westylefashion_tull','en_US'),(397,'Magento_Customer/js/customer-data.min.js','frontend','Codazon/fastest_westylefashion_tull','en_US'),(398,'mage/url.min.js','frontend','Codazon/fastest_westylefashion_tull','en_US'),(399,'mage/storage.min.js','frontend','Codazon/fastest_westylefashion_tull','en_US'),(400,'Magento_Persistent/js/view/customer-data-mixin.min.js','frontend','Codazon/fastest_westylefashion_tull','en_US'),(401,'Magento_Ui/js/lib/core/element/links.min.js','frontend','Codazon/fastest_westylefashion_tull','en_US'),(402,'Magento_Catalog/js/view/compare-products.min.js','frontend','Codazon/fastest_westylefashion_tull','en_US'),(403,'Magento_Ui/js/lib/core/collection.min.js','frontend','Codazon/fastest_westylefashion_tull','en_US'),(404,'mage/decorate.min.js','frontend','Codazon/fastest_westylefashion_tull','en_US'),(405,'Magento_Checkout/js/view/minicart.min.js','frontend','Codazon/fastest_westylefashion_tull','en_US'),(406,'Magento_Checkout/js/sidebar.min.js','frontend','Codazon/fastest_westylefashion_tull','en_US'),(407,'Magento_Customer/js/model/authentication-popup.min.js','frontend','Codazon/fastest_westylefashion_tull','en_US'),(408,'Magento_Tax/js/view/checkout/minicart/subtotal/totals.min.js','frontend','Codazon/fastest_westylefashion_tull','en_US'),(409,'Magento_Msrp/js/view/checkout/minicart/subtotal/totals.min.js','frontend','Codazon/fastest_westylefashion_tull','en_US'),(410,'Magento_Catalog/js/view/image.min.js','frontend','Codazon/fastest_westylefashion_tull','en_US'),(411,'Magento_InstantPurchase/js/view/instant-purchase.min.js','frontend','Codazon/fastest_westylefashion_tull','en_US'),(412,'Magento_Review/js/view/review.min.js','frontend','Codazon/fastest_westylefashion_tull','en_US'),(413,'Magento_Customer/js/view/customer.min.js','frontend','Codazon/fastest_westylefashion_tull','en_US'),(414,'Magento_Customer/js/view/authentication-popup.min.js','frontend','Codazon/fastest_westylefashion_tull','en_US'),(415,'Magento_Ui/js/form/form.min.js','frontend','Codazon/fastest_westylefashion_tull','en_US'),(416,'Magento_Ui/js/lib/spinner.min.js','frontend','Codazon/fastest_westylefashion_tull','en_US'),(417,'mage/requirejs/resolver.min.js','frontend','Codazon/fastest_westylefashion_tull','en_US'),(418,'Magento_Customer/js/action/login.min.js','frontend','Codazon/fastest_westylefashion_tull','en_US'),(419,'Magento_Ui/js/model/messageList.min.js','frontend','Codazon/fastest_westylefashion_tull','en_US'),(420,'Magento_Captcha/js/view/checkout/loginCaptcha.min.js','frontend','Codazon/fastest_westylefashion_tull','en_US'),(421,'Magento_Captcha/js/view/checkout/defaultCaptcha.min.js','frontend','Codazon/fastest_westylefashion_tull','en_US'),(422,'Magento_Captcha/js/model/captcha.min.js','frontend','Codazon/fastest_westylefashion_tull','en_US'),(423,'Magento_Captcha/js/action/refresh.min.js','frontend','Codazon/fastest_westylefashion_tull','en_US'),(424,'Magento_Captcha/js/model/captchaList.min.js','frontend','Codazon/fastest_westylefashion_tull','en_US'),(425,'Codazon_AjaxCartPro/js/ajaxcart.min.js','frontend','Codazon/fastest_westylefashion_tull','en_US'),(426,'Codazon_AjaxCartPro/js/sidebar.min.js','frontend','Codazon/fastest_westylefashion_tull','en_US'),(427,'Magento_Wishlist/js/view/wishlist.min.js','frontend','Codazon/fastest_westylefashion_tull','en_US'),(428,'MageWorx_SearchSuiteAutocomplete/js/autocomplete.min.js','frontend','Codazon/fastest_westylefashion_tull','en_US'),(429,'MageWorx_SearchSuiteAutocomplete/js/bindEvents.min.js','frontend','Codazon/fastest_westylefashion_tull','en_US'),(430,'MageWorx_SearchSuiteAutocomplete/js/dataProvider.min.js','frontend','Codazon/fastest_westylefashion_tull','en_US'),(431,'Magento_Theme/js/view/messages.min.js','frontend','Codazon/fastest_westylefashion_tull','en_US'),(432,'Magento_Security/js/escaper.min.js','frontend','Codazon/fastest_westylefashion_tull','en_US'),(433,'Magento_Catalog/js/storage-manager.min.js','frontend','Codazon/fastest_westylefashion_tull','en_US'),(434,'mage/gallery/gallery.min.js','frontend','Codazon/fastest_westylefashion_tull','en_US'),(435,'fotorama/fotorama.min.js','frontend','Codazon/fastest_westylefashion_tull','en_US'),(436,'Magento_Customer/js/invalidation-rules/website-rule.min.js','frontend','Codazon/fastest_westylefashion_tull','en_US'),(437,'Magento_Ui/js/form/adapter.min.js','frontend','Codazon/fastest_westylefashion_tull','en_US'),(438,'Magento_Ui/js/form/adapter/buttons.min.js','frontend','Codazon/fastest_westylefashion_tull','en_US'),(439,'Magento_Ui/js/model/messages.min.js','frontend','Codazon/fastest_westylefashion_tull','en_US'),(440,'Magento_Ui/js/view/messages.min.js','frontend','Codazon/fastest_westylefashion_tull','en_US'),(441,'MSP_ReCaptcha/js/ui-messages-mixin.min.js','frontend','Codazon/fastest_westylefashion_tull','en_US'),(442,'MSP_ReCaptcha/js/registry.min.js','frontend','Codazon/fastest_westylefashion_tull','en_US'),(443,'Magento_Ui/templates/modal/modal-popup.html','frontend','Codazon/fastest_westylefashion_tull','en_US'),(444,'Magento_Ui/templates/modal/modal-slide.html','frontend','Codazon/fastest_westylefashion_tull','en_US'),(445,'Magento_Ui/templates/modal/modal-custom.html','frontend','Codazon/fastest_westylefashion_tull','en_US'),(446,'Magento_Ui/templates/tooltip/tooltip.html','frontend','Codazon/fastest_westylefashion_tull','en_US'),(447,'js-translation.json','frontend','Codazon/fastest_westylefashion_tull','en_US'),(448,'Magento_Theme/templates/breadcrumbs.html','frontend','Codazon/fastest_westylefashion_tull','en_US'),(449,'Magento_Ui/templates/block-loader.html','frontend','Codazon/fastest_westylefashion_tull','en_US'),(450,'Magento_InstantPurchase/template/confirmation.html','frontend','Codazon/fastest_westylefashion_tull','en_US'),(451,'mage/gallery/gallery.html','frontend','Codazon/fastest_westylefashion_tull','en_US'),(452,'MageWorx_SearchSuiteAutocomplete/template/autocomplete.html','frontend','Codazon/fastest_westylefashion_tull','en_US'),(453,'Magento_Checkout/template/minicart/content.html','frontend','Codazon/fastest_westylefashion_tull','en_US'),(454,'Magento_InstantPurchase/template/instant-purchase.html','frontend','Codazon/fastest_westylefashion_tull','en_US'),(455,'Codazon_AjaxCartPro/template/ajaxcart/summary.html','frontend','Codazon/fastest_westylefashion_tull','en_US'),(456,'Magento_Customer/template/authentication-popup.html','frontend','Codazon/fastest_westylefashion_tull','en_US'),(457,'Magento_Ui/template/messages.html','frontend','Codazon/fastest_westylefashion_tull','en_US'),(458,'Magento_Captcha/template/checkout/captcha.html','frontend','Codazon/fastest_westylefashion_tull','en_US'),(459,'jquery.min.js','frontend','Codazon/fastest_westylefashion_tull','en_US'),(460,'jquery/jquery.mobile.custom.min.js','frontend','Codazon/fastest_westylefashion_tull','en_US'),(461,'mage/common.min.js','frontend','Codazon/fastest_westylefashion_tull','en_US'),(462,'requirejs/domReady.min.js','frontend','Codazon/fastest_westylefashion_tull','en_US'),(463,'mage/dataPost.min.js','frontend','Codazon/fastest_westylefashion_tull','en_US'),(464,'mage/template.min.js','frontend','Codazon/fastest_westylefashion_tull','en_US'),(465,'underscore.min.js','frontend','Codazon/fastest_westylefashion_tull','en_US'),(466,'Magento_Ui/js/modal/confirm.min.js','frontend','Codazon/fastest_westylefashion_tull','en_US'),(467,'mage/translate.min.js','frontend','Codazon/fastest_westylefashion_tull','en_US'),(468,'mage/mage.min.js','frontend','Codazon/fastest_westylefashion_tull','en_US'),(469,'mage/apply/main.min.js','frontend','Codazon/fastest_westylefashion_tull','en_US'),(470,'Magento_Translation/js/mage-translation-dictionary.min.js','frontend','Codazon/fastest_westylefashion_tull','en_US'),(471,'mage/requirejs/text.min.js','frontend','Codazon/fastest_westylefashion_tull','en_US'),(472,'jquery/ui-modules/widget.min.js','frontend','Codazon/fastest_westylefashion_tull','en_US'),(473,'Magento_Ui/js/modal/modal.min.js','frontend','Codazon/fastest_westylefashion_tull','en_US'),(474,'Magento_Ui/js/lib/key-codes.min.js','frontend','Codazon/fastest_westylefashion_tull','en_US'),(475,'mage/bootstrap.min.js','frontend','Codazon/fastest_westylefashion_tull','en_US'),(476,'Magento_Ui/js/lib/knockout/bootstrap.min.js','frontend','Codazon/fastest_westylefashion_tull','en_US'),(477,'knockoutjs/knockout.min.js','frontend','Codazon/fastest_westylefashion_tull','en_US'),(478,'knockoutjs/knockout-es5.min.js','frontend','Codazon/fastest_westylefashion_tull','en_US'),(479,'mage/translate-inline.min.js','frontend','Codazon/fastest_westylefashion_tull','en_US'),(480,'Magento_Theme/js/responsive.min.js','frontend','Codazon/fastest_westylefashion_tull','en_US'),(481,'mage/tabs.min.js','frontend','Codazon/fastest_westylefashion_tull','en_US'),(482,'jquery/ui-modules/core.min.js','frontend','Codazon/fastest_westylefashion_tull','en_US'),(483,'mage/collapsible.min.js','frontend','Codazon/fastest_westylefashion_tull','en_US'),(484,'Magento_Cookie/js/jquery.storageapi.extended.min.js','frontend','Codazon/fastest_westylefashion_tull','en_US'),(485,'jquery/jquery.cookie.min.js','frontend','Codazon/fastest_westylefashion_tull','en_US'),(486,'jquery/jquery.storageapi.min.js','frontend','Codazon/fastest_westylefashion_tull','en_US'),(487,'Magento_Theme/js/theme.min.js','frontend','Codazon/fastest_westylefashion_tull','en_US'),(488,'mage/smart-keyboard-handler.min.js','frontend','Codazon/fastest_westylefashion_tull','en_US'),(489,'mage/ie-class-fixer.min.js','frontend','Codazon/fastest_westylefashion_tull','en_US'),(490,'Magento_Theme/js/fastest.min.js','frontend','Codazon/fastest_westylefashion_tull','en_US'),(491,'jquery/ui-modules/tooltip.min.js','frontend','Codazon/fastest_westylefashion_tull','en_US'),(492,'jquery/ui-modules/position.min.js','frontend','Codazon/fastest_westylefashion_tull','en_US'),(493,'js/owlcarousel/owlslider.min.js','frontend','Codazon/fastest_westylefashion_tull','en_US'),(494,'mage/toggle.min.js','frontend','Codazon/fastest_westylefashion_tull','en_US'),(495,'jquery/jquery-migrate.min.js','frontend','Codazon/fastest_westylefashion_tull','en_US'),(496,'jquery/patches/jquery.min.js','frontend','Codazon/fastest_westylefashion_tull','en_US'),(497,'mage/apply/scripts.min.js','frontend','Codazon/fastest_westylefashion_tull','en_US'),(498,'Magento_Ui/js/lib/knockout/template/engine.min.js','frontend','Codazon/fastest_westylefashion_tull','en_US'),(499,'Magento_Ui/js/lib/knockout/bindings/bootstrap.min.js','frontend','Codazon/fastest_westylefashion_tull','en_US'),(500,'knockoutjs/knockout-repeat.min.js','frontend','Codazon/fastest_westylefashion_tull','en_US'),(501,'knockoutjs/knockout-fast-foreach.min.js','frontend','Codazon/fastest_westylefashion_tull','en_US'),(502,'Magento_Ui/js/lib/knockout/extender/observable_array.min.js','frontend','Codazon/fastest_westylefashion_tull','en_US'),(503,'Magento_Ui/js/lib/knockout/extender/bound-nodes.min.js','frontend','Codazon/fastest_westylefashion_tull','en_US'),(504,'mage/utils/wrapper.min.js','frontend','Codazon/fastest_westylefashion_tull','en_US'),(505,'Magento_Ui/js/lib/core/events.min.js','frontend','Codazon/fastest_westylefashion_tull','en_US'),(506,'es6-collections.min.js','frontend','Codazon/fastest_westylefashion_tull','en_US'),(507,'jquery/ui-modules/dialog.min.js','frontend','Codazon/fastest_westylefashion_tull','en_US'),(508,'jquery/ui-modules/button.min.js','frontend','Codazon/fastest_westylefashion_tull','en_US'),(509,'jquery/ui-modules/draggable.min.js','frontend','Codazon/fastest_westylefashion_tull','en_US'),(510,'jquery/ui-modules/mouse.min.js','frontend','Codazon/fastest_westylefashion_tull','en_US'),(511,'jquery/ui-modules/resizable.min.js','frontend','Codazon/fastest_westylefashion_tull','en_US'),(512,'jquery/patches/jquery-ui.min.js','frontend','Codazon/fastest_westylefashion_tull','en_US'),(513,'matchMedia.min.js','frontend','Codazon/fastest_westylefashion_tull','en_US'),(514,'js/owlcarousel/owl.carousel.min.js','frontend','Codazon/fastest_westylefashion_tull','en_US'),(515,'Magento_Ui/js/lib/knockout/template/observable_source.min.js','frontend','Codazon/fastest_westylefashion_tull','en_US'),(516,'Magento_Ui/js/lib/core/class.min.js','frontend','Codazon/fastest_westylefashion_tull','en_US'),(517,'mage/utils/main.min.js','frontend','Codazon/fastest_westylefashion_tull','en_US'),(518,'Magento_Ui/js/lib/knockout/template/renderer.min.js','frontend','Codazon/fastest_westylefashion_tull','en_US'),(519,'Magento_Ui/js/lib/logger/console-logger.min.js','frontend','Codazon/fastest_westylefashion_tull','en_US'),(520,'Magento_Ui/js/lib/core/storage/local.min.js','frontend','Codazon/fastest_westylefashion_tull','en_US'),(521,'Magento_Ui/js/lib/registry/registry.min.js','frontend','Codazon/fastest_westylefashion_tull','en_US'),(522,'Magento_Ui/js/lib/knockout/bindings/resizable.min.js','frontend','Codazon/fastest_westylefashion_tull','en_US'),(523,'Magento_Ui/js/lib/view/utils/async.min.js','frontend','Codazon/fastest_westylefashion_tull','en_US'),(524,'Magento_Ui/js/lib/knockout/bindings/i18n.min.js','frontend','Codazon/fastest_westylefashion_tull','en_US'),(525,'Magento_Ui/js/lib/knockout/bindings/scope.min.js','frontend','Codazon/fastest_westylefashion_tull','en_US'),(526,'Magento_Ui/js/lib/knockout/bindings/range.min.js','frontend','Codazon/fastest_westylefashion_tull','en_US'),(527,'jquery/ui-modules/slider.min.js','frontend','Codazon/fastest_westylefashion_tull','en_US'),(528,'Magento_Ui/js/lib/knockout/bindings/mage-init.min.js','frontend','Codazon/fastest_westylefashion_tull','en_US'),(529,'Magento_Ui/js/lib/knockout/bindings/keyboard.min.js','frontend','Codazon/fastest_westylefashion_tull','en_US'),(530,'Magento_Ui/js/lib/knockout/bindings/optgroup.min.js','frontend','Codazon/fastest_westylefashion_tull','en_US'),(531,'Magento_Ui/js/lib/knockout/bindings/after-render.min.js','frontend','Codazon/fastest_westylefashion_tull','en_US'),(532,'Magento_Ui/js/lib/knockout/bindings/autoselect.min.js','frontend','Codazon/fastest_westylefashion_tull','en_US'),(533,'Magento_Ui/js/lib/knockout/bindings/datepicker.min.js','frontend','Codazon/fastest_westylefashion_tull','en_US'),(534,'mage/calendar.min.js','frontend','Codazon/fastest_westylefashion_tull','en_US'),(535,'jquery/ui-modules/datepicker.min.js','frontend','Codazon/fastest_westylefashion_tull','en_US'),(536,'jquery/ui-modules/timepicker.min.js','frontend','Codazon/fastest_westylefashion_tull','en_US'),(537,'moment.min.js','frontend','Codazon/fastest_westylefashion_tull','en_US'),(538,'Magento_Ui/js/lib/knockout/bindings/outer_click.min.js','frontend','Codazon/fastest_westylefashion_tull','en_US'),(539,'Magento_Ui/js/lib/knockout/bindings/fadeVisible.min.js','frontend','Codazon/fastest_westylefashion_tull','en_US'),(540,'Magento_Ui/js/lib/knockout/bindings/collapsible.min.js','frontend','Codazon/fastest_westylefashion_tull','en_US'),(541,'Magento_Ui/js/lib/knockout/bindings/staticChecked.min.js','frontend','Codazon/fastest_westylefashion_tull','en_US'),(542,'Magento_Ui/js/lib/knockout/bindings/simple-checked.min.js','frontend','Codazon/fastest_westylefashion_tull','en_US'),(543,'Magento_Ui/js/lib/knockout/bindings/bind-html.min.js','frontend','Codazon/fastest_westylefashion_tull','en_US'),(544,'Magento_Ui/js/lib/knockout/bindings/tooltip.min.js','frontend','Codazon/fastest_westylefashion_tull','en_US'),(545,'Magento_Ui/js/lib/knockout/bindings/color-picker.min.js','frontend','Codazon/fastest_westylefashion_tull','en_US'),(546,'jquery/spectrum/spectrum.min.js','frontend','Codazon/fastest_westylefashion_tull','en_US'),(547,'jquery/spectrum/tinycolor.min.js','frontend','Codazon/fastest_westylefashion_tull','en_US'),(548,'mage/utils/arrays.min.js','frontend','Codazon/fastest_westylefashion_tull','en_US'),(549,'mage/utils/compare.min.js','frontend','Codazon/fastest_westylefashion_tull','en_US'),(550,'mage/utils/objects.min.js','frontend','Codazon/fastest_westylefashion_tull','en_US'),(551,'mage/utils/misc.min.js','frontend','Codazon/fastest_westylefashion_tull','en_US'),(552,'FormData.min.js','frontend','Codazon/fastest_westylefashion_tull','en_US'),(553,'mage/utils/strings.min.js','frontend','Codazon/fastest_westylefashion_tull','en_US'),(554,'mage/utils/template.min.js','frontend','Codazon/fastest_westylefashion_tull','en_US'),(555,'Magento_Ui/js/lib/knockout/template/loader.min.js','frontend','Codazon/fastest_westylefashion_tull','en_US'),(556,'Magento_Ui/js/lib/logger/logger.min.js','frontend','Codazon/fastest_westylefashion_tull','en_US'),(557,'Magento_Ui/js/lib/logger/entry-factory.min.js','frontend','Codazon/fastest_westylefashion_tull','en_US'),(558,'Magento_Ui/js/lib/logger/console-output-handler.min.js','frontend','Codazon/fastest_westylefashion_tull','en_US'),(559,'Magento_Ui/js/lib/logger/formatter.min.js','frontend','Codazon/fastest_westylefashion_tull','en_US'),(560,'Magento_Ui/js/lib/logger/message-pool.min.js','frontend','Codazon/fastest_westylefashion_tull','en_US'),(561,'Magento_Ui/js/lib/logger/levels-pool.min.js','frontend','Codazon/fastest_westylefashion_tull','en_US'),(562,'Magento_Ui/js/lib/logger/logger-utils.min.js','frontend','Codazon/fastest_westylefashion_tull','en_US'),(563,'Magento_Ui/js/lib/view/utils/dom-observer.min.js','frontend','Codazon/fastest_westylefashion_tull','en_US'),(564,'Magento_Ui/js/lib/view/utils/bindings.min.js','frontend','Codazon/fastest_westylefashion_tull','en_US'),(565,'Magento_Ui/js/lib/logger/entry.min.js','frontend','Codazon/fastest_westylefashion_tull','en_US'),(566,'MutationObserver.min.js','frontend','Codazon/fastest_westylefashion_tull','en_US'),(567,'Codazon_ThemeOptions/js/is-mobile.min.js','frontend','Codazon/fastest_westylefashion_tull','en_US'),(568,'mage/loader.min.js','frontend','Codazon/fastest_westylefashion_tull','en_US'),(569,'Magento_PageCache/js/page-cache.min.js','frontend','Codazon/fastest_westylefashion_tull','en_US'),(570,'mage/cookies.min.js','frontend','Codazon/fastest_westylefashion_tull','en_US'),(571,'Magento_Wishlist/js/add-to-wishlist.min.js','frontend','Codazon/fastest_westylefashion_tull','en_US'),(572,'Magento_Cookie/js/require-cookie.min.js','frontend','Codazon/fastest_westylefashion_tull','en_US'),(573,'Magento_Ui/js/modal/alert.min.js','frontend','Codazon/fastest_westylefashion_tull','en_US'),(574,'Magento_Ui/js/core/app.min.js','frontend','Codazon/fastest_westylefashion_tull','en_US'),(575,'mage/dropdown.min.js','frontend','Codazon/fastest_westylefashion_tull','en_US'),(576,'mage/validation/validation.min.js','frontend','Codazon/fastest_westylefashion_tull','en_US'),(577,'mage/validation.min.js','frontend','Codazon/fastest_westylefashion_tull','en_US'),(578,'jquery/jquery.validate.min.js','frontend','Codazon/fastest_westylefashion_tull','en_US'),(579,'jquery/jquery.metadata.min.js','frontend','Codazon/fastest_westylefashion_tull','en_US'),(580,'Magento_Search/js/form-mini.min.js','frontend','Codazon/fastest_westylefashion_tull','en_US'),(581,'Codazon_ThemeOptions/js/category-search.min.js','frontend','Codazon/fastest_westylefashion_tull','en_US'),(582,'Magento_Catalog/js/product/list/toolbar.min.js','frontend','Codazon/fastest_westylefashion_tull','en_US'),(583,'mage/trim-input.min.js','frontend','Codazon/fastest_westylefashion_tull','en_US'),(584,'Magento_Theme/js/fastest_fashion.min.js','frontend','Codazon/fastest_westylefashion_tull','en_US'),(585,'jquery/compat.min.js','frontend','Codazon/fastest_westylefashion_tull','en_US'),(586,'jquery/ui-modules/accordion.min.js','frontend','Codazon/fastest_westylefashion_tull','en_US'),(587,'jquery/ui-modules/autocomplete.min.js','frontend','Codazon/fastest_westylefashion_tull','en_US'),(588,'jquery/ui-modules/menu.min.js','frontend','Codazon/fastest_westylefashion_tull','en_US'),(589,'jquery/ui-modules/droppable.min.js','frontend','Codazon/fastest_westylefashion_tull','en_US'),(590,'jquery/ui-modules/effect-blind.min.js','frontend','Codazon/fastest_westylefashion_tull','en_US'),(591,'jquery/ui-modules/effect.min.js','frontend','Codazon/fastest_westylefashion_tull','en_US'),(592,'jquery/ui-modules/effect-bounce.min.js','frontend','Codazon/fastest_westylefashion_tull','en_US'),(593,'jquery/ui-modules/effect-clip.min.js','frontend','Codazon/fastest_westylefashion_tull','en_US'),(594,'jquery/ui-modules/effect-drop.min.js','frontend','Codazon/fastest_westylefashion_tull','en_US'),(595,'jquery/ui-modules/effect-explode.min.js','frontend','Codazon/fastest_westylefashion_tull','en_US'),(596,'jquery/ui-modules/effect-fade.min.js','frontend','Codazon/fastest_westylefashion_tull','en_US'),(597,'jquery/ui-modules/effect-fold.min.js','frontend','Codazon/fastest_westylefashion_tull','en_US'),(598,'jquery/ui-modules/effect-highlight.min.js','frontend','Codazon/fastest_westylefashion_tull','en_US'),(599,'jquery/ui-modules/effect-scale.min.js','frontend','Codazon/fastest_westylefashion_tull','en_US'),(600,'jquery/ui-modules/effect-pulsate.min.js','frontend','Codazon/fastest_westylefashion_tull','en_US'),(601,'jquery/ui-modules/effect-shake.min.js','frontend','Codazon/fastest_westylefashion_tull','en_US'),(602,'jquery/ui-modules/effect-slide.min.js','frontend','Codazon/fastest_westylefashion_tull','en_US'),(603,'jquery/ui-modules/effect-transfer.min.js','frontend','Codazon/fastest_westylefashion_tull','en_US'),(604,'jquery/ui-modules/progressbar.min.js','frontend','Codazon/fastest_westylefashion_tull','en_US'),(605,'jquery/ui-modules/selectable.min.js','frontend','Codazon/fastest_westylefashion_tull','en_US'),(606,'jquery/ui-modules/sortable.min.js','frontend','Codazon/fastest_westylefashion_tull','en_US'),(607,'jquery/ui-modules/spinner.min.js','frontend','Codazon/fastest_westylefashion_tull','en_US'),(608,'jquery/ui-modules/tabs.min.js','frontend','Codazon/fastest_westylefashion_tull','en_US'),(609,'js/menu/cdz_menu.min.js','frontend','Codazon/fastest_westylefashion_tull','en_US'),(610,'Magento_Ui/js/block-loader.min.js','frontend','Codazon/fastest_westylefashion_tull','en_US'),(611,'Magento_Customer/js/section-config.min.js','frontend','Codazon/fastest_westylefashion_tull','en_US'),(612,'Magento_Customer/js/invalidation-processor.min.js','frontend','Codazon/fastest_westylefashion_tull','en_US'),(613,'Magento_Ui/js/lib/core/element/element.min.js','frontend','Codazon/fastest_westylefashion_tull','en_US'),(614,'Magento_Ui/js/core/renderer/types.min.js','frontend','Codazon/fastest_westylefashion_tull','en_US'),(615,'Magento_Ui/js/core/renderer/layout.min.js','frontend','Codazon/fastest_westylefashion_tull','en_US'),(616,'Codazon_MegaMenu/js/menu.min.js','frontend','Codazon/fastest_westylefashion_tull','en_US'),(617,'Magento_Customer/js/customer-data.min.js','frontend','Codazon/fastest_westylefashion_tull','en_US'),(618,'mage/url.min.js','frontend','Codazon/fastest_westylefashion_tull','en_US'),(619,'mage/storage.min.js','frontend','Codazon/fastest_westylefashion_tull','en_US'),(620,'Magento_Persistent/js/view/customer-data-mixin.min.js','frontend','Codazon/fastest_westylefashion_tull','en_US'),(621,'Magento_Ui/js/lib/core/element/links.min.js','frontend','Codazon/fastest_westylefashion_tull','en_US'),(622,'Magento_Catalog/js/view/compare-products.min.js','frontend','Codazon/fastest_westylefashion_tull','en_US'),(623,'Magento_Ui/js/lib/core/collection.min.js','frontend','Codazon/fastest_westylefashion_tull','en_US'),(624,'mage/decorate.min.js','frontend','Codazon/fastest_westylefashion_tull','en_US'),(625,'Magento_Checkout/js/view/minicart.min.js','frontend','Codazon/fastest_westylefashion_tull','en_US'),(626,'Magento_Checkout/js/sidebar.min.js','frontend','Codazon/fastest_westylefashion_tull','en_US'),(627,'Magento_Customer/js/model/authentication-popup.min.js','frontend','Codazon/fastest_westylefashion_tull','en_US'),(628,'Magento_Tax/js/view/checkout/minicart/subtotal/totals.min.js','frontend','Codazon/fastest_westylefashion_tull','en_US'),(629,'Magento_Msrp/js/view/checkout/minicart/subtotal/totals.min.js','frontend','Codazon/fastest_westylefashion_tull','en_US'),(630,'Magento_Catalog/js/view/image.min.js','frontend','Codazon/fastest_westylefashion_tull','en_US'),(631,'Magento_Customer/js/view/authentication-popup.min.js','frontend','Codazon/fastest_westylefashion_tull','en_US'),(632,'Magento_Ui/js/form/form.min.js','frontend','Codazon/fastest_westylefashion_tull','en_US'),(633,'Magento_Ui/js/lib/spinner.min.js','frontend','Codazon/fastest_westylefashion_tull','en_US'),(634,'mage/requirejs/resolver.min.js','frontend','Codazon/fastest_westylefashion_tull','en_US'),(635,'Magento_Customer/js/action/login.min.js','frontend','Codazon/fastest_westylefashion_tull','en_US'),(636,'Magento_Ui/js/model/messageList.min.js','frontend','Codazon/fastest_westylefashion_tull','en_US'),(637,'Magento_Captcha/js/view/checkout/loginCaptcha.min.js','frontend','Codazon/fastest_westylefashion_tull','en_US'),(638,'Magento_Captcha/js/view/checkout/defaultCaptcha.min.js','frontend','Codazon/fastest_westylefashion_tull','en_US'),(639,'Magento_Captcha/js/model/captcha.min.js','frontend','Codazon/fastest_westylefashion_tull','en_US'),(640,'Magento_Captcha/js/action/refresh.min.js','frontend','Codazon/fastest_westylefashion_tull','en_US'),(641,'Magento_Captcha/js/model/captchaList.min.js','frontend','Codazon/fastest_westylefashion_tull','en_US'),(642,'Codazon_AjaxCartPro/js/ajaxcart.min.js','frontend','Codazon/fastest_westylefashion_tull','en_US'),(643,'Codazon_AjaxCartPro/js/sidebar.min.js','frontend','Codazon/fastest_westylefashion_tull','en_US'),(644,'Magento_Customer/js/view/customer.min.js','frontend','Codazon/fastest_westylefashion_tull','en_US'),(645,'Magento_Wishlist/js/view/wishlist.min.js','frontend','Codazon/fastest_westylefashion_tull','en_US'),(646,'MageWorx_SearchSuiteAutocomplete/js/autocomplete.min.js','frontend','Codazon/fastest_westylefashion_tull','en_US'),(647,'MageWorx_SearchSuiteAutocomplete/js/bindEvents.min.js','frontend','Codazon/fastest_westylefashion_tull','en_US'),(648,'MageWorx_SearchSuiteAutocomplete/js/dataProvider.min.js','frontend','Codazon/fastest_westylefashion_tull','en_US'),(649,'Magento_Theme/js/view/messages.min.js','frontend','Codazon/fastest_westylefashion_tull','en_US'),(650,'Magento_Security/js/escaper.min.js','frontend','Codazon/fastest_westylefashion_tull','en_US'),(651,'Magento_Catalog/js/storage-manager.min.js','frontend','Codazon/fastest_westylefashion_tull','en_US'),(652,'Magento_Catalog/js/product/storage/storage-service.min.js','frontend','Codazon/fastest_westylefashion_tull','en_US'),(653,'Magento_Catalog/js/product/storage/ids-storage.min.js','frontend','Codazon/fastest_westylefashion_tull','en_US'),(654,'Magento_Catalog/js/product/storage/data-storage.min.js','frontend','Codazon/fastest_westylefashion_tull','en_US'),(655,'Magento_Catalog/js/product/query-builder.min.js','frontend','Codazon/fastest_westylefashion_tull','en_US'),(656,'Magento_Catalog/js/product/storage/ids-storage-compare.min.js','frontend','Codazon/fastest_westylefashion_tull','en_US'),(657,'Magento_Customer/js/invalidation-rules/website-rule.min.js','frontend','Codazon/fastest_westylefashion_tull','en_US'),(658,'Magento_Ui/js/form/adapter.min.js','frontend','Codazon/fastest_westylefashion_tull','en_US'),(659,'Magento_Ui/js/form/adapter/buttons.min.js','frontend','Codazon/fastest_westylefashion_tull','en_US'),(660,'Magento_Ui/js/model/messages.min.js','frontend','Codazon/fastest_westylefashion_tull','en_US'),(661,'Magento_Ui/js/view/messages.min.js','frontend','Codazon/fastest_westylefashion_tull','en_US'),(662,'MSP_ReCaptcha/js/ui-messages-mixin.min.js','frontend','Codazon/fastest_westylefashion_tull','en_US'),(663,'MSP_ReCaptcha/js/registry.min.js','frontend','Codazon/fastest_westylefashion_tull','en_US'),(664,'Magento_Ui/templates/modal/modal-popup.html','frontend','Codazon/fastest_westylefashion_tull','en_US'),(665,'Magento_Ui/templates/modal/modal-slide.html','frontend','Codazon/fastest_westylefashion_tull','en_US'),(666,'Magento_Ui/templates/modal/modal-custom.html','frontend','Codazon/fastest_westylefashion_tull','en_US'),(667,'Magento_Ui/templates/tooltip/tooltip.html','frontend','Codazon/fastest_westylefashion_tull','en_US'),(668,'js-translation.json','frontend','Codazon/fastest_westylefashion_tull','en_US'),(669,'Magento_Ui/templates/block-loader.html','frontend','Codazon/fastest_westylefashion_tull','en_US'),(670,'MageWorx_SearchSuiteAutocomplete/template/autocomplete.html','frontend','Codazon/fastest_westylefashion_tull','en_US'),(671,'Magento_Checkout/template/minicart/content.html','frontend','Codazon/fastest_westylefashion_tull','en_US'),(672,'Magento_Customer/template/authentication-popup.html','frontend','Codazon/fastest_westylefashion_tull','en_US'),(673,'Codazon_AjaxCartPro/template/ajaxcart/summary.html','frontend','Codazon/fastest_westylefashion_tull','en_US'),(674,'Magento_Ui/template/messages.html','frontend','Codazon/fastest_westylefashion_tull','en_US'),(675,'Magento_Captcha/template/checkout/captcha.html','frontend','Codazon/fastest_westylefashion_tull','en_US');

--
-- Table structure for table `wal_amasty_page_speed_optimizer_diagnostic`
--

CREATE TABLE `wal_amasty_page_speed_optimizer_diagnostic` (
  `result_id` int(10) unsigned NOT NULL AUTO_INCREMENT,
  `result` blob,
  `is_before` tinyint(1) NOT NULL,
  `version` varchar(127) NOT NULL,
  PRIMARY KEY (`result_id`),
  UNIQUE KEY `WAL_AMASTY_PAGE_SPEED_OPTIMIZER_DIAGNOSTIC_IS_BEFORE_VERSION` (`is_before`,`version`)
) ENGINE=InnoDB AUTO_INCREMENT=2 DEFAULT CHARSET=utf8;

--
-- Dumping data for table `wal_amasty_page_speed_optimizer_diagnostic`
--

INSERT INTO `wal_amasty_page_speed_optimizer_diagnostic` VALUES (1,_binary '[binary data, 6468 characters]',1,'desktop');

--
-- Table structure for table `wal_amasty_page_speed_optimizer_image_setting`
--

CREATE TABLE `wal_amasty_page_speed_optimizer_image_setting` (
  `image_setting_id` int(10) unsigned NOT NULL AUTO_INCREMENT,
  `is_enabled` tinyint(1) NOT NULL DEFAULT '1',
  `folders` text NOT NULL,
  `title` text NOT NULL,
  `is_create_mobile_resolution` tinyint(1) NOT NULL DEFAULT '0',
  `is_create_tablet_resolution` tinyint(1) NOT NULL DEFAULT '0',
  `resize_algorithm` smallint(6) NOT NULL DEFAULT '0',
  `is_create_webp` tinyint(1) NOT NULL COMMENT 'Is_create_webp',
  `is_create_dump` tinyint(1) NOT NULL DEFAULT '0',
  `jpeg_tool` varchar(255) NOT NULL DEFAULT '',
  `png_tool` varchar(255) NOT NULL DEFAULT '',
  `gif_tool` varchar(255) NOT NULL DEFAULT '',
  `webp_tool` varchar(255) NOT NULL DEFAULT '0',
  PRIMARY KEY (`image_setting_id`)
) ENGINE=InnoDB DEFAULT CHARSET=utf8;

--
-- Dumping data for table `wal_amasty_page_speed_optimizer_image_setting`
--


--
-- Table structure for table `wal_amasty_page_speed_optimizer_queue`
--

CREATE TABLE `wal_amasty_page_speed_optimizer_queue` (
  `queue_id` int(10) unsigned NOT NULL AUTO_INCREMENT,
  `filename` varchar(1024) NOT NULL,
  `extension` varchar(255) NOT NULL,
  `resolutions` varchar(255) NOT NULL DEFAULT '',
  `webp` tinyint(1) DEFAULT NULL COMMENT 'Webp',
  `dump_original` tinyint(1) DEFAULT '0',
  `resize_algorithm` smallint(5) unsigned DEFAULT '0',
  `tool` varchar(255) NOT NULL DEFAULT '0',
  `webp_tool` varchar(255) NOT NULL DEFAULT '0',
  PRIMARY KEY (`queue_id`)
) ENGINE=InnoDB DEFAULT CHARSET=utf8;

--
-- Dumping data for table `wal_amasty_page_speed_optimizer_queue`
--


--
-- Table structure for table `wal_amasty_sorting_bestseller_cl`
--

CREATE TABLE `wal_amasty_sorting_bestseller_cl` (
  `version_id` int(10) unsigned NOT NULL AUTO_INCREMENT COMMENT 'Version ID',
  `entity_id` int(10) unsigned NOT NULL DEFAULT '0' COMMENT 'Entity ID',
  PRIMARY KEY (`version_id`)
) ENGINE=InnoDB DEFAULT CHARSET=utf8 COMMENT='wal_amasty_sorting_bestseller_cl';

--
-- Dumping data for table `wal_amasty_sorting_bestseller_cl`
--


--
-- Table structure for table `wal_amasty_sorting_bestsellers`
--

CREATE TABLE `wal_amasty_sorting_bestsellers` (
  `product_id` int(10) unsigned NOT NULL COMMENT 'Product ID',
  `store_id` smallint(5) unsigned NOT NULL COMMENT 'Store Id',
  `qty_ordered` decimal(12,4) NOT NULL DEFAULT '0.0000' COMMENT 'Bestsellers',
  KEY `WAL_AMASTY_SORTING_BESTSELLERS_PRODUCT_ID_STORE_ID` (`product_id`,`store_id`)
) ENGINE=InnoDB DEFAULT CHARSET=utf8 COMMENT='Amasty Sorting Bestsellers';

--
-- Dumping data for table `wal_amasty_sorting_bestsellers`
--


--
-- Table structure for table `wal_amasty_sorting_most_viewed`
--

CREATE TABLE `wal_amasty_sorting_most_viewed` (
  `product_id` int(10) unsigned NOT NULL COMMENT 'Product ID',
  `store_id` smallint(5) unsigned NOT NULL COMMENT 'Store Id',
  `views_num` int(10) unsigned NOT NULL COMMENT 'Most Viewed',
  KEY `WAL_AMASTY_SORTING_MOST_VIEWED_PRODUCT_ID_STORE_ID` (`product_id`,`store_id`)
) ENGINE=InnoDB DEFAULT CHARSET=utf8 COMMENT='Amasty Sorting Most Viewed';

--
-- Dumping data for table `wal_amasty_sorting_most_viewed`
--


--
-- Table structure for table `wal_amasty_sorting_most_viewed_cl`
--

CREATE TABLE `wal_amasty_sorting_most_viewed_cl` (
  `version_id` int(10) unsigned NOT NULL AUTO_INCREMENT COMMENT 'Version ID',
  `entity_id` int(10) unsigned NOT NULL DEFAULT '0' COMMENT 'Entity ID',
  PRIMARY KEY (`version_id`)
) ENGINE=InnoDB DEFAULT CHARSET=utf8 COMMENT='wal_amasty_sorting_most_viewed_cl';

--
-- Dumping data for table `wal_amasty_sorting_most_viewed_cl`
--


--
-- Table structure for table `wal_amasty_sorting_wished`
--

CREATE TABLE `wal_amasty_sorting_wished` (
  `product_id` int(10) unsigned NOT NULL COMMENT 'Product ID',
  `store_id` smallint(5) unsigned NOT NULL COMMENT 'Store Id',
  `wished` int(10) unsigned NOT NULL COMMENT 'Wished',
  KEY `WAL_AMASTY_SORTING_WISHED_PRODUCT_ID_STORE_ID` (`product_id`,`store_id`)
) ENGINE=InnoDB DEFAULT CHARSET=utf8 COMMENT='Amasty Sorting Wished';

--
-- Dumping data for table `wal_amasty_sorting_wished`
--


--
-- Table structure for table `wal_amasty_sorting_wished_cl`
--

CREATE TABLE `wal_amasty_sorting_wished_cl` (
  `version_id` int(10) unsigned NOT NULL AUTO_INCREMENT COMMENT 'Version ID',
  `entity_id` int(10) unsigned NOT NULL DEFAULT '0' COMMENT 'Entity ID',
  PRIMARY KEY (`version_id`)
) ENGINE=InnoDB DEFAULT CHARSET=utf8 COMMENT='wal_amasty_sorting_wished_cl';

--
-- Dumping data for table `wal_amasty_sorting_wished_cl`
--


--
-- Table structure for table `wal_amasty_tabs_product_tab_cl`
--

CREATE TABLE `wal_amasty_tabs_product_tab_cl` (
  `version_id` int(10) unsigned NOT NULL AUTO_INCREMENT COMMENT 'Version ID',
  `entity_id` int(10) unsigned NOT NULL DEFAULT '0' COMMENT 'Entity ID',
  PRIMARY KEY (`version_id`)
) ENGINE=InnoDB DEFAULT CHARSET=utf8 COMMENT='wal_amasty_tabs_product_tab_cl';

--
-- Dumping data for table `wal_amasty_tabs_product_tab_cl`
--


--
-- Table structure for table `wal_amasty_tabs_tab_product_cl`
--

CREATE TABLE `wal_amasty_tabs_tab_product_cl` (
  `version_id` int(10) unsigned NOT NULL AUTO_INCREMENT COMMENT 'Version ID',
  `entity_id` int(10) unsigned NOT NULL DEFAULT '0' COMMENT 'Entity ID',
  PRIMARY KEY (`version_id`)
) ENGINE=InnoDB DEFAULT CHARSET=utf8 COMMENT='wal_amasty_tabs_tab_product_cl';

--
-- Dumping data for table `wal_amasty_tabs_tab_product_cl`
--


--
-- Table structure for table `wal_amazon_customer`
--

CREATE TABLE `wal_amazon_customer` (
  `entity_id` int(10) unsigned NOT NULL AUTO_INCREMENT COMMENT 'Entity_id',
  `customer_id` int(10) unsigned NOT NULL COMMENT 'Customer_id',
  `amazon_id` varchar(255) NOT NULL COMMENT 'Amazon_id',
  PRIMARY KEY (`entity_id`),
  UNIQUE KEY `WAL_AMAZON_CUSTOMER_CUSTOMER_ID_AMAZON_ID` (`customer_id`,`amazon_id`),
  UNIQUE KEY `WAL_AMAZON_CUSTOMER_CUSTOMER_ID` (`customer_id`),
  CONSTRAINT `WAL_AMAZON_CUSTOMER_CUSTOMER_ID_WAL_CUSTOMER_ENTITY_ENTITY_ID` FOREIGN KEY (`customer_id`) REFERENCES `wal_customer_entity` (`entity_id`) ON DELETE CASCADE
) ENGINE=InnoDB DEFAULT CHARSET=utf8 COMMENT='wal_amazon_customer';

--
-- Dumping data for table `wal_amazon_customer`
--


--
-- Table structure for table `wal_amazon_pending_authorization`
--

CREATE TABLE `wal_amazon_pending_authorization` (
  `entity_id` int(10) unsigned NOT NULL AUTO_INCREMENT COMMENT 'Entity_id',
  `order_id` int(10) unsigned NOT NULL COMMENT 'Order_id',
  `payment_id` int(10) unsigned NOT NULL COMMENT 'Payment_id',
  `authorization_id` varchar(255) DEFAULT NULL COMMENT 'Authorization_id',
  `created_at` datetime NOT NULL COMMENT 'Created_at',
  `updated_at` datetime DEFAULT NULL COMMENT 'Updated_at',
  `processed` smallint(5) unsigned DEFAULT '0' COMMENT 'Initial authorization processed',
  `capture` smallint(5) unsigned DEFAULT '0' COMMENT 'Initial authorization has capture',
  `capture_id` varchar(255) DEFAULT NULL COMMENT 'Initial authorization capture id',
  PRIMARY KEY (`entity_id`),
  UNIQUE KEY `UNQ_E16960FEF53CD79809049E7985D6EF5F` (`order_id`,`payment_id`,`authorization_id`)
) ENGINE=InnoDB DEFAULT CHARSET=utf8 COMMENT='wal_amazon_pending_authorization';

--
-- Dumping data for table `wal_amazon_pending_authorization`
--


--
-- Table structure for table `wal_amazon_pending_capture`
--

CREATE TABLE `wal_amazon_pending_capture` (
  `entity_id` int(10) unsigned NOT NULL AUTO_INCREMENT COMMENT 'Entity_id',
  `capture_id` varchar(255) NOT NULL COMMENT 'Capture_id',
  `created_at` datetime NOT NULL COMMENT 'Created_at',
  `order_id` int(10) unsigned NOT NULL COMMENT 'order id',
  `payment_id` int(10) unsigned NOT NULL COMMENT 'payment id',
  PRIMARY KEY (`entity_id`),
  UNIQUE KEY `WAL_AMAZON_PENDING_CAPTURE_ORDER_ID_PAYMENT_ID_CAPTURE_ID` (`order_id`,`payment_id`,`capture_id`)
) ENGINE=InnoDB DEFAULT CHARSET=utf8 COMMENT='wal_amazon_pending_capture';

--
-- Dumping data for table `wal_amazon_pending_capture`
--


--
-- Table structure for table `wal_amazon_pending_refund`
--

CREATE TABLE `wal_amazon_pending_refund` (
  `entity_id` int(10) unsigned NOT NULL AUTO_INCREMENT COMMENT 'Entity_id',
  `refund_id` varchar(255) NOT NULL COMMENT 'Refund_id',
  `created_at` datetime NOT NULL COMMENT 'Created_at',
  `order_id` int(10) unsigned NOT NULL COMMENT 'Order_id',
  `payment_id` int(10) unsigned NOT NULL COMMENT 'Payment_id',
  PRIMARY KEY (`entity_id`),
  UNIQUE KEY `WAL_AMAZON_PENDING_REFUND_ORDER_ID_PAYMENT_ID_REFUND_ID` (`order_id`,`payment_id`,`refund_id`)
) ENGINE=InnoDB DEFAULT CHARSET=utf8 COMMENT='wal_amazon_pending_refund';

--
-- Dumping data for table `wal_amazon_pending_refund`
--


--
-- Table structure for table `wal_authorization_role`
--

CREATE TABLE `wal_authorization_role` (
  `role_id` int(10) unsigned NOT NULL AUTO_INCREMENT COMMENT 'Role ID',
  `parent_id` int(10) unsigned NOT NULL DEFAULT '0' COMMENT 'Parent Role ID',
  `tree_level` smallint(5) unsigned NOT NULL DEFAULT '0' COMMENT 'Role Tree Level',
  `sort_order` smallint(5) unsigned NOT NULL DEFAULT '0' COMMENT 'Role Sort Order',
  `role_type` varchar(1) NOT NULL DEFAULT '0' COMMENT 'Role Type',
  `user_id` int(10) unsigned NOT NULL DEFAULT '0' COMMENT 'User ID',
  `user_type` varchar(16) DEFAULT NULL COMMENT 'User Type',
  `role_name` varchar(50) DEFAULT NULL COMMENT 'Role Name',
  `gws_is_all` int(11) NOT NULL DEFAULT '1' COMMENT 'Yes/No Flag',
  `gws_websites` text COMMENT 'Comma-separated Website Ids',
  `gws_store_groups` text COMMENT 'Comma-separated Store Groups Ids',
  PRIMARY KEY (`role_id`),
  KEY `WAL_AUTHORIZATION_ROLE_PARENT_ID_SORT_ORDER` (`parent_id`,`sort_order`),
  KEY `WAL_AUTHORIZATION_ROLE_TREE_LEVEL` (`tree_level`)
) ENGINE=InnoDB AUTO_INCREMENT=5 DEFAULT CHARSET=utf8 COMMENT='Admin Role Table';

--
-- Dumping data for table `wal_authorization_role`
--

INSERT INTO `wal_authorization_role` VALUES (1,0,1,1,'G',0,'2','Administrators',1,NULL,NULL),(2,1,2,0,'U',1,'2','blanco_admin123',1,NULL,NULL),(3,1,2,0,'U',2,'2','cdzinstaller',1,NULL,NULL),(4,0,1,0,'U',1,'1','11',1,NULL,NULL);

--
-- Table structure for table `wal_authorization_rule`
--

CREATE TABLE `wal_authorization_rule` (
  `rule_id` int(10) unsigned NOT NULL AUTO_INCREMENT COMMENT 'Rule ID',
  `role_id` int(10) unsigned NOT NULL DEFAULT '0' COMMENT 'Role ID',
  `resource_id` varchar(255) DEFAULT NULL COMMENT 'Resource ID',
  `privileges` varchar(20) DEFAULT NULL COMMENT 'Privileges',
  `permission` varchar(10) DEFAULT NULL COMMENT 'Permission',
  PRIMARY KEY (`rule_id`),
  KEY `WAL_AUTHORIZATION_RULE_RESOURCE_ID_ROLE_ID` (`resource_id`,`role_id`),
  KEY `WAL_AUTHORIZATION_RULE_ROLE_ID_RESOURCE_ID` (`role_id`,`resource_id`),
  CONSTRAINT `WAL_AUTHORIZATION_RULE_ROLE_ID_WAL_AUTHORIZATION_ROLE_ROLE_ID` FOREIGN KEY (`role_id`) REFERENCES `wal_authorization_role` (`role_id`) ON DELETE CASCADE
) ENGINE=InnoDB AUTO_INCREMENT=1554 DEFAULT CHARSET=utf8 COMMENT='Admin Rule Table';

--
-- Dumping data for table `wal_authorization_rule`
--

INSERT INTO `wal_authorization_rule` VALUES (1,1,'Magento_Backend::all',NULL,'allow'),(1297,4,'Magento_Backend::all',NULL,'deny'),(1298,4,'Magento_Backend::admin',NULL,'allow'),(1299,4,'Magento_Backend::dashboard',NULL,'deny'),(1300,4,'Codazon_Options::Codazon_Options',NULL,'deny'),(1301,4,'Codazon_Options::extensions_options',NULL,'deny'),(1302,4,'Codazon_Options::slideshow_title',NULL,'deny'),(1303,4,'Codazon_Slideshow::slideshow',NULL,'deny'),(1304,4,'Codazon_Options::themes_options',NULL,'deny'),(1305,4,'Codazon_Options::themes_install',NULL,'deny'),(1306,4,'Codazon_Options::themes_new',NULL,'deny'),(1307,4,'Codazon_MegaMenu::megamenu',NULL,'deny'),(1308,4,'Codazon_MegaMenu::index',NULL,'deny'),(1309,4,'Codazon_MegaMenu::edit',NULL,'deny'),(1310,4,'Codazon_MegaMenu::save',NULL,'deny'),(1311,4,'Codazon_MegaMenu::delete',NULL,'deny'),(1312,4,'Codazon_MegaMenu::settings',NULL,'deny'),(1313,4,'Codazon_ProductLabel::menu',NULL,'deny'),(1314,4,'Codazon_ProductLabel::productlabel',NULL,'deny'),(1315,4,'Codazon_ProductLabel::edit',NULL,'deny'),(1316,4,'Codazon_ProductLabel::save',NULL,'deny'),(1317,4,'Magento_Analytics::analytics',NULL,'allow'),(1318,4,'Magento_Analytics::analytics_api',NULL,'allow'),(1319,4,'Codazon_Utility::cdzutility',NULL,'deny'),(1320,4,'Codazon_Utility::theme_index',NULL,'deny'),(1321,4,'Magento_Sales::sales',NULL,'deny'),(1322,4,'Magento_Sales::sales_operation',NULL,'deny'),(1323,4,'Magento_Sales::sales_order',NULL,'deny'),(1324,4,'Magento_Sales::actions',NULL,'deny'),(1325,4,'Magento_Sales::create',NULL,'deny'),(1326,4,'Magento_Sales::actions_view',NULL,'deny'),(1327,4,'Magento_Sales::email',NULL,'deny'),(1328,4,'Magento_Sales::reorder',NULL,'deny'),(1329,4,'Magento_Sales::actions_edit',NULL,'deny'),(1330,4,'Magento_Sales::cancel',NULL,'deny'),(1331,4,'Magento_Sales::review_payment',NULL,'deny'),(1332,4,'Magento_Sales::capture',NULL,'deny'),(1333,4,'Magento_Sales::invoice',NULL,'deny'),(1334,4,'Magento_Sales::creditmemo',NULL,'deny'),(1335,4,'Magento_Sales::hold',NULL,'deny'),(1336,4,'Magento_Sales::unhold',NULL,'deny'),(1337,4,'Magento_Sales::ship',NULL,'deny'),(1338,4,'Magento_Sales::comment',NULL,'deny'),(1339,4,'Magento_Sales::emails',NULL,'deny'),(1340,4,'Magento_Paypal::authorization',NULL,'deny'),(1341,4,'Magento_Sales::sales_invoice',NULL,'deny'),(1342,4,'Magento_Sales::shipment',NULL,'deny'),(1343,4,'Magento_Sales::sales_creditmemo',NULL,'deny'),(1344,4,'Magento_Paypal::billing_agreement',NULL,'deny'),(1345,4,'Magento_Paypal::billing_agreement_actions',NULL,'deny'),(1346,4,'Magento_Paypal::billing_agreement_actions_view',NULL,'deny'),(1347,4,'Magento_Paypal::actions_manage',NULL,'deny'),(1348,4,'Magento_Paypal::use',NULL,'deny'),(1349,4,'Magento_Sales::transactions',NULL,'deny'),(1350,4,'Magento_Sales::transactions_fetch',NULL,'deny'),(1351,4,'Magento_Catalog::catalog',NULL,'deny'),(1352,4,'Magento_Catalog::catalog_inventory',NULL,'deny'),(1353,4,'Magento_Catalog::products',NULL,'deny'),(1354,4,'Magento_Catalog::update_attributes',NULL,'deny'),(1355,4,'Magento_Catalog::edit_product_design',NULL,'deny'),(1356,4,'Walland_OptionsManagement::templates',NULL,'deny'),(1357,4,'Magento_Catalog::categories',NULL,'deny'),(1358,4,'Magento_Catalog::edit_category_design',NULL,'deny'),(1359,4,'Magento_Customer::customer',NULL,'deny'),(1360,4,'Magento_Customer::manage',NULL,'deny'),(1361,4,'Magento_Customer::actions',NULL,'deny'),(1362,4,'Magento_Customer::delete',NULL,'deny'),(1363,4,'Magento_Customer::reset_password',NULL,'deny'),(1364,4,'Magento_Customer::invalidate_tokens',NULL,'deny'),(1365,4,'Magento_Customer::online',NULL,'deny'),(1366,4,'Magento_Customer::group',NULL,'deny'),(1367,4,'Magento_Cart::cart',NULL,'deny'),(1368,4,'Magento_Cart::manage',NULL,'deny'),(1369,4,'Magento_Backend::myaccount',NULL,'deny'),(1370,4,'Magento_Backend::marketing',NULL,'deny'),(1371,4,'Magento_CatalogRule::promo',NULL,'deny'),(1372,4,'Magento_CatalogRule::promo_catalog',NULL,'deny'),(1373,4,'Magento_SalesRule::quote',NULL,'deny'),(1374,4,'Magento_Backend::marketing_communications',NULL,'deny'),(1375,4,'Magento_Email::template',NULL,'deny'),(1376,4,'Magento_Newsletter::template',NULL,'deny'),(1377,4,'Magento_Newsletter::queue',NULL,'deny'),(1378,4,'Magento_Newsletter::subscriber',NULL,'deny'),(1379,4,'Magento_Backend::marketing_seo',NULL,'deny'),(1380,4,'Magento_Search::search',NULL,'deny'),(1381,4,'Magento_Search::synonyms',NULL,'deny'),(1382,4,'Magento_UrlRewrite::urlrewrite',NULL,'deny'),(1383,4,'Magento_Sitemap::sitemap',NULL,'deny'),(1384,4,'Magento_Backend::marketing_user_content',NULL,'deny'),(1385,4,'Magento_Review::reviews_all',NULL,'deny'),(1386,4,'Magento_Review::pending',NULL,'deny'),(1387,4,'Magento_Backend::content',NULL,'deny'),(1388,4,'Magento_Backend::content_elements',NULL,'deny'),(1389,4,'Magento_Cms::page',NULL,'deny'),(1390,4,'Magento_Cms::save',NULL,'deny'),(1391,4,'Magento_Cms::save_design',NULL,'deny'),(1392,4,'Magento_Cms::page_delete',NULL,'deny'),(1393,4,'Magento_Cms::block',NULL,'deny'),(1394,4,'Magento_Widget::widget_instance',NULL,'deny'),(1395,4,'Magento_Cms::media_gallery',NULL,'deny'),(1396,4,'Magento_Backend::elements',NULL,'deny'),(1397,4,'Codazon_Slideshow::slideshow2',NULL,'deny'),(1398,4,'Magento_Backend::design',NULL,'deny'),(1399,4,'Magento_Theme::theme',NULL,'deny'),(1400,4,'Magento_Backend::schedule',NULL,'deny'),(1401,4,'Magento_Backend::content_translation',NULL,'deny'),(1402,4,'Magento_Reports::report',NULL,'deny'),(1403,4,'Magento_Reports::report_marketing',NULL,'deny'),(1404,4,'Magento_Reports::shopcart',NULL,'deny'),(1405,4,'Magento_Reports::product',NULL,'deny'),(1406,4,'Magento_Reports::abandoned',NULL,'deny'),(1407,4,'Magento_Reports::report_search',NULL,'deny'),(1408,4,'Magento_Newsletter::problem',NULL,'deny'),(1409,4,'Magento_Reports::review',NULL,'deny'),(1410,4,'Magento_Reports::review_customer',NULL,'deny'),(1411,4,'Magento_Reports::review_product',NULL,'deny'),(1412,4,'Magento_Reports::salesroot',NULL,'deny'),(1413,4,'Magento_Reports::salesroot_sales',NULL,'deny'),(1414,4,'Magento_Reports::tax',NULL,'deny'),(1415,4,'Magento_Reports::invoiced',NULL,'deny'),(1416,4,'Magento_Reports::shipping',NULL,'deny'),(1417,4,'Magento_Reports::refunded',NULL,'deny'),(1418,4,'Magento_Reports::coupons',NULL,'deny'),(1419,4,'Magento_Paypal::paypal_settlement_reports',NULL,'deny'),(1420,4,'Magento_Paypal::paypal_settlement_reports_view',NULL,'deny'),(1421,4,'Magento_Paypal::fetch',NULL,'deny'),(1422,4,'Magento_Reports::customers',NULL,'deny'),(1423,4,'Magento_Reports::totals',NULL,'deny'),(1424,4,'Magento_Reports::customers_orders',NULL,'deny'),(1425,4,'Magento_Reports::accounts',NULL,'deny'),(1426,4,'Magento_Reports::report_products',NULL,'deny'),(1427,4,'Magento_Reports::viewed',NULL,'deny'),(1428,4,'Magento_Reports::bestsellers',NULL,'deny'),(1429,4,'Magento_Reports::lowstock',NULL,'deny'),(1430,4,'Magento_Reports::sold',NULL,'deny'),(1431,4,'Magento_Reports::downloads',NULL,'deny'),(1432,4,'Magento_Reports::statistics',NULL,'deny'),(1433,4,'Magento_Reports::statistics_refresh',NULL,'deny'),(1434,4,'Magento_Analytics::business_intelligence',NULL,'deny'),(1435,4,'Magento_Analytics::advanced_reporting',NULL,'deny'),(1436,4,'Magento_Analytics::bi_essentials',NULL,'deny'),(1437,4,'Magento_Backend::stores',NULL,'deny'),(1438,4,'Magento_Backend::stores_settings',NULL,'deny'),(1439,4,'Magento_Backend::store',NULL,'deny'),(1440,4,'Magento_Config::config',NULL,'deny'),(1441,4,'Walland_OptionsManagement::config',NULL,'deny'),(1442,4,'Magento_Cms::config_cms',NULL,'deny'),(1443,4,'Magento_Sales::fraud_protection',NULL,'deny'),(1444,4,'Magento_Newsletter::newsletter',NULL,'deny'),(1445,4,'Magento_Contact::contact',NULL,'deny'),(1446,4,'Magento_Payment::payment_services',NULL,'deny'),(1447,4,'Magento_Payment::payment',NULL,'deny'),(1448,4,'Magento_CatalogInventory::cataloginventory',NULL,'deny'),(1449,4,'Magento_Catalog::config_catalog',NULL,'deny'),(1450,4,'Magento_CatalogSearch::config_catalog_search',NULL,'deny'),(1451,4,'Magento_Downloadable::downloadable',NULL,'deny'),(1452,4,'Magento_Shipping::carriers',NULL,'deny'),(1453,4,'Magento_Shipping::shipping_policy',NULL,'deny'),(1454,4,'Magento_Shipping::config_shipping',NULL,'deny'),(1455,4,'Magento_Multishipping::config_multishipping',NULL,'deny'),(1456,4,'Magento_Config::config_general',NULL,'deny'),(1457,4,'Magento_Config::web',NULL,'deny'),(1458,4,'Magento_Config::config_design',NULL,'deny'),(1459,4,'MSP_SecuritySuite::config',NULL,'deny'),(1460,4,'MSP_ReCaptcha::config',NULL,'deny'),(1461,4,'MSP_TwoFactorAuth::config',NULL,'deny'),(1462,4,'Magento_Paypal::paypal',NULL,'deny'),(1463,4,'Magento_Customer::config_customer',NULL,'deny'),(1464,4,'Magento_Tax::config_tax',NULL,'deny'),(1465,4,'Magento_Checkout::checkout',NULL,'deny'),(1466,4,'Magento_Sales::config_sales',NULL,'deny'),(1467,4,'Magento_Persistent::persistent',NULL,'deny'),(1468,4,'Magento_Sales::sales_email',NULL,'deny'),(1469,4,'Magento_Sales::sales_pdf',NULL,'deny'),(1470,4,'Magento_Sitemap::config_sitemap',NULL,'deny'),(1471,4,'Magento_Reports::reports',NULL,'deny'),(1472,4,'MageWorx_SearchSuiteAutocomplete::config_searchsuiteautocomplete',NULL,'deny'),(1473,4,'Magento_Wishlist::config_wishlist',NULL,'deny'),(1474,4,'Magento_Config::config_system',NULL,'deny'),(1475,4,'Magento_SalesRule::config_promo',NULL,'deny'),(1476,4,'Magento_Config::trans_email',NULL,'deny'),(1477,4,'Magento_Config::config_admin',NULL,'deny'),(1478,4,'Magento_Config::dev',NULL,'deny'),(1479,4,'Magento_Config::currency',NULL,'deny'),(1480,4,'Magento_Rss::rss',NULL,'deny'),(1481,4,'Magento_Config::sendfriend',NULL,'deny'),(1482,4,'Magento_Analytics::analytics_settings',NULL,'deny'),(1483,4,'Magento_NewRelicReporting::config_newrelicreporting',NULL,'deny'),(1484,4,'Magento_CheckoutAgreements::checkoutagreement',NULL,'deny'),(1485,4,'Magento_Sales::order_statuses',NULL,'deny'),(1486,4,'Magento_InventoryApi::inventory',NULL,'deny'),(1487,4,'Magento_InventoryApi::source',NULL,'deny'),(1488,4,'Magento_InventoryApi::source_edit',NULL,'deny'),(1489,4,'Magento_InventoryApi::stock',NULL,'deny'),(1490,4,'Magento_InventoryApi::stock_edit',NULL,'deny'),(1491,4,'Magento_InventoryApi::stock_delete',NULL,'deny'),(1492,4,'Magento_InventoryApi::stock_source_link',NULL,'deny'),(1493,4,'Magento_InventorySalesApi::stock',NULL,'deny'),(1494,4,'Magento_Tax::manage_tax',NULL,'deny'),(1495,4,'Magento_CurrencySymbol::system_currency',NULL,'deny'),(1496,4,'Magento_CurrencySymbol::currency_rates',NULL,'deny'),(1497,4,'Magento_CurrencySymbol::symbols',NULL,'deny'),(1498,4,'Magento_Backend::stores_attributes',NULL,'deny'),(1499,4,'Magento_Catalog::attributes_attributes',NULL,'deny'),(1500,4,'Magento_Catalog::sets',NULL,'deny'),(1501,4,'Magento_Review::ratings',NULL,'deny'),(1502,4,'Magento_Swatches::iframe',NULL,'deny'),(1503,4,'Magento_Backend::stores_other_settings',NULL,'deny'),(1504,4,'Magento_Backend::system',NULL,'deny'),(1505,4,'Magento_Backend::convert',NULL,'deny'),(1506,4,'Magento_ImportExport::import',NULL,'deny'),(1507,4,'Magento_ImportExport::export',NULL,'deny'),(1508,4,'Magento_ImportExport::history',NULL,'deny'),(1509,4,'Magento_Backend::extensions',NULL,'deny'),(1510,4,'Magento_Backend::local',NULL,'deny'),(1511,4,'Magento_Backend::custom',NULL,'deny'),(1512,4,'Magento_Integration::extensions',NULL,'deny'),(1513,4,'Magento_Integration::integrations',NULL,'deny'),(1514,4,'Magento_Backend::tools',NULL,'deny'),(1515,4,'Magento_Backend::cache',NULL,'deny'),(1516,4,'Magento_Backend::main_actions',NULL,'deny'),(1517,4,'Magento_Backend::flush_cache_storage',NULL,'deny'),(1518,4,'Magento_Backend::flush_magento_cache',NULL,'deny'),(1519,4,'Magento_Backend::mass_actions',NULL,'deny'),(1520,4,'Magento_Backend::toggling_cache_type',NULL,'deny'),(1521,4,'Magento_Backend::refresh_cache_type',NULL,'deny'),(1522,4,'Magento_Backend::additional_cache_management',NULL,'deny'),(1523,4,'Magento_Backend::flush_catalog_images',NULL,'deny'),(1524,4,'Magento_Backend::flush_js_css',NULL,'deny'),(1525,4,'Magento_Backend::flush_static_files',NULL,'deny'),(1526,4,'Magento_Backend::setup_wizard',NULL,'deny'),(1527,4,'Magento_Backup::backup',NULL,'deny'),(1528,4,'Magento_Backup::rollback',NULL,'deny'),(1529,4,'Magento_Indexer::index',NULL,'deny'),(1530,4,'Magento_Indexer::changeMode',NULL,'deny'),(1531,4,'Magento_User::acl',NULL,'deny'),(1532,4,'Magento_User::acl_users',NULL,'deny'),(1533,4,'MSP_TwoFactorAuth::tfa',NULL,'deny'),(1534,4,'Magento_User::locks',NULL,'deny'),(1535,4,'Magento_User::acl_roles',NULL,'deny'),(1536,4,'Magento_Logging::magento_logging',NULL,'deny'),(1537,4,'Magento_Logging::magento_logging_events',NULL,'deny'),(1538,4,'Magento_Logging::system_magento_logging_bulk_operations',NULL,'deny'),(1539,4,'Magento_Backend::system_other_settings',NULL,'deny'),(1540,4,'Magento_AdminNotification::adminnotification',NULL,'deny'),(1541,4,'Magento_AdminNotification::show_toolbar',NULL,'deny'),(1542,4,'Magento_AdminNotification::show_list',NULL,'deny'),(1543,4,'Magento_AdminNotification::mark_as_read',NULL,'deny'),(1544,4,'Magento_AdminNotification::adminnotification_remove',NULL,'deny'),(1545,4,'Magento_Variable::variable',NULL,'deny'),(1546,4,'Magento_EncryptionKey::crypt_key',NULL,'deny'),(1547,4,'Magento_Backend::global_search',NULL,'deny'),(1548,4,'Magento_MediaGalleryUiApi::insert_assets',NULL,'allow'),(1549,4,'Magento_MediaGalleryUiApi::upload_assets',NULL,'allow'),(1550,4,'Magento_MediaGalleryUiApi::edit_assets',NULL,'allow'),(1551,4,'Magento_MediaGalleryUiApi::delete_assets',NULL,'allow'),(1552,4,'Magento_MediaGalleryUiApi::create_folder',NULL,'allow'),(1553,4,'Magento_MediaGalleryUiApi::delete_folder',NULL,'allow');

--
-- Table structure for table `wal_braintree_credit_prices`
--

CREATE TABLE `wal_braintree_credit_prices` (
  `id` int(10) unsigned NOT NULL AUTO_INCREMENT COMMENT 'Row ID',
  `product_id` int(10) unsigned NOT NULL COMMENT 'Product Id',
  `term` int(11) NOT NULL COMMENT 'Credit Term',
  `monthly_payment` decimal(12,2) NOT NULL COMMENT 'Monthly Payment',
  `instalment_rate` decimal(12,2) NOT NULL COMMENT 'Instalment Rate',
  `cost_of_purchase` decimal(12,2) NOT NULL COMMENT 'Cost of purchase',
  `total_inc_interest` decimal(12,2) NOT NULL COMMENT 'Total Inc Interest',
  PRIMARY KEY (`id`),
  UNIQUE KEY `WAL_BRAINTREE_CREDIT_PRICES_PRODUCT_ID_TERM` (`product_id`,`term`),
  KEY `WAL_BRAINTREE_CREDIT_PRICES_PRODUCT_ID` (`product_id`)
) ENGINE=InnoDB DEFAULT CHARSET=utf8 COMMENT='Braintree credit rates';

--
-- Dumping data for table `wal_braintree_credit_prices`
--


--
-- Table structure for table `wal_braintree_transaction_details`
--

CREATE TABLE `wal_braintree_transaction_details` (
  `entity_id` int(10) unsigned NOT NULL AUTO_INCREMENT COMMENT 'Entity ID',
  `order_id` int(10) unsigned NOT NULL COMMENT 'Order Id',
  `transaction_source` varchar(12) DEFAULT NULL COMMENT 'Transaction Source',
  PRIMARY KEY (`entity_id`),
  KEY `WAL_BRAINTREE_TRANSACTION_DETAILS_ORDER_ID` (`order_id`),
  CONSTRAINT `WAL_BRAINTREE_TRANSACTION_DETAILS_ORDER_ID_SALES_ORDER_ENTITY_ID` FOREIGN KEY (`order_id`) REFERENCES `wal_sales_order` (`entity_id`) ON DELETE CASCADE
) ENGINE=InnoDB DEFAULT CHARSET=utf8 COMMENT='Braintree transaction details table';

--
-- Dumping data for table `wal_braintree_transaction_details`
--


--
-- Table structure for table `wal_cache`
--

CREATE TABLE `wal_cache` (
  `id` varchar(200) NOT NULL COMMENT 'Cache Id',
  `data` mediumblob COMMENT 'Cache Data',
  `create_time` int(11) DEFAULT NULL COMMENT 'Cache Creation Time',
  `update_time` int(11) DEFAULT NULL COMMENT 'Time of Cache Updating',
  `expire_time` int(11) DEFAULT NULL COMMENT 'Cache Expiration Time',
  PRIMARY KEY (`id`),
  KEY `WAL_CACHE_EXPIRE_TIME` (`expire_time`)
) ENGINE=InnoDB DEFAULT CHARSET=utf8 COMMENT='Caches';

--
-- Dumping data for table `wal_cache`
--


--
-- Table structure for table `wal_cache_tag`
--

CREATE TABLE `wal_cache_tag` (
  `tag` varchar(100) NOT NULL COMMENT 'Tag',
  `cache_id` varchar(200) NOT NULL COMMENT 'Cache Id',
  PRIMARY KEY (`tag`,`cache_id`),
  KEY `WAL_CACHE_TAG_CACHE_ID` (`cache_id`)
) ENGINE=InnoDB DEFAULT CHARSET=utf8 COMMENT='Tag Caches';

--
-- Dumping data for table `wal_cache_tag`
--


--
-- Table structure for table `wal_captcha_log`
--

CREATE TABLE `wal_captcha_log` (
  `type` varchar(32) NOT NULL COMMENT 'Type',
  `value` varchar(255) NOT NULL COMMENT 'Value',
  `count` int(10) unsigned NOT NULL DEFAULT '0' COMMENT 'Count',
  `updated_at` timestamp NULL DEFAULT NULL COMMENT 'Update Time',
  PRIMARY KEY (`type`,`value`)
) ENGINE=InnoDB DEFAULT CHARSET=utf8 COMMENT='Count Login Attempts';

--
-- Dumping data for table `wal_captcha_log`
--

INSERT INTO `wal_captcha_log` VALUES ('1','162.158.186.86',1,'2023-01-28 07:37:22'),('1','172.69.134.96',2,'2022-10-31 08:03:09'),('1','172.69.22.102',2,'2022-10-13 05:12:46'),('1','172.69.22.172',1,'2022-11-14 01:54:32'),('1','172.69.22.9',1,'2022-11-04 05:06:44'),('1','172.70.135.93',1,'2023-11-08 03:25:30'),('1','172.70.210.45',1,'2023-04-20 01:22:31'),('1','172.70.211.11',1,'2022-06-06 08:56:47'),('1','172.70.39.149',2,'2023-11-02 07:38:53'),('1','172.70.39.150',1,'2023-11-02 07:38:35'),('1','172.71.154.159',2,'2023-01-03 06:44:42'),('1','172.71.154.220',1,'2023-06-12 05:44:32'),('1','172.71.154.234',1,'2022-10-27 01:50:11'),('1','172.71.154.27',2,'2023-06-13 03:33:59'),('2','anyan_2266@126.com',1,'2022-06-06 08:54:01'),('2','taoyong2022@hotmail.com',1,'2022-06-06 08:56:47');

--
-- Table structure for table `wal_catalog_category_entity`
--

CREATE TABLE `wal_catalog_category_entity` (
  `entity_id` int(10) unsigned NOT NULL AUTO_INCREMENT COMMENT 'Entity ID',
  `attribute_set_id` smallint(5) unsigned NOT NULL DEFAULT '0' COMMENT 'Attribute Set ID',
  `parent_id` int(10) unsigned NOT NULL DEFAULT '0' COMMENT 'Parent Category ID',
  `created_at` timestamp NOT NULL DEFAULT CURRENT_TIMESTAMP COMMENT 'Creation Time',
  `updated_at` timestamp NOT NULL DEFAULT CURRENT_TIMESTAMP ON UPDATE CURRENT_TIMESTAMP COMMENT 'Update Time',
  `path` varchar(255) NOT NULL COMMENT 'Tree Path',
  `position` int(11) NOT NULL COMMENT 'Position',
  `level` int(11) NOT NULL DEFAULT '0' COMMENT 'Tree Level',
  `children_count` int(11) NOT NULL COMMENT 'Child Count',
  PRIMARY KEY (`entity_id`),
  KEY `WAL_CATALOG_CATEGORY_ENTITY_LEVEL` (`level`),
  KEY `WAL_CATALOG_CATEGORY_ENTITY_PATH` (`path`)
) ENGINE=InnoDB AUTO_INCREMENT=4 DEFAULT CHARSET=utf8 COMMENT='Catalog Category Table';

--
-- Dumping data for table `wal_catalog_category_entity`
--

INSERT INTO `wal_catalog_category_entity` VALUES (1,3,0,'2020-06-08 06:38:19','2020-06-11 02:54:15','1',0,0,2),(2,3,1,'2020-06-08 06:38:19','2020-06-11 02:54:15','1/2',1,1,1),(3,3,2,'2020-06-11 02:54:15','2020-06-11 02:55:42','1/2/3',1,2,0);
DELIMITER ;;
/*!50003 CREATE*/ /*!50017 DEFINER=`djfwalland_walland`@`localhost`*/ /*!50003 TRIGGER trg_wal_catalog_category_entity_after_insert AFTER INSERT ON wal_catalog_category_entity FOR EACH ROW
BEGIN
INSERT IGNORE INTO `wal_catalog_category_product_cl` (`entity_id`) VALUES (NEW.`entity_id`);
END */;;
DELIMITER ;
DELIMITER ;;
/*!50003 CREATE*/ /*!50017 DEFINER=`djfwalland_walland`@`localhost`*/ /*!50003 TRIGGER trg_wal_catalog_category_entity_after_update AFTER UPDATE ON wal_catalog_category_entity FOR EACH ROW
BEGIN
IF (NOT(NEW.`entity_id` <=> OLD.`entity_id`) OR NOT(NEW.`attribute_set_id` <=> OLD.`attribute_set_id`) OR NOT(NEW.`parent_id` <=> OLD.`parent_id`) OR NOT(NEW.`created_at` <=> OLD.`created_at`) OR NOT(NEW.`path` <=> OLD.`path`) OR NOT(NEW.`position` <=> OLD.`position`) OR NOT(NEW.`level` <=> OLD.`level`) OR NOT(NEW.`children_count` <=> OLD.`children_count`)) THEN INSERT IGNORE INTO `wal_catalog_category_product_cl` (`entity_id`) VALUES (NEW.`entity_id`); END IF;
END */;;
DELIMITER ;
DELIMITER ;;
/*!50003 CREATE*/ /*!50017 DEFINER=`djfwalland_walland`@`localhost`*/ /*!50003 TRIGGER trg_wal_catalog_category_entity_after_delete AFTER DELETE ON wal_catalog_category_entity FOR EACH ROW
BEGIN
INSERT IGNORE INTO `wal_catalog_category_product_cl` (`entity_id`) VALUES (OLD.`entity_id`);
END */;;
DELIMITER ;

--
-- Table structure for table `wal_catalog_category_entity_datetime`
--

CREATE TABLE `wal_catalog_category_entity_datetime` (
  `value_id` int(11) NOT NULL AUTO_INCREMENT COMMENT 'Value ID',
  `attribute_id` smallint(5) unsigned NOT NULL DEFAULT '0' COMMENT 'Attribute ID',
  `store_id` smallint(5) unsigned NOT NULL DEFAULT '0' COMMENT 'Store ID',
  `entity_id` int(10) unsigned NOT NULL DEFAULT '0' COMMENT 'Entity ID',
  `value` datetime DEFAULT NULL COMMENT 'Value',
  PRIMARY KEY (`value_id`),
  UNIQUE KEY `WAL_CAT_CTGR_ENTT_DTIME_ENTT_ID_ATTR_ID_STORE_ID` (`entity_id`,`attribute_id`,`store_id`),
  KEY `WAL_CATALOG_CATEGORY_ENTITY_DATETIME_ENTITY_ID` (`entity_id`),
  KEY `WAL_CATALOG_CATEGORY_ENTITY_DATETIME_ATTRIBUTE_ID` (`attribute_id`),
  KEY `WAL_CATALOG_CATEGORY_ENTITY_DATETIME_STORE_ID` (`store_id`),
  CONSTRAINT `WAL_CATALOG_CATEGORY_ENTITY_DATETIME_STORE_ID_WAL_STORE_STORE_ID` FOREIGN KEY (`store_id`) REFERENCES `wal_store` (`store_id`) ON DELETE CASCADE,
  CONSTRAINT `WAL_CAT_CTGR_ENTT_DTIME_ATTR_ID_WAL_EAV_ATTR_ATTR_ID` FOREIGN KEY (`attribute_id`) REFERENCES `wal_eav_attribute` (`attribute_id`) ON DELETE CASCADE,
  CONSTRAINT `WAL_CAT_CTGR_ENTT_DTIME_ENTT_ID_WAL_CAT_CTGR_ENTT_ENTT_ID` FOREIGN KEY (`entity_id`) REFERENCES `wal_catalog_category_entity` (`entity_id`) ON DELETE CASCADE
) ENGINE=InnoDB AUTO_INCREMENT=3 DEFAULT CHARSET=utf8 COMMENT='Catalog Category Datetime Attribute Backend Table';

--
-- Dumping data for table `wal_catalog_category_entity_datetime`
--

INSERT INTO `wal_catalog_category_entity_datetime` VALUES (1,61,0,3,NULL),(2,62,0,3,NULL);

--
-- Table structure for table `wal_catalog_category_entity_decimal`
--

CREATE TABLE `wal_catalog_category_entity_decimal` (
  `value_id` int(11) NOT NULL AUTO_INCREMENT COMMENT 'Value ID',
  `attribute_id` smallint(5) unsigned NOT NULL DEFAULT '0' COMMENT 'Attribute ID',
  `store_id` smallint(5) unsigned NOT NULL DEFAULT '0' COMMENT 'Store ID',
  `entity_id` int(10) unsigned NOT NULL DEFAULT '0' COMMENT 'Entity ID',
  `value` decimal(20,6) DEFAULT NULL COMMENT 'Value',
  PRIMARY KEY (`value_id`),
  UNIQUE KEY `WAL_CAT_CTGR_ENTT_DEC_ENTT_ID_ATTR_ID_STORE_ID` (`entity_id`,`attribute_id`,`store_id`),
  KEY `WAL_CATALOG_CATEGORY_ENTITY_DECIMAL_ENTITY_ID` (`entity_id`),
  KEY `WAL_CATALOG_CATEGORY_ENTITY_DECIMAL_ATTRIBUTE_ID` (`attribute_id`),
  KEY `WAL_CATALOG_CATEGORY_ENTITY_DECIMAL_STORE_ID` (`store_id`),
  CONSTRAINT `WAL_CATALOG_CATEGORY_ENTITY_DECIMAL_STORE_ID_WAL_STORE_STORE_ID` FOREIGN KEY (`store_id`) REFERENCES `wal_store` (`store_id`) ON DELETE CASCADE,
  CONSTRAINT `WAL_CAT_CTGR_ENTT_DEC_ATTR_ID_WAL_EAV_ATTR_ATTR_ID` FOREIGN KEY (`attribute_id`) REFERENCES `wal_eav_attribute` (`attribute_id`) ON DELETE CASCADE,
  CONSTRAINT `WAL_CAT_CTGR_ENTT_DEC_ENTT_ID_WAL_CAT_CTGR_ENTT_ENTT_ID` FOREIGN KEY (`entity_id`) REFERENCES `wal_catalog_category_entity` (`entity_id`) ON DELETE CASCADE
) ENGINE=InnoDB DEFAULT CHARSET=utf8 COMMENT='Catalog Category Decimal Attribute Backend Table';

--
-- Dumping data for table `wal_catalog_category_entity_decimal`
--


--
-- Table structure for table `wal_catalog_category_entity_int`
--

CREATE TABLE `wal_catalog_category_entity_int` (
  `value_id` int(11) NOT NULL AUTO_INCREMENT COMMENT 'Value ID',
  `attribute_id` smallint(5) unsigned NOT NULL DEFAULT '0' COMMENT 'Attribute ID',
  `store_id` smallint(5) unsigned NOT NULL DEFAULT '0' COMMENT 'Store ID',
  `entity_id` int(10) unsigned NOT NULL DEFAULT '0' COMMENT 'Entity ID',
  `value` int(11) DEFAULT NULL COMMENT 'Value',
  PRIMARY KEY (`value_id`),
  UNIQUE KEY `WAL_CATALOG_CATEGORY_ENTITY_INT_ENTITY_ID_ATTRIBUTE_ID_STORE_ID` (`entity_id`,`attribute_id`,`store_id`),
  KEY `WAL_CATALOG_CATEGORY_ENTITY_INT_ENTITY_ID` (`entity_id`),
  KEY `WAL_CATALOG_CATEGORY_ENTITY_INT_ATTRIBUTE_ID` (`attribute_id`),
  KEY `WAL_CATALOG_CATEGORY_ENTITY_INT_STORE_ID` (`store_id`),
  CONSTRAINT `WAL_CATALOG_CATEGORY_ENTITY_INT_STORE_ID_WAL_STORE_STORE_ID` FOREIGN KEY (`store_id`) REFERENCES `wal_store` (`store_id`) ON DELETE CASCADE,
  CONSTRAINT `WAL_CAT_CTGR_ENTT_INT_ATTR_ID_WAL_EAV_ATTR_ATTR_ID` FOREIGN KEY (`attribute_id`) REFERENCES `wal_eav_attribute` (`attribute_id`) ON DELETE CASCADE,
  CONSTRAINT `WAL_CAT_CTGR_ENTT_INT_ENTT_ID_WAL_CAT_CTGR_ENTT_ENTT_ID` FOREIGN KEY (`entity_id`) REFERENCES `wal_catalog_category_entity` (`entity_id`) ON DELETE CASCADE
) ENGINE=InnoDB AUTO_INCREMENT=13 DEFAULT CHARSET=utf8 COMMENT='Catalog Category Integer Attribute Backend Table';

--
-- Dumping data for table `wal_catalog_category_entity_int`
--

INSERT INTO `wal_catalog_category_entity_int` VALUES (1,69,0,1,1),(2,46,0,2,1),(3,69,0,2,1),(4,46,0,3,1),(5,54,0,3,1),(6,69,0,3,1),(7,70,0,3,0),(8,71,0,3,0),(9,53,0,3,NULL),(10,46,1,2,1),(11,54,0,2,1),(12,69,1,2,1);
DELIMITER ;;
/*!50003 CREATE*/ /*!50017 DEFINER=`djfwalland_walland`@`localhost`*/ /*!50003 TRIGGER trg_wal_catalog_category_entity_int_after_insert AFTER INSERT ON wal_catalog_category_entity_int FOR EACH ROW
BEGIN
INSERT IGNORE INTO `wal_catalog_category_product_cl` (`entity_id`) VALUES (NEW.`entity_id`);
END */;;
DELIMITER ;
DELIMITER ;;
/*!50003 CREATE*/ /*!50017 DEFINER=`djfwalland_walland`@`localhost`*/ /*!50003 TRIGGER trg_wal_catalog_category_entity_int_after_update AFTER UPDATE ON wal_catalog_category_entity_int FOR EACH ROW
BEGIN
IF (NOT(NEW.`value_id` <=> OLD.`value_id`) OR NOT(NEW.`attribute_id` <=> OLD.`attribute_id`) OR NOT(NEW.`store_id` <=> OLD.`store_id`) OR NOT(NEW.`entity_id` <=> OLD.`entity_id`) OR NOT(NEW.`value` <=> OLD.`value`)) THEN INSERT IGNORE INTO `wal_catalog_category_product_cl` (`entity_id`) VALUES (NEW.`entity_id`); END IF;
END */;;
DELIMITER ;
DELIMITER ;;
/*!50003 CREATE*/ /*!50017 DEFINER=`djfwalland_walland`@`localhost`*/ /*!50003 TRIGGER trg_wal_catalog_category_entity_int_after_delete AFTER DELETE ON wal_catalog_category_entity_int FOR EACH ROW
BEGIN
INSERT IGNORE INTO `wal_catalog_category_product_cl` (`entity_id`) VALUES (OLD.`entity_id`);
END */;;
DELIMITER ;

--
-- Table structure for table `wal_catalog_category_entity_text`
--

CREATE TABLE `wal_catalog_category_entity_text` (
  `value_id` int(11) NOT NULL AUTO_INCREMENT COMMENT 'Value ID',
  `attribute_id` smallint(5) unsigned NOT NULL DEFAULT '0' COMMENT 'Attribute ID',
  `store_id` smallint(5) unsigned NOT NULL DEFAULT '0' COMMENT 'Store ID',
  `entity_id` int(10) unsigned NOT NULL DEFAULT '0' COMMENT 'Entity ID',
  `value` mediumtext COMMENT 'Value',
  PRIMARY KEY (`value_id`),
  UNIQUE KEY `WAL_CATALOG_CATEGORY_ENTITY_TEXT_ENTITY_ID_ATTRIBUTE_ID_STORE_ID` (`entity_id`,`attribute_id`,`store_id`),
  KEY `WAL_CATALOG_CATEGORY_ENTITY_TEXT_ENTITY_ID` (`entity_id`),
  KEY `WAL_CATALOG_CATEGORY_ENTITY_TEXT_ATTRIBUTE_ID` (`attribute_id`),
  KEY `WAL_CATALOG_CATEGORY_ENTITY_TEXT_STORE_ID` (`store_id`),
  CONSTRAINT `WAL_CATALOG_CATEGORY_ENTITY_TEXT_STORE_ID_WAL_STORE_STORE_ID` FOREIGN KEY (`store_id`) REFERENCES `wal_store` (`store_id`) ON DELETE CASCADE,
  CONSTRAINT `WAL_CAT_CTGR_ENTT_TEXT_ATTR_ID_WAL_EAV_ATTR_ATTR_ID` FOREIGN KEY (`attribute_id`) REFERENCES `wal_eav_attribute` (`attribute_id`) ON DELETE CASCADE,
  CONSTRAINT `WAL_CAT_CTGR_ENTT_TEXT_ENTT_ID_WAL_CAT_CTGR_ENTT_ENTT_ID` FOREIGN KEY (`entity_id`) REFERENCES `wal_catalog_category_entity` (`entity_id`) ON DELETE CASCADE
) ENGINE=InnoDB AUTO_INCREMENT=5 DEFAULT CHARSET=utf8 COMMENT='Catalog Category Text Attribute Backend Table';

--
-- Dumping data for table `wal_catalog_category_entity_text`
--

INSERT INTO `wal_catalog_category_entity_text` VALUES (1,47,0,3,NULL),(2,50,0,3,NULL),(3,51,0,3,NULL),(4,64,0,3,NULL);

--
-- Table structure for table `wal_catalog_category_entity_varchar`
--

CREATE TABLE `wal_catalog_category_entity_varchar` (
  `value_id` int(11) NOT NULL AUTO_INCREMENT COMMENT 'Value ID',
  `attribute_id` smallint(5) unsigned NOT NULL DEFAULT '0' COMMENT 'Attribute ID',
  `store_id` smallint(5) unsigned NOT NULL DEFAULT '0' COMMENT 'Store ID',
  `entity_id` int(10) unsigned NOT NULL DEFAULT '0' COMMENT 'Entity ID',
  `value` varchar(255) DEFAULT NULL COMMENT 'Value',
  PRIMARY KEY (`value_id`),
  UNIQUE KEY `WAL_CAT_CTGR_ENTT_VCHR_ENTT_ID_ATTR_ID_STORE_ID` (`entity_id`,`attribute_id`,`store_id`),
  KEY `WAL_CATALOG_CATEGORY_ENTITY_VARCHAR_ENTITY_ID` (`entity_id`),
  KEY `WAL_CATALOG_CATEGORY_ENTITY_VARCHAR_ATTRIBUTE_ID` (`attribute_id`),
  KEY `WAL_CATALOG_CATEGORY_ENTITY_VARCHAR_STORE_ID` (`store_id`),
  CONSTRAINT `WAL_CATALOG_CATEGORY_ENTITY_VARCHAR_STORE_ID_WAL_STORE_STORE_ID` FOREIGN KEY (`store_id`) REFERENCES `wal_store` (`store_id`) ON DELETE CASCADE,
  CONSTRAINT `WAL_CAT_CTGR_ENTT_VCHR_ATTR_ID_WAL_EAV_ATTR_ATTR_ID` FOREIGN KEY (`attribute_id`) REFERENCES `wal_eav_attribute` (`attribute_id`) ON DELETE CASCADE,
  CONSTRAINT `WAL_CAT_CTGR_ENTT_VCHR_ENTT_ID_WAL_CAT_CTGR_ENTT_ENTT_ID` FOREIGN KEY (`entity_id`) REFERENCES `wal_catalog_category_entity` (`entity_id`) ON DELETE CASCADE
) ENGINE=InnoDB AUTO_INCREMENT=17 DEFAULT CHARSET=utf8 COMMENT='Catalog Category Varchar Attribute Backend Table';

--
-- Dumping data for table `wal_catalog_category_entity_varchar`
--

INSERT INTO `wal_catalog_category_entity_varchar` VALUES (1,45,0,1,'Root Catalog'),(2,45,0,2,'Default Category'),(3,52,0,2,'PRODUCTS'),(4,45,0,3,'demo category'),(5,52,0,3,'PRODUCTS'),(6,119,0,3,'demo-category'),(7,120,0,3,'demo-category'),(9,48,0,3,NULL),(10,49,0,3,NULL),(11,60,0,3,NULL),(12,63,0,3,NULL),(13,45,1,2,'Default Category'),(14,52,1,2,'PRODUCTS'),(15,119,1,2,'default-category'),(16,120,1,2,NULL);

--
-- Table structure for table `wal_catalog_category_product`
--

CREATE TABLE `wal_catalog_category_product` (
  `entity_id` int(11) NOT NULL AUTO_INCREMENT COMMENT 'Entity ID',
  `category_id` int(10) unsigned NOT NULL DEFAULT '0' COMMENT 'Category ID',
  `product_id` int(10) unsigned NOT NULL DEFAULT '0' COMMENT 'Product ID',
  `position` int(11) NOT NULL DEFAULT '0' COMMENT 'Position',
  PRIMARY KEY (`entity_id`,`category_id`,`product_id`),
  UNIQUE KEY `WAL_CATALOG_CATEGORY_PRODUCT_CATEGORY_ID_PRODUCT_ID` (`category_id`,`product_id`),
  KEY `WAL_CATALOG_CATEGORY_PRODUCT_PRODUCT_ID` (`product_id`),
  CONSTRAINT `WAL_CAT_CTGR_PRD_CTGR_ID_WAL_CAT_CTGR_ENTT_ENTT_ID` FOREIGN KEY (`category_id`) REFERENCES `wal_catalog_category_entity` (`entity_id`) ON DELETE CASCADE,
  CONSTRAINT `WAL_CAT_CTGR_PRD_PRD_ID_WAL_CAT_PRD_ENTT_ENTT_ID` FOREIGN KEY (`product_id`) REFERENCES `wal_catalog_product_entity` (`entity_id`) ON DELETE CASCADE
) ENGINE=InnoDB AUTO_INCREMENT=2 DEFAULT CHARSET=utf8 COMMENT='Catalog Product To Category Linkage Table';

--
-- Dumping data for table `wal_catalog_category_product`
--

INSERT INTO `wal_catalog_category_product` VALUES (1,3,1,0);
DELIMITER ;;
/*!50003 CREATE*/ /*!50017 DEFINER=`djfwalland_walland`@`localhost`*/ /*!50003 TRIGGER trg_wal_catalog_category_product_after_insert AFTER INSERT ON wal_catalog_category_product FOR EACH ROW
BEGIN
INSERT IGNORE INTO `wal_amasty_feed_product_cl` (`entity_id`) VALUES (NEW.`product_id`);
INSERT IGNORE INTO `wal_catalog_product_category_cl` (`entity_id`) VALUES (NEW.`product_id`);
INSERT IGNORE INTO `wal_catalogrule_product_cl` (`entity_id`) VALUES (NEW.`product_id`);
INSERT IGNORE INTO `wal_catalogsearch_fulltext_cl` (`entity_id`) VALUES (NEW.`product_id`);
INSERT IGNORE INTO `wal_amasty_tabs_product_tab_cl` (`entity_id`) VALUES (NEW.`product_id`);
END */;;
DELIMITER ;
DELIMITER ;;
/*!50003 CREATE*/ /*!50017 DEFINER=`djfwalland_walland`@`localhost`*/ /*!50003 TRIGGER trg_wal_catalog_category_product_after_update AFTER UPDATE ON wal_catalog_category_product FOR EACH ROW
BEGIN
IF (NOT(NEW.`entity_id` <=> OLD.`entity_id`) OR NOT(NEW.`category_id` <=> OLD.`category_id`) OR NOT(NEW.`product_id` <=> OLD.`product_id`) OR NOT(NEW.`position` <=> OLD.`position`)) THEN INSERT IGNORE INTO `wal_amasty_feed_product_cl` (`entity_id`) VALUES (NEW.`product_id`); END IF;
IF (NOT(NEW.`entity_id` <=> OLD.`entity_id`) OR NOT(NEW.`category_id` <=> OLD.`category_id`) OR NOT(NEW.`product_id` <=> OLD.`product_id`) OR NOT(NEW.`position` <=> OLD.`position`)) THEN INSERT IGNORE INTO `wal_catalog_product_category_cl` (`entity_id`) VALUES (NEW.`product_id`); END IF;
IF (NOT(NEW.`entity_id` <=> OLD.`entity_id`) OR NOT(NEW.`category_id` <=> OLD.`category_id`) OR NOT(NEW.`product_id` <=> OLD.`product_id`) OR NOT(NEW.`position` <=> OLD.`position`)) THEN INSERT IGNORE INTO `wal_catalogrule_product_cl` (`entity_id`) VALUES (NEW.`product_id`); END IF;
IF (NOT(NEW.`entity_id` <=> OLD.`entity_id`) OR NOT(NEW.`category_id` <=> OLD.`category_id`) OR NOT(NEW.`product_id` <=> OLD.`product_id`) OR NOT(NEW.`position` <=> OLD.`position`)) THEN INSERT IGNORE INTO `wal_catalogsearch_fulltext_cl` (`entity_id`) VALUES (NEW.`product_id`); END IF;
IF (NOT(NEW.`entity_id` <=> OLD.`entity_id`) OR NOT(NEW.`category_id` <=> OLD.`category_id`) OR NOT(NEW.`product_id` <=> OLD.`product_id`) OR NOT(NEW.`position` <=> OLD.`position`)) THEN INSERT IGNORE INTO `wal_amasty_tabs_product_tab_cl` (`entity_id`) VALUES (NEW.`product_id`); END IF;
END */;;
DELIMITER ;
DELIMITER ;;
/*!50003 CREATE*/ /*!50017 DEFINER=`djfwalland_walland`@`localhost`*/ /*!50003 TRIGGER trg_wal_catalog_category_product_after_delete AFTER DELETE ON wal_catalog_category_product FOR EACH ROW
BEGIN
INSERT IGNORE INTO `wal_amasty_feed_product_cl` (`entity_id`) VALUES (OLD.`product_id`);
INSERT IGNORE INTO `wal_catalog_product_category_cl` (`entity_id`) VALUES (OLD.`product_id`);
INSERT IGNORE INTO `wal_catalogrule_product_cl` (`entity_id`) VALUES (OLD.`product_id`);
INSERT IGNORE INTO `wal_catalogsearch_fulltext_cl` (`entity_id`) VALUES (OLD.`product_id`);
INSERT IGNORE INTO `wal_amasty_tabs_product_tab_cl` (`entity_id`) VALUES (OLD.`product_id`);
END */;;
DELIMITER ;

--
-- Table structure for table `wal_catalog_category_product_cl`
--

CREATE TABLE `wal_catalog_category_product_cl` (
  `version_id` int(10) unsigned NOT NULL AUTO_INCREMENT COMMENT 'Version ID',
  `entity_id` int(10) unsigned NOT NULL DEFAULT '0' COMMENT 'Entity ID',
  PRIMARY KEY (`version_id`)
) ENGINE=InnoDB AUTO_INCREMENT=4 DEFAULT CHARSET=utf8 COMMENT='wal_catalog_category_product_cl';

--
-- Dumping data for table `wal_catalog_category_product_cl`
--

INSERT INTO `wal_catalog_category_product_cl` VALUES (1,2),(2,2),(3,2);

--
-- Table structure for table `wal_catalog_category_product_index`
--

CREATE TABLE `wal_catalog_category_product_index` (
  `category_id` int(10) unsigned NOT NULL DEFAULT '0' COMMENT 'Category ID',
  `product_id` int(10) unsigned NOT NULL DEFAULT '0' COMMENT 'Product ID',
  `position` int(11) DEFAULT NULL COMMENT 'Position',
  `is_parent` smallint(5) unsigned NOT NULL DEFAULT '0' COMMENT 'Is Parent',
  `store_id` smallint(5) unsigned NOT NULL DEFAULT '0' COMMENT 'Store ID',
  `visibility` smallint(5) unsigned NOT NULL COMMENT 'Visibility',
  PRIMARY KEY (`category_id`,`product_id`,`store_id`),
  KEY `WAL_CAT_CTGR_PRD_IDX_PRD_ID_STORE_ID_CTGR_ID_VISIBILITY` (`product_id`,`store_id`,`category_id`,`visibility`),
  KEY `IDX_D5E0CFEF7B66E3143BB444DD0BCA83B8` (`store_id`,`category_id`,`visibility`,`is_parent`,`position`)
) ENGINE=InnoDB DEFAULT CHARSET=utf8 COMMENT='Catalog Category Product Index';

--
-- Dumping data for table `wal_catalog_category_product_index`
--


--
-- Table structure for table `wal_catalog_category_product_index_replica`
--

CREATE TABLE `wal_catalog_category_product_index_replica` (
  `category_id` int(10) unsigned NOT NULL DEFAULT '0' COMMENT 'Category ID',
  `product_id` int(10) unsigned NOT NULL DEFAULT '0' COMMENT 'Product ID',
  `position` int(11) DEFAULT NULL COMMENT 'Position',
  `is_parent` smallint(5) unsigned NOT NULL DEFAULT '0' COMMENT 'Is Parent',
  `store_id` smallint(5) unsigned NOT NULL DEFAULT '0' COMMENT 'Store ID',
  `visibility` smallint(5) unsigned NOT NULL COMMENT 'Visibility',
  PRIMARY KEY (`category_id`,`product_id`,`store_id`),
  KEY `WAL_CAT_CTGR_PRD_IDX_PRD_ID_STORE_ID_CTGR_ID_VISIBILITY` (`product_id`,`store_id`,`category_id`,`visibility`),
  KEY `IDX_D5E0CFEF7B66E3143BB444DD0BCA83B8` (`store_id`,`category_id`,`visibility`,`is_parent`,`position`)
) ENGINE=InnoDB DEFAULT CHARSET=utf8 COMMENT='Catalog Category Product Index';

--
-- Dumping data for table `wal_catalog_category_product_index_replica`
--


--
-- Table structure for table `wal_catalog_category_product_index_store1`
--

CREATE TABLE `wal_catalog_category_product_index_store1` (
  `category_id` int(10) unsigned NOT NULL DEFAULT '0' COMMENT 'Category Id',
  `product_id` int(10) unsigned NOT NULL DEFAULT '0' COMMENT 'Product Id',
  `position` int(11) DEFAULT NULL COMMENT 'Position',
  `is_parent` smallint(5) unsigned NOT NULL DEFAULT '0' COMMENT 'Is Parent',
  `store_id` smallint(5) unsigned NOT NULL DEFAULT '0' COMMENT 'Store Id',
  `visibility` smallint(5) unsigned NOT NULL COMMENT 'Visibility',
  PRIMARY KEY (`category_id`,`product_id`,`store_id`),
  KEY `WAL_CAT_CTGR_PRD_IDX_STORE1_PRD_ID_STORE_ID_CTGR_ID_VISIBILITY` (`product_id`,`store_id`,`category_id`,`visibility`),
  KEY `IDX_C85F9A7F443A00F919887DA782BD17CC` (`store_id`,`category_id`,`visibility`,`is_parent`,`position`)
) ENGINE=InnoDB DEFAULT CHARSET=utf8 COMMENT='Wal Catalog Category Product Index Store1';

--
-- Dumping data for table `wal_catalog_category_product_index_store1`
--

INSERT INTO `wal_catalog_category_product_index_store1` VALUES (2,1,10000,0,1,4),(3,1,0,1,1,4);

--
-- Table structure for table `wal_catalog_category_product_index_store1_replica`
--

CREATE TABLE `wal_catalog_category_product_index_store1_replica` (
  `category_id` int(10) unsigned NOT NULL DEFAULT '0' COMMENT 'Category Id',
  `product_id` int(10) unsigned NOT NULL DEFAULT '0' COMMENT 'Product Id',
  `position` int(11) DEFAULT NULL COMMENT 'Position',
  `is_parent` smallint(5) unsigned NOT NULL DEFAULT '0' COMMENT 'Is Parent',
  `store_id` smallint(5) unsigned NOT NULL DEFAULT '0' COMMENT 'Store Id',
  `visibility` smallint(5) unsigned NOT NULL COMMENT 'Visibility',
  PRIMARY KEY (`category_id`,`product_id`,`store_id`),
  KEY `IDX_0C1ACBF228C06AC663FF1ADB7C9D03C8` (`product_id`,`store_id`,`category_id`,`visibility`),
  KEY `IDX_E773E23CDA668C841650F1C5751C4192` (`store_id`,`category_id`,`visibility`,`is_parent`,`position`)
) ENGINE=InnoDB DEFAULT CHARSET=utf8 COMMENT='Wal Catalog Category Product Index Store1 Replica';

--
-- Dumping data for table `wal_catalog_category_product_index_store1_replica`
--

INSERT INTO `wal_catalog_category_product_index_store1_replica` VALUES (2,1,10000,0,1,4),(3,1,0,1,1,4);

--
-- Table structure for table `wal_catalog_category_product_index_tmp`
--

CREATE TABLE `wal_catalog_category_product_index_tmp` (
  `category_id` int(10) unsigned NOT NULL DEFAULT '0' COMMENT 'Category ID',
  `product_id` int(10) unsigned NOT NULL DEFAULT '0' COMMENT 'Product ID',
  `position` int(11) NOT NULL DEFAULT '0' COMMENT 'Position',
  `is_parent` smallint(5) unsigned NOT NULL DEFAULT '0' COMMENT 'Is Parent',
  `store_id` smallint(5) unsigned NOT NULL DEFAULT '0' COMMENT 'Store ID',
  `visibility` smallint(5) unsigned NOT NULL COMMENT 'Visibility',
  PRIMARY KEY (`category_id`,`product_id`,`store_id`),
  KEY `WAL_CAT_CTGR_PRD_IDX_TMP_PRD_ID_CTGR_ID_STORE_ID` (`product_id`,`category_id`,`store_id`)
) ENGINE=InnoDB DEFAULT CHARSET=utf8 COMMENT='Catalog Category Product Indexer temporary table';

--
-- Dumping data for table `wal_catalog_category_product_index_tmp`
--


--
-- Table structure for table `wal_catalog_compare_item`
--

CREATE TABLE `wal_catalog_compare_item` (
  `catalog_compare_item_id` int(10) unsigned NOT NULL AUTO_INCREMENT COMMENT 'Compare Item ID',
  `visitor_id` int(10) unsigned NOT NULL DEFAULT '0' COMMENT 'Visitor ID',
  `customer_id` int(10) unsigned DEFAULT NULL COMMENT 'Customer ID',
  `product_id` int(10) unsigned NOT NULL DEFAULT '0' COMMENT 'Product ID',
  `store_id` smallint(5) unsigned DEFAULT NULL COMMENT 'Store ID',
  `list_id` int(10) unsigned DEFAULT NULL COMMENT 'List ID',
  PRIMARY KEY (`catalog_compare_item_id`),
  KEY `WAL_CATALOG_COMPARE_ITEM_PRODUCT_ID` (`product_id`),
  KEY `WAL_CATALOG_COMPARE_ITEM_VISITOR_ID_PRODUCT_ID` (`visitor_id`,`product_id`),
  KEY `WAL_CATALOG_COMPARE_ITEM_CUSTOMER_ID_PRODUCT_ID` (`customer_id`,`product_id`),
  KEY `WAL_CATALOG_COMPARE_ITEM_STORE_ID` (`store_id`),
  KEY `WAL_CAT_CMP_ITEM_LIST_ID_WAL_CAT_CMP_LIST_LIST_ID` (`list_id`),
  CONSTRAINT `WAL_CATALOG_COMPARE_ITEM_STORE_ID_WAL_STORE_STORE_ID` FOREIGN KEY (`store_id`) REFERENCES `wal_store` (`store_id`) ON DELETE SET NULL,
  CONSTRAINT `WAL_CAT_CMP_ITEM_CSTR_ID_WAL_CSTR_ENTT_ENTT_ID` FOREIGN KEY (`customer_id`) REFERENCES `wal_customer_entity` (`entity_id`) ON DELETE CASCADE,
  CONSTRAINT `WAL_CAT_CMP_ITEM_LIST_ID_WAL_CAT_CMP_LIST_LIST_ID` FOREIGN KEY (`list_id`) REFERENCES `wal_catalog_compare_list` (`list_id`) ON DELETE CASCADE,
  CONSTRAINT `WAL_CAT_CMP_ITEM_PRD_ID_WAL_CAT_PRD_ENTT_ENTT_ID` FOREIGN KEY (`product_id`) REFERENCES `wal_catalog_product_entity` (`entity_id`) ON DELETE CASCADE
) ENGINE=InnoDB DEFAULT CHARSET=utf8 COMMENT='Catalog Compare Table';

--
-- Dumping data for table `wal_catalog_compare_item`
--


--
-- Table structure for table `wal_catalog_compare_list`
--

CREATE TABLE `wal_catalog_compare_list` (
  `list_id` int(10) unsigned NOT NULL AUTO_INCREMENT COMMENT 'Compare List ID',
  `list_id_mask` varchar(32) DEFAULT NULL COMMENT 'Masked ID',
  `customer_id` int(10) unsigned DEFAULT NULL COMMENT 'Customer ID',
  PRIMARY KEY (`list_id`),
  UNIQUE KEY `WAL_CATALOG_COMPARE_LIST_CUSTOMER_ID` (`customer_id`),
  KEY `WAL_CATALOG_COMPARE_LIST_LIST_ID_MASK` (`list_id_mask`),
  CONSTRAINT `WAL_CAT_CMP_LIST_CSTR_ID_WAL_CSTR_ENTT_ENTT_ID` FOREIGN KEY (`customer_id`) REFERENCES `wal_customer_entity` (`entity_id`) ON DELETE CASCADE
) ENGINE=InnoDB DEFAULT CHARSET=utf8 COMMENT='Catalog Compare List with hash Table';

--
-- Dumping data for table `wal_catalog_compare_list`
--


--
-- Table structure for table `wal_catalog_eav_attribute`
--

CREATE TABLE `wal_catalog_eav_attribute` (
  `attribute_id` smallint(5) unsigned NOT NULL COMMENT 'Attribute ID',
  `frontend_input_renderer` varchar(255) DEFAULT NULL COMMENT 'Frontend Input Renderer',
  `is_global` smallint(5) unsigned NOT NULL DEFAULT '1' COMMENT 'Is Global',
  `is_visible` smallint(5) unsigned NOT NULL DEFAULT '1' COMMENT 'Is Visible',
  `is_searchable` smallint(5) unsigned NOT NULL DEFAULT '0' COMMENT 'Is Searchable',
  `is_filterable` smallint(5) unsigned NOT NULL DEFAULT '0' COMMENT 'Is Filterable',
  `is_comparable` smallint(5) unsigned NOT NULL DEFAULT '0' COMMENT 'Is Comparable',
  `is_visible_on_front` smallint(5) unsigned NOT NULL DEFAULT '0' COMMENT 'Is Visible On Front',
  `is_html_allowed_on_front` smallint(5) unsigned NOT NULL DEFAULT '0' COMMENT 'Is HTML Allowed On Front',
  `is_used_for_price_rules` smallint(5) unsigned NOT NULL DEFAULT '0' COMMENT 'Is Used For Price Rules',
  `is_filterable_in_search` smallint(5) unsigned NOT NULL DEFAULT '0' COMMENT 'Is Filterable In Search',
  `used_in_product_listing` smallint(5) unsigned NOT NULL DEFAULT '0' COMMENT 'Is Used In Product Listing',
  `used_for_sort_by` smallint(5) unsigned NOT NULL DEFAULT '0' COMMENT 'Is Used For Sorting',
  `apply_to` varchar(255) DEFAULT NULL COMMENT 'Apply To',
  `is_visible_in_advanced_search` smallint(5) unsigned NOT NULL DEFAULT '0' COMMENT 'Is Visible In Advanced Search',
  `position` int(11) NOT NULL DEFAULT '0' COMMENT 'Position',
  `is_wysiwyg_enabled` smallint(5) unsigned NOT NULL DEFAULT '0' COMMENT 'Is WYSIWYG Enabled',
  `is_used_for_promo_rules` smallint(5) unsigned NOT NULL DEFAULT '0' COMMENT 'Is Used For Promo Rules',
  `is_required_in_admin_store` smallint(5) unsigned NOT NULL DEFAULT '0' COMMENT 'Is Required In Admin Store',
  `is_used_in_grid` smallint(5) unsigned NOT NULL DEFAULT '0' COMMENT 'Is Used in Grid',
  `is_visible_in_grid` smallint(5) unsigned NOT NULL DEFAULT '0' COMMENT 'Is Visible in Grid',
  `is_filterable_in_grid` smallint(5) unsigned NOT NULL DEFAULT '0' COMMENT 'Is Filterable in Grid',
  `search_weight` float NOT NULL DEFAULT '1' COMMENT 'Search Weight',
  `additional_data` text COMMENT 'Additional swatch attributes data',
  `extra_options` text COMMENT 'Extra Options',
  `is_pagebuilder_enabled` tinyint(1) NOT NULL DEFAULT '0' COMMENT 'Is PageBuilder Enabled',
  PRIMARY KEY (`attribute_id`),
  KEY `WAL_CATALOG_EAV_ATTRIBUTE_USED_FOR_SORT_BY` (`used_for_sort_by`),
  KEY `WAL_CATALOG_EAV_ATTRIBUTE_USED_IN_PRODUCT_LISTING` (`used_in_product_listing`),
  CONSTRAINT `WAL_CAT_EAV_ATTR_ATTR_ID_WAL_EAV_ATTR_ATTR_ID` FOREIGN KEY (`attribute_id`) REFERENCES `wal_eav_attribute` (`attribute_id`) ON DELETE CASCADE
) ENGINE=InnoDB DEFAULT CHARSET=utf8 COMMENT='Catalog EAV Attribute Table';

--
-- Dumping data for table `wal_catalog_eav_attribute`
--

INSERT INTO `wal_catalog_eav_attribute` VALUES (45,NULL,0,1,0,0,0,0,0,0,0,0,0,NULL,0,0,0,0,0,0,0,0,1,NULL,NULL,0),(46,NULL,0,1,0,0,0,0,0,0,0,0,0,NULL,0,0,0,0,0,0,0,0,1,NULL,NULL,0),(47,NULL,0,1,0,0,0,0,1,0,0,0,0,NULL,0,0,1,0,0,0,0,0,1,NULL,NULL,0),(48,NULL,0,1,0,0,0,0,0,0,0,0,0,NULL,0,0,0,0,0,0,0,0,1,NULL,NULL,0),(49,NULL,0,1,0,0,0,0,0,0,0,0,0,NULL,0,0,0,0,0,0,0,0,1,NULL,NULL,0),(50,NULL,0,1,0,0,0,0,0,0,0,0,0,NULL,0,0,0,0,0,0,0,0,1,NULL,NULL,0),(51,NULL,0,1,0,0,0,0,0,0,0,0,0,NULL,0,0,0,0,0,0,0,0,1,NULL,NULL,0),(52,NULL,0,1,0,0,0,0,0,0,0,0,0,NULL,0,0,0,0,0,0,0,0,1,NULL,NULL,0),(53,NULL,0,1,0,0,0,0,0,0,0,0,0,NULL,0,0,0,0,0,0,0,0,1,NULL,NULL,0),(54,NULL,1,1,0,0,0,0,0,0,0,0,0,NULL,0,0,0,0,0,0,0,0,1,NULL,NULL,0),(55,NULL,1,0,0,0,0,0,0,0,0,0,0,NULL,0,0,0,0,0,0,0,0,1,NULL,NULL,0),(56,NULL,1,0,0,0,0,0,0,0,0,0,0,NULL,0,0,0,0,0,0,0,0,1,NULL,NULL,0),(57,NULL,1,0,0,0,0,0,0,0,0,0,0,NULL,0,0,0,0,0,0,0,0,1,NULL,NULL,0),(58,NULL,1,0,0,0,0,0,0,0,0,0,0,NULL,0,0,0,0,0,0,0,0,1,NULL,NULL,0),(59,NULL,1,0,0,0,0,0,0,0,0,0,0,NULL,0,0,0,0,0,0,0,0,1,NULL,NULL,0),(60,NULL,0,1,0,0,0,0,0,0,0,0,0,NULL,0,0,0,0,0,0,0,0,1,NULL,NULL,0),(61,NULL,0,1,0,0,0,0,0,0,0,0,0,NULL,0,0,0,0,0,0,0,0,1,NULL,NULL,0),(62,NULL,0,1,0,0,0,0,0,0,0,0,0,NULL,0,0,0,0,0,0,0,0,1,NULL,NULL,0),(63,NULL,0,1,0,0,0,0,0,0,0,0,0,NULL,0,0,0,0,0,0,0,0,1,NULL,NULL,0),(64,NULL,0,0,0,0,0,0,0,0,0,0,0,NULL,0,0,0,0,0,0,0,0,1,NULL,NULL,0),(65,NULL,1,0,0,0,0,0,0,0,0,0,0,NULL,0,0,0,0,0,0,0,0,1,NULL,NULL,0),(66,NULL,1,0,0,0,0,0,0,0,0,0,0,NULL,0,0,0,0,0,0,0,0,1,NULL,NULL,0),(67,'Magento\\Catalog\\Block\\Adminhtml\\Category\\Helper\\Sortby\\Available',0,1,0,0,0,0,0,0,0,0,0,NULL,0,0,0,0,0,0,0,0,1,NULL,NULL,0),(68,'Magento\\Catalog\\Block\\Adminhtml\\Category\\Helper\\Sortby\\DefaultSortby',0,1,0,0,0,0,0,0,0,0,0,NULL,0,0,0,0,0,0,0,0,1,NULL,NULL,0),(69,NULL,0,1,0,0,0,0,0,0,0,0,0,NULL,0,0,0,0,0,0,0,0,1,NULL,NULL,0),(70,NULL,0,1,0,0,0,0,0,0,0,0,0,NULL,0,0,0,0,0,0,0,0,1,NULL,NULL,0),(71,NULL,0,1,0,0,0,0,0,0,0,0,0,NULL,0,0,0,0,0,0,0,0,1,NULL,NULL,0),(72,'Magento\\Catalog\\Block\\Adminhtml\\Category\\Helper\\Pricestep',0,1,0,0,0,0,0,0,0,0,0,NULL,0,0,0,0,0,0,0,0,1,NULL,NULL,0),(73,NULL,0,1,1,0,0,0,0,0,0,1,1,NULL,1,0,0,0,0,0,0,0,5,NULL,NULL,0),(74,NULL,1,1,1,0,1,0,0,0,0,0,0,NULL,1,0,0,0,0,0,0,0,6,NULL,NULL,0),(75,NULL,0,1,1,0,1,0,1,0,0,0,0,NULL,1,0,1,0,0,0,0,0,1,NULL,NULL,1),(76,NULL,0,1,1,0,1,0,1,0,0,1,0,NULL,1,0,1,0,0,1,0,0,1,NULL,NULL,0),(77,NULL,1,1,1,1,0,0,0,0,0,1,1,'simple,virtual,configurable,downloadable,bundle',1,0,0,0,0,0,0,0,1,NULL,NULL,0),(78,NULL,1,1,0,0,0,0,0,0,0,1,0,'simple,virtual,configurable,downloadable,bundle',0,0,0,0,0,1,0,1,1,NULL,NULL,0),(79,NULL,2,1,0,0,0,0,0,0,0,1,0,'simple,virtual,configurable,downloadable,bundle',0,0,0,0,0,1,0,0,1,NULL,NULL,0),(80,NULL,2,1,0,0,0,0,0,0,0,1,0,'simple,virtual,configurable,downloadable,bundle',0,0,0,0,0,1,0,0,1,NULL,NULL,0),(81,NULL,1,1,0,0,0,0,0,0,0,0,0,'simple,virtual,downloadable',0,0,0,0,0,1,0,1,1,NULL,NULL,0),(82,'Magento\\Catalog\\Block\\Adminhtml\\Product\\Helper\\Form\\Weight',1,1,0,0,0,0,0,0,0,0,0,'simple,virtual,configurable,downloadable,bundle,giftcard',0,0,0,0,0,1,0,1,1,NULL,NULL,0),(83,NULL,1,1,1,1,1,0,0,0,0,0,0,'simple,configurable',1,0,0,0,0,1,0,1,1,NULL,NULL,0),(84,NULL,0,1,0,0,0,0,0,0,0,0,0,NULL,0,0,0,0,0,1,0,1,1,NULL,NULL,0),(85,NULL,0,1,0,0,0,0,0,0,0,0,0,NULL,0,0,0,0,0,1,0,1,1,NULL,NULL,0),(86,NULL,0,1,0,0,0,0,0,0,0,0,0,NULL,0,0,0,0,0,1,0,1,1,NULL,NULL,0),(87,NULL,0,1,0,0,0,0,0,0,0,1,0,NULL,0,0,0,0,0,0,0,0,1,NULL,NULL,0),(88,NULL,0,1,0,0,0,0,0,0,0,1,0,NULL,0,0,0,0,0,0,0,0,1,NULL,NULL,0),(89,NULL,0,1,0,0,0,0,0,0,0,1,0,NULL,0,0,0,0,0,0,0,0,1,NULL,NULL,0),(90,NULL,1,1,0,0,0,0,0,0,0,0,0,NULL,0,0,0,0,0,0,0,0,1,NULL,NULL,0),(91,NULL,1,0,0,0,0,0,0,0,0,0,0,NULL,0,0,0,0,0,0,0,0,1,NULL,NULL,0),(92,NULL,2,1,0,0,0,0,0,0,0,0,0,'simple,virtual,downloadable,bundle',0,0,0,0,0,0,0,0,1,NULL,NULL,0),(93,NULL,1,1,1,1,1,1,0,0,1,1,1,'simple,virtual,configurable',1,0,0,0,0,1,0,1,1,'{\"swatch_input_type\":\"text\",\"update_product_preview_image\":\"0\",\"use_product_image_for_swatch\":0}',NULL,0),(94,NULL,2,1,0,0,0,0,0,0,0,1,0,NULL,0,0,0,0,0,1,0,0,1,NULL,NULL,0),(95,NULL,2,1,0,0,0,0,0,0,0,1,0,NULL,0,0,0,0,0,1,0,0,1,NULL,NULL,0),(96,NULL,1,1,0,0,0,0,0,0,0,0,0,NULL,0,0,0,0,0,0,0,0,1,NULL,NULL,0),(97,'Magento\\Framework\\Data\\Form\\Element\\Hidden',2,1,1,0,0,0,0,0,0,1,0,NULL,0,0,0,1,1,0,0,0,1,NULL,NULL,0),(98,NULL,1,0,0,0,0,0,0,0,0,0,0,'simple,virtual,configurable,downloadable,bundle',0,0,0,0,0,0,0,0,1,NULL,NULL,0),(99,NULL,0,1,0,0,0,0,0,0,0,0,0,NULL,0,0,0,0,1,0,0,0,1,NULL,NULL,0),(100,NULL,0,1,0,0,0,0,0,0,0,0,0,NULL,0,0,0,0,0,1,0,1,1,NULL,NULL,0),(101,NULL,0,1,0,0,0,0,0,0,0,0,0,NULL,0,0,0,0,0,1,0,0,1,NULL,NULL,0),(102,NULL,0,1,0,0,0,0,0,0,0,0,0,NULL,0,0,0,0,0,1,0,0,1,NULL,NULL,0),(103,NULL,0,0,0,0,0,0,0,0,0,0,0,NULL,0,0,0,0,0,0,0,0,1,NULL,NULL,0),(104,NULL,0,1,0,0,0,0,0,0,0,0,0,NULL,0,0,0,0,0,1,0,0,1,NULL,NULL,0),(105,'Magento\\Catalog\\Block\\Adminhtml\\Product\\Helper\\Form\\Category',1,1,0,0,0,0,0,0,0,0,0,NULL,0,0,0,0,0,0,0,0,1,NULL,NULL,0),(106,NULL,0,1,0,0,0,0,0,0,0,0,0,NULL,0,0,0,0,0,0,0,0,1,NULL,NULL,0),(107,NULL,1,0,0,0,0,0,0,0,0,1,0,NULL,0,0,0,0,0,0,0,0,1,NULL,NULL,0),(108,NULL,1,0,0,0,0,0,0,0,0,0,0,NULL,0,0,0,0,0,0,0,0,1,NULL,NULL,0),(109,NULL,0,0,0,0,0,0,0,0,0,1,0,NULL,0,0,0,0,0,0,0,0,1,NULL,NULL,0),(110,NULL,0,0,0,0,0,0,0,0,0,1,0,NULL,0,0,0,0,0,0,0,0,1,NULL,NULL,0),(111,NULL,0,0,0,0,0,0,0,0,0,1,0,NULL,0,0,0,0,0,0,0,0,1,NULL,NULL,0),(112,NULL,1,0,0,0,0,0,0,0,0,0,0,NULL,0,0,0,0,0,0,0,0,1,NULL,NULL,0),(113,NULL,1,0,0,0,0,0,0,0,0,0,0,NULL,0,0,0,0,0,0,0,0,1,NULL,NULL,0),(114,NULL,2,1,0,0,0,0,0,0,0,0,0,'simple,bundle,configurable,grouped',0,0,0,0,0,1,0,1,1,NULL,NULL,0),(115,'Magento\\CatalogInventory\\Block\\Adminhtml\\Form\\Field\\Stock',1,1,0,0,0,0,0,0,0,0,0,NULL,0,0,0,1,0,0,0,0,1,NULL,NULL,0),(116,NULL,0,1,0,0,0,0,0,0,0,0,0,NULL,0,0,0,0,0,1,0,0,1,NULL,NULL,0),(117,'Magento\\Msrp\\Block\\Adminhtml\\Product\\Helper\\Form\\Type',1,1,0,0,0,0,0,0,0,1,0,'simple,virtual,downloadable,bundle,configurable',0,0,0,0,0,1,0,1,1,NULL,NULL,0),(118,'Magento\\Msrp\\Block\\Adminhtml\\Product\\Helper\\Form\\Type\\Price',2,1,0,0,0,0,0,0,0,1,0,'simple,virtual,downloadable,bundle,configurable',0,0,0,0,0,0,0,0,1,NULL,NULL,0),(119,NULL,0,1,1,0,0,0,0,0,0,0,0,NULL,0,0,0,0,0,0,0,0,1,NULL,NULL,0),(120,NULL,0,0,0,0,0,0,0,0,0,0,0,NULL,0,0,0,0,0,0,0,0,1,NULL,NULL,0),(121,NULL,0,1,1,0,0,0,0,0,0,1,0,NULL,0,0,0,0,0,1,0,1,1,NULL,NULL,0),(122,NULL,0,0,0,0,0,0,0,0,0,0,0,NULL,0,0,0,0,0,0,0,0,1,NULL,NULL,0),(123,NULL,1,0,0,0,0,0,0,0,0,1,0,'downloadable',0,0,0,0,0,0,0,0,1,NULL,NULL,0),(124,NULL,0,0,0,0,0,0,0,0,0,0,0,'downloadable',0,0,0,0,0,0,0,0,1,NULL,NULL,0),(125,NULL,0,0,0,0,0,0,0,0,0,0,0,'downloadable',0,0,0,0,0,0,0,0,1,NULL,NULL,0),(126,NULL,1,0,0,0,0,0,0,0,0,1,0,'downloadable',0,0,0,0,0,0,0,0,1,NULL,NULL,0),(127,'Magento\\GiftMessage\\Block\\Adminhtml\\Product\\Helper\\Form\\Config',1,1,0,0,0,0,0,0,0,0,0,NULL,0,0,0,0,0,1,0,0,1,NULL,NULL,0),(128,NULL,0,1,0,0,0,0,0,0,0,1,0,NULL,0,0,0,0,0,0,0,0,1,NULL,NULL,0),(129,NULL,2,1,1,0,0,0,0,0,0,1,0,'simple,virtual,configurable,downloadable,bundle',0,0,0,0,0,1,0,1,1,NULL,NULL,0),(130,NULL,1,1,0,0,0,0,0,0,0,1,0,'bundle',0,0,0,0,0,0,0,0,1,NULL,NULL,0),(131,NULL,1,1,0,0,0,0,0,0,0,0,0,'bundle',0,0,0,0,0,0,0,0,1,NULL,NULL,0),(132,NULL,1,1,0,0,0,0,0,0,0,1,0,'bundle',0,0,0,0,0,0,0,0,1,NULL,NULL,0),(133,NULL,1,1,0,0,0,0,0,0,0,1,0,'bundle',0,0,0,0,0,0,0,0,1,NULL,NULL,0),(134,NULL,1,1,0,0,0,0,0,0,0,1,0,'bundle',0,0,0,0,0,0,0,0,1,NULL,NULL,0),(178,NULL,0,1,0,0,0,0,0,0,0,0,0,NULL,0,0,0,0,0,0,0,0,1,NULL,NULL,0),(179,NULL,0,1,0,0,0,0,0,0,0,0,0,NULL,0,0,0,0,0,0,0,0,1,NULL,NULL,0),(186,NULL,2,1,0,0,0,0,0,0,0,0,0,NULL,0,0,0,0,0,0,0,0,1,NULL,NULL,0),(187,NULL,1,1,0,0,0,0,0,0,0,1,0,'giftcard',0,0,0,0,0,0,0,0,1,NULL,NULL,0),(188,'Magento\\GiftCard\\Block\\Adminhtml\\Renderer\\OpenAmount',2,1,0,0,0,0,0,0,0,1,0,'giftcard',0,0,0,0,0,0,0,0,1,NULL,NULL,0),(189,NULL,1,1,0,0,0,0,0,0,0,1,0,'giftcard',0,0,0,0,0,0,0,0,1,NULL,NULL,0),(190,NULL,1,1,0,0,0,0,0,0,0,1,0,'giftcard',0,0,0,0,0,0,0,0,1,NULL,NULL,0),(191,NULL,1,1,0,0,0,0,0,0,0,0,0,'giftcard',0,0,0,0,0,0,0,0,1,NULL,NULL,0),(192,NULL,2,0,0,0,0,0,0,0,0,0,0,'giftcard',0,0,0,0,0,0,0,0,1,NULL,NULL,0),(193,NULL,2,0,0,0,0,0,0,0,0,0,0,'giftcard',0,0,0,0,0,0,0,0,1,NULL,NULL,0),(194,NULL,2,0,0,0,0,0,0,0,0,0,0,'giftcard',0,0,0,0,0,0,0,0,1,NULL,NULL,0),(195,NULL,2,0,0,0,0,0,0,0,0,0,0,'giftcard',0,0,0,0,0,0,0,0,1,NULL,NULL,0),(196,NULL,0,0,0,0,0,0,0,0,0,0,0,'giftcard',0,0,0,0,0,0,0,0,1,NULL,NULL,0),(197,NULL,0,0,0,0,0,0,0,0,0,0,0,'giftcard',0,0,0,0,0,0,0,0,1,NULL,NULL,0),(198,NULL,0,0,0,0,0,0,0,0,0,0,0,'giftcard',0,0,0,0,0,0,0,0,1,NULL,NULL,0),(199,NULL,0,0,0,0,0,0,0,0,0,0,0,'giftcard',0,0,0,0,0,0,0,0,1,NULL,NULL,0),(204,NULL,0,0,0,0,0,0,0,0,0,0,0,'category',0,0,0,0,0,0,0,0,1,NULL,NULL,0),(205,NULL,0,1,0,0,0,0,0,0,0,0,0,NULL,0,0,0,0,0,0,0,0,1,NULL,NULL,0),(206,NULL,0,1,0,0,0,0,0,0,0,0,0,NULL,0,0,0,0,0,0,0,0,1,NULL,NULL,0),(209,NULL,1,1,0,0,0,0,0,0,0,1,0,NULL,0,0,0,0,0,0,0,0,1,NULL,NULL,0),(210,NULL,0,1,0,0,0,0,0,0,0,0,0,'simple,virtual',0,0,0,1,0,0,0,0,1,NULL,NULL,0),(211,NULL,0,1,0,0,0,0,0,0,0,0,0,'simple,virtual',0,0,0,1,0,0,0,0,1,NULL,NULL,0),(212,NULL,0,1,0,0,0,0,0,0,0,0,0,'simple,virtual',0,0,0,1,0,0,0,0,1,NULL,NULL,0),(213,NULL,0,1,0,0,0,0,0,0,0,0,0,'simple,virtual',0,0,0,1,0,0,0,0,1,NULL,NULL,0),(214,NULL,0,1,0,0,0,0,0,0,0,0,0,'simple,virtual',0,0,0,1,0,0,0,0,1,NULL,NULL,0),(215,NULL,1,1,0,0,0,0,0,0,0,0,0,NULL,0,0,0,0,0,0,0,0,1,NULL,NULL,0),(216,NULL,1,1,0,0,0,0,0,0,0,1,0,NULL,0,0,0,0,0,0,0,0,1,NULL,NULL,0),(217,NULL,1,1,0,0,0,0,0,0,0,1,0,NULL,0,0,0,0,0,0,0,0,1,NULL,NULL,0),(218,NULL,1,1,0,0,0,0,0,0,0,1,0,NULL,0,0,0,0,0,0,0,0,1,NULL,NULL,0),(219,NULL,1,1,0,0,0,0,0,0,0,1,0,NULL,0,0,0,0,0,0,0,0,1,NULL,NULL,0),(220,NULL,1,1,0,0,0,0,0,0,0,1,0,NULL,0,0,0,0,0,0,0,0,1,NULL,NULL,0),(221,NULL,1,1,0,0,0,0,0,0,0,1,0,NULL,0,0,0,0,0,0,0,0,1,NULL,NULL,0),(222,NULL,1,1,0,0,0,0,0,0,0,1,0,NULL,0,0,0,0,0,0,0,0,1,NULL,NULL,0),(223,NULL,1,1,0,0,0,0,0,0,0,1,0,NULL,0,0,0,0,0,0,0,0,1,NULL,NULL,0),(224,NULL,1,1,0,0,0,0,0,0,0,1,0,NULL,0,0,0,0,0,0,0,0,1,NULL,NULL,0),(225,NULL,1,1,0,0,0,0,0,0,0,1,0,NULL,0,0,0,0,0,0,0,0,1,NULL,NULL,0),(226,NULL,1,1,0,0,0,0,0,0,0,1,0,NULL,0,0,0,0,0,0,0,0,1,NULL,NULL,0),(227,NULL,1,1,0,0,0,0,0,0,0,1,0,NULL,0,0,0,0,0,0,0,0,1,NULL,NULL,0),(228,NULL,1,1,0,0,0,0,0,0,0,1,0,NULL,0,0,0,0,0,0,0,0,1,NULL,NULL,0),(229,NULL,1,1,0,0,0,0,0,0,0,1,0,NULL,0,0,0,0,0,0,0,0,1,NULL,NULL,0),(230,NULL,1,1,0,0,0,0,0,0,0,1,0,NULL,0,0,0,0,0,0,0,0,1,NULL,NULL,0),(231,NULL,1,1,0,0,0,0,0,0,0,1,0,NULL,0,0,0,0,0,0,0,0,1,NULL,NULL,0),(232,NULL,1,1,0,0,0,0,0,0,0,1,0,NULL,0,0,0,0,0,0,0,0,1,NULL,NULL,0),(233,NULL,1,1,0,0,0,0,0,0,0,1,0,NULL,0,0,0,0,0,0,0,0,1,NULL,NULL,0),(234,NULL,1,1,0,0,0,0,0,0,0,1,0,NULL,0,0,0,0,0,0,0,0,1,NULL,NULL,0),(235,NULL,1,1,0,0,0,0,0,0,0,1,0,NULL,0,0,0,0,0,0,0,0,1,NULL,NULL,0),(236,NULL,1,1,0,0,0,0,0,0,0,1,0,NULL,0,0,0,0,0,0,0,0,1,NULL,NULL,0),(237,NULL,1,1,0,0,0,0,0,0,0,1,0,NULL,0,0,0,0,0,0,0,0,1,NULL,NULL,0),(238,NULL,1,1,0,0,0,0,0,0,0,1,0,NULL,0,0,0,0,0,0,0,0,1,NULL,NULL,0),(239,NULL,1,1,0,0,0,0,0,0,0,1,0,NULL,0,0,0,0,0,0,0,0,1,NULL,NULL,0),(240,NULL,1,1,0,0,0,0,0,0,0,1,0,NULL,0,0,0,0,0,0,0,0,1,NULL,NULL,0),(241,NULL,1,1,0,0,0,0,0,0,0,1,0,NULL,0,0,0,0,0,0,0,0,1,NULL,NULL,0),(242,NULL,1,1,0,0,0,0,0,0,0,1,0,NULL,0,0,0,0,0,0,0,0,1,NULL,NULL,0),(243,NULL,1,1,0,0,0,0,0,0,0,1,0,NULL,0,0,0,0,0,0,0,0,1,NULL,NULL,0),(244,NULL,1,1,0,0,0,0,0,0,0,1,0,NULL,0,0,0,0,0,0,0,0,1,NULL,NULL,0),(245,NULL,1,1,0,0,0,0,0,0,0,1,0,NULL,0,0,0,0,0,0,0,0,1,NULL,NULL,0),(246,NULL,1,1,0,0,0,0,0,0,0,1,0,NULL,0,0,0,0,0,0,0,0,1,NULL,NULL,0),(247,NULL,1,1,0,0,0,0,0,0,0,1,0,NULL,0,0,0,0,0,0,0,0,1,NULL,NULL,0),(248,NULL,1,1,0,0,0,0,0,0,0,1,0,NULL,0,0,0,0,0,0,0,0,1,NULL,NULL,0),(249,NULL,1,1,0,0,0,0,0,0,0,1,0,NULL,0,0,0,0,0,0,0,0,1,NULL,NULL,0),(250,NULL,1,1,0,0,0,0,0,0,0,1,0,NULL,0,0,0,0,0,0,0,0,1,NULL,NULL,0),(251,NULL,1,1,0,0,0,0,0,0,0,1,0,NULL,0,0,0,0,0,0,0,0,1,NULL,NULL,0),(252,NULL,1,1,0,0,0,0,0,0,0,1,0,NULL,0,0,0,0,0,0,0,0,1,NULL,NULL,0),(253,NULL,1,1,0,0,0,0,0,0,0,1,0,NULL,0,0,0,0,0,0,0,0,1,NULL,NULL,0),(254,NULL,1,1,0,0,0,0,0,0,0,1,0,NULL,0,0,0,0,0,0,0,0,1,NULL,NULL,0),(255,NULL,1,1,0,0,0,0,0,0,0,1,0,NULL,0,0,0,0,0,0,0,0,1,NULL,NULL,0),(256,NULL,1,1,0,0,0,0,0,0,0,1,0,NULL,0,0,0,0,0,0,0,0,1,NULL,NULL,0),(257,NULL,1,1,0,0,0,0,0,0,0,1,0,NULL,0,0,0,0,0,0,0,0,1,NULL,NULL,0),(258,NULL,1,1,0,0,0,0,0,0,0,1,0,NULL,0,0,0,0,0,0,0,0,1,NULL,NULL,0),(259,NULL,0,1,0,0,0,0,0,0,0,0,0,NULL,0,0,0,0,0,0,0,0,1,NULL,NULL,0);

--
-- Table structure for table `wal_catalog_product_attribute_cl`
--

CREATE TABLE `wal_catalog_product_attribute_cl` (
  `version_id` int(10) unsigned NOT NULL AUTO_INCREMENT COMMENT 'Version ID',
  `entity_id` int(10) unsigned NOT NULL DEFAULT '0' COMMENT 'Entity ID',
  PRIMARY KEY (`version_id`)
) ENGINE=InnoDB AUTO_INCREMENT=11 DEFAULT CHARSET=utf8 COMMENT='wal_catalog_product_attribute_cl';

--
-- Dumping data for table `wal_catalog_product_attribute_cl`
--

INSERT INTO `wal_catalog_product_attribute_cl` VALUES (7,1),(8,1),(9,1),(10,1);

--
-- Table structure for table `wal_catalog_product_bundle_option`
--

CREATE TABLE `wal_catalog_product_bundle_option` (
  `option_id` int(10) unsigned NOT NULL AUTO_INCREMENT COMMENT 'Option ID',
  `parent_id` int(10) unsigned NOT NULL COMMENT 'Parent ID',
  `required` smallint(5) unsigned NOT NULL DEFAULT '0' COMMENT 'Required',
  `position` int(10) unsigned NOT NULL DEFAULT '0' COMMENT 'Position',
  `type` varchar(255) DEFAULT NULL COMMENT 'Type',
  PRIMARY KEY (`option_id`),
  KEY `WAL_CATALOG_PRODUCT_BUNDLE_OPTION_PARENT_ID` (`parent_id`),
  CONSTRAINT `WAL_CAT_PRD_BNDL_OPT_PARENT_ID_WAL_CAT_PRD_ENTT_ENTT_ID` FOREIGN KEY (`parent_id`) REFERENCES `wal_catalog_product_entity` (`entity_id`) ON DELETE CASCADE
) ENGINE=InnoDB DEFAULT CHARSET=utf8 COMMENT='Catalog Product Bundle Option';

--
-- Dumping data for table `wal_catalog_product_bundle_option`
--


--
-- Table structure for table `wal_catalog_product_bundle_option_value`
--

CREATE TABLE `wal_catalog_product_bundle_option_value` (
  `value_id` int(10) unsigned NOT NULL AUTO_INCREMENT COMMENT 'Value ID',
  `option_id` int(10) unsigned NOT NULL COMMENT 'Option ID',
  `store_id` smallint(5) unsigned NOT NULL COMMENT 'Store ID',
  `title` varchar(255) DEFAULT NULL COMMENT 'Title',
  `parent_product_id` int(10) unsigned NOT NULL COMMENT 'Parent Product ID',
  PRIMARY KEY (`value_id`),
  UNIQUE KEY `WAL_CAT_PRD_BNDL_OPT_VAL_OPT_ID_PARENT_PRD_ID_STORE_ID` (`option_id`,`parent_product_id`,`store_id`),
  CONSTRAINT `WAL_CAT_PRD_BNDL_OPT_VAL_OPT_ID_WAL_CAT_PRD_BNDL_OPT_OPT_ID` FOREIGN KEY (`option_id`) REFERENCES `wal_catalog_product_bundle_option` (`option_id`) ON DELETE CASCADE
) ENGINE=InnoDB DEFAULT CHARSET=utf8 COMMENT='Catalog Product Bundle Option Value';

--
-- Dumping data for table `wal_catalog_product_bundle_option_value`
--


--
-- Table structure for table `wal_catalog_product_bundle_price_index`
--

CREATE TABLE `wal_catalog_product_bundle_price_index` (
  `entity_id` int(10) unsigned NOT NULL COMMENT 'Entity ID',
  `website_id` smallint(5) unsigned NOT NULL COMMENT 'Website ID',
  `customer_group_id` int(10) unsigned NOT NULL COMMENT 'Customer Group ID',
  `min_price` decimal(20,6) NOT NULL COMMENT 'Min Price',
  `max_price` decimal(20,6) NOT NULL COMMENT 'Max Price',
  PRIMARY KEY (`entity_id`,`website_id`,`customer_group_id`),
  KEY `WAL_CATALOG_PRODUCT_BUNDLE_PRICE_INDEX_WEBSITE_ID` (`website_id`),
  KEY `WAL_CATALOG_PRODUCT_BUNDLE_PRICE_INDEX_CUSTOMER_GROUP_ID` (`customer_group_id`),
  CONSTRAINT `FK_82DC382C03E62CB1E019AEBA280E68DC` FOREIGN KEY (`customer_group_id`) REFERENCES `wal_customer_group` (`customer_group_id`) ON DELETE CASCADE,
  CONSTRAINT `WAL_CAT_PRD_BNDL_PRICE_IDX_ENTT_ID_WAL_CAT_PRD_ENTT_ENTT_ID` FOREIGN KEY (`entity_id`) REFERENCES `wal_catalog_product_entity` (`entity_id`) ON DELETE CASCADE,
  CONSTRAINT `WAL_CAT_PRD_BNDL_PRICE_IDX_WS_ID_WAL_STORE_WS_WS_ID` FOREIGN KEY (`website_id`) REFERENCES `wal_store_website` (`website_id`) ON DELETE CASCADE
) ENGINE=InnoDB DEFAULT CHARSET=utf8 COMMENT='Catalog Product Bundle Price Index';

--
-- Dumping data for table `wal_catalog_product_bundle_price_index`
--


--
-- Table structure for table `wal_catalog_product_bundle_selection`
--

CREATE TABLE `wal_catalog_product_bundle_selection` (
  `selection_id` int(10) unsigned NOT NULL AUTO_INCREMENT COMMENT 'Selection ID',
  `option_id` int(10) unsigned NOT NULL COMMENT 'Option ID',
  `parent_product_id` int(10) unsigned NOT NULL COMMENT 'Parent Product ID',
  `product_id` int(10) unsigned NOT NULL COMMENT 'Product ID',
  `position` int(10) unsigned NOT NULL DEFAULT '0' COMMENT 'Position',
  `is_default` smallint(5) unsigned NOT NULL DEFAULT '0' COMMENT 'Is Default',
  `selection_price_type` smallint(5) unsigned NOT NULL DEFAULT '0' COMMENT 'Selection Price Type',
  `selection_price_value` decimal(12,4) NOT NULL DEFAULT '0.0000' COMMENT 'Selection Price Value',
  `selection_qty` decimal(12,4) DEFAULT NULL COMMENT 'Selection Qty',
  `selection_can_change_qty` smallint(6) NOT NULL DEFAULT '0' COMMENT 'Selection Can Change Qty',
  PRIMARY KEY (`selection_id`),
  KEY `WAL_CATALOG_PRODUCT_BUNDLE_SELECTION_OPTION_ID` (`option_id`),
  KEY `WAL_CATALOG_PRODUCT_BUNDLE_SELECTION_PRODUCT_ID` (`product_id`),
  CONSTRAINT `WAL_CAT_PRD_BNDL_SELECTION_OPT_ID_WAL_CAT_PRD_BNDL_OPT_OPT_ID` FOREIGN KEY (`option_id`) REFERENCES `wal_catalog_product_bundle_option` (`option_id`) ON DELETE CASCADE,
  CONSTRAINT `WAL_CAT_PRD_BNDL_SELECTION_PRD_ID_WAL_CAT_PRD_ENTT_ENTT_ID` FOREIGN KEY (`product_id`) REFERENCES `wal_catalog_product_entity` (`entity_id`) ON DELETE CASCADE
) ENGINE=InnoDB DEFAULT CHARSET=utf8 COMMENT='Catalog Product Bundle Selection';

--
-- Dumping data for table `wal_catalog_product_bundle_selection`
--

DELIMITER ;;
/*!50003 CREATE*/ /*!50017 DEFINER=`djfwalland_walland`@`localhost`*/ /*!50003 TRIGGER trg_wal_catalog_product_bundle_selection_after_insert AFTER INSERT ON wal_catalog_product_bundle_selection FOR EACH ROW
BEGIN
INSERT IGNORE INTO `wal_catalogsearch_fulltext_cl` (`entity_id`) VALUES (NEW.`parent_product_id`);
END */;;
DELIMITER ;
DELIMITER ;;
/*!50003 CREATE*/ /*!50017 DEFINER=`djfwalland_walland`@`localhost`*/ /*!50003 TRIGGER trg_wal_catalog_product_bundle_selection_after_update AFTER UPDATE ON wal_catalog_product_bundle_selection FOR EACH ROW
BEGIN
IF (NOT(NEW.`selection_id` <=> OLD.`selection_id`) OR NOT(NEW.`option_id` <=> OLD.`option_id`) OR NOT(NEW.`parent_product_id` <=> OLD.`parent_product_id`) OR NOT(NEW.`product_id` <=> OLD.`product_id`) OR NOT(NEW.`position` <=> OLD.`position`) OR NOT(NEW.`is_default` <=> OLD.`is_default`) OR NOT(NEW.`selection_price_type` <=> OLD.`selection_price_type`) OR NOT(NEW.`selection_price_value` <=> OLD.`selection_price_value`) OR NOT(NEW.`selection_qty` <=> OLD.`selection_qty`) OR NOT(NEW.`selection_can_change_qty` <=> OLD.`selection_can_change_qty`)) THEN INSERT IGNORE INTO `wal_catalogsearch_fulltext_cl` (`entity_id`) VALUES (NEW.`parent_product_id`); END IF;
END */;;
DELIMITER ;
DELIMITER ;;
/*!50003 CREATE*/ /*!50017 DEFINER=`djfwalland_walland`@`localhost`*/ /*!50003 TRIGGER trg_wal_catalog_product_bundle_selection_after_delete AFTER DELETE ON wal_catalog_product_bundle_selection FOR EACH ROW
BEGIN
INSERT IGNORE INTO `wal_catalogsearch_fulltext_cl` (`entity_id`) VALUES (OLD.`parent_product_id`);
END */;;
DELIMITER ;

--
-- Table structure for table `wal_catalog_product_bundle_selection_price`
--

CREATE TABLE `wal_catalog_product_bundle_selection_price` (
  `selection_id` int(10) unsigned NOT NULL COMMENT 'Selection ID',
  `website_id` smallint(5) unsigned NOT NULL COMMENT 'Website ID',
  `selection_price_type` smallint(5) unsigned NOT NULL DEFAULT '0' COMMENT 'Selection Price Type',
  `selection_price_value` decimal(20,6) NOT NULL DEFAULT '0.000000' COMMENT 'Selection Price Value',
  `parent_product_id` int(10) unsigned NOT NULL COMMENT 'Parent Product ID',
  PRIMARY KEY (`selection_id`,`parent_product_id`,`website_id`),
  KEY `WAL_CATALOG_PRODUCT_BUNDLE_SELECTION_PRICE_WEBSITE_ID` (`website_id`),
  CONSTRAINT `FK_B1691A74AFEBAAC89498C7CD05BFB88C` FOREIGN KEY (`selection_id`) REFERENCES `wal_catalog_product_bundle_selection` (`selection_id`) ON DELETE CASCADE,
  CONSTRAINT `WAL_CAT_PRD_BNDL_SELECTION_PRICE_WS_ID_WAL_STORE_WS_WS_ID` FOREIGN KEY (`website_id`) REFERENCES `wal_store_website` (`website_id`) ON DELETE CASCADE
) ENGINE=InnoDB DEFAULT CHARSET=utf8 COMMENT='Catalog Product Bundle Selection Price';

--
-- Dumping data for table `wal_catalog_product_bundle_selection_price`
--


--
-- Table structure for table `wal_catalog_product_bundle_stock_index`
--

CREATE TABLE `wal_catalog_product_bundle_stock_index` (
  `entity_id` int(10) unsigned NOT NULL COMMENT 'Entity ID',
  `website_id` smallint(5) unsigned NOT NULL COMMENT 'Website ID',
  `stock_id` smallint(5) unsigned NOT NULL COMMENT 'Stock ID',
  `option_id` int(10) unsigned NOT NULL DEFAULT '0' COMMENT 'Option ID',
  `stock_status` smallint(6) DEFAULT '0' COMMENT 'Stock Status',
  PRIMARY KEY (`entity_id`,`website_id`,`stock_id`,`option_id`)
) ENGINE=InnoDB DEFAULT CHARSET=utf8 COMMENT='Catalog Product Bundle Stock Index';

--
-- Dumping data for table `wal_catalog_product_bundle_stock_index`
--


--
-- Table structure for table `wal_catalog_product_category_cl`
--

CREATE TABLE `wal_catalog_product_category_cl` (
  `version_id` int(10) unsigned NOT NULL AUTO_INCREMENT COMMENT 'Version ID',
  `entity_id` int(10) unsigned NOT NULL DEFAULT '0' COMMENT 'Entity ID',
  PRIMARY KEY (`version_id`)
) ENGINE=InnoDB AUTO_INCREMENT=8 DEFAULT CHARSET=utf8 COMMENT='wal_catalog_product_category_cl';

--
-- Dumping data for table `wal_catalog_product_category_cl`
--

INSERT INTO `wal_catalog_product_category_cl` VALUES (5,1),(6,1),(7,1);

--
-- Table structure for table `wal_catalog_product_entity`
--

CREATE TABLE `wal_catalog_product_entity` (
  `entity_id` int(10) unsigned NOT NULL AUTO_INCREMENT COMMENT 'Entity ID',
  `attribute_set_id` smallint(5) unsigned NOT NULL DEFAULT '0' COMMENT 'Attribute Set ID',
  `type_id` varchar(32) NOT NULL DEFAULT 'simple' COMMENT 'Type ID',
  `sku` varchar(64) NOT NULL COMMENT 'SKU',
  `has_options` smallint(6) NOT NULL DEFAULT '0' COMMENT 'Has Options',
  `required_options` smallint(5) unsigned NOT NULL DEFAULT '0' COMMENT 'Required Options',
  `created_at` timestamp NOT NULL DEFAULT CURRENT_TIMESTAMP COMMENT 'Creation Time',
  `updated_at` timestamp NOT NULL DEFAULT CURRENT_TIMESTAMP ON UPDATE CURRENT_TIMESTAMP COMMENT 'Update Time',
  `is_replace_product_sku` tinyint(1) NOT NULL DEFAULT '0' COMMENT 'Is Replace Product SKU',
  `mageworx_is_require` smallint(6) NOT NULL DEFAULT '0' COMMENT 'MageWorx Is Required',
  PRIMARY KEY (`entity_id`),
  KEY `WAL_CATALOG_PRODUCT_ENTITY_ATTRIBUTE_SET_ID` (`attribute_set_id`),
  KEY `WAL_CATALOG_PRODUCT_ENTITY_SKU` (`sku`)
) ENGINE=InnoDB AUTO_INCREMENT=2 DEFAULT CHARSET=utf8 COMMENT='Catalog Product Table';

--
-- Dumping data for table `wal_catalog_product_entity`
--

INSERT INTO `wal_catalog_product_entity` VALUES (1,4,'simple','demo product',1,1,'2020-06-11 02:55:10','2024-02-22 01:37:57',0,1);
DELIMITER ;;
/*!50003 CREATE*/ /*!50017 DEFINER=`djfwalland_walland`@`localhost`*/ /*!50003 TRIGGER trg_wal_catalog_product_entity_after_insert AFTER INSERT ON wal_catalog_product_entity FOR EACH ROW
BEGIN
INSERT IGNORE INTO `wal_amasty_feed_product_cl` (`entity_id`) VALUES (NEW.`entity_id`);
INSERT IGNORE INTO `wal_catalogrule_product_cl` (`entity_id`) VALUES (NEW.`entity_id`);
INSERT IGNORE INTO `wal_catalog_product_price_cl` (`entity_id`) VALUES (NEW.`entity_id`);
INSERT IGNORE INTO `wal_catalogsearch_fulltext_cl` (`entity_id`) VALUES (NEW.`entity_id`);
INSERT IGNORE INTO `wal_amasty_tabs_product_tab_cl` (`entity_id`) VALUES (NEW.`entity_id`);
END */;;
DELIMITER ;
DELIMITER ;;
/*!50003 CREATE*/ /*!50017 DEFINER=`djfwalland_walland`@`localhost`*/ /*!50003 TRIGGER trg_wal_catalog_product_entity_after_update AFTER UPDATE ON wal_catalog_product_entity FOR EACH ROW
BEGIN
IF (NOT(NEW.`entity_id` <=> OLD.`entity_id`) OR NOT(NEW.`attribute_set_id` <=> OLD.`attribute_set_id`) OR NOT(NEW.`type_id` <=> OLD.`type_id`) OR NOT(NEW.`sku` <=> OLD.`sku`) OR NOT(NEW.`has_options` <=> OLD.`has_options`) OR NOT(NEW.`required_options` <=> OLD.`required_options`) OR NOT(NEW.`created_at` <=> OLD.`created_at`) OR NOT(NEW.`is_replace_product_sku` <=> OLD.`is_replace_product_sku`) OR NOT(NEW.`mageworx_is_require` <=> OLD.`mageworx_is_require`)) THEN INSERT IGNORE INTO `wal_amasty_feed_product_cl` (`entity_id`) VALUES (NEW.`entity_id`); END IF;
IF (NOT(NEW.`entity_id` <=> OLD.`entity_id`) OR NOT(NEW.`attribute_set_id` <=> OLD.`attribute_set_id`) OR NOT(NEW.`type_id` <=> OLD.`type_id`) OR NOT(NEW.`sku` <=> OLD.`sku`) OR NOT(NEW.`has_options` <=> OLD.`has_options`) OR NOT(NEW.`required_options` <=> OLD.`required_options`) OR NOT(NEW.`created_at` <=> OLD.`created_at`) OR NOT(NEW.`is_replace_product_sku` <=> OLD.`is_replace_product_sku`) OR NOT(NEW.`mageworx_is_require` <=> OLD.`mageworx_is_require`)) THEN INSERT IGNORE INTO `wal_catalogrule_product_cl` (`entity_id`) VALUES (NEW.`entity_id`); END IF;
IF (NOT(NEW.`entity_id` <=> OLD.`entity_id`) OR NOT(NEW.`attribute_set_id` <=> OLD.`attribute_set_id`) OR NOT(NEW.`type_id` <=> OLD.`type_id`) OR NOT(NEW.`sku` <=> OLD.`sku`) OR NOT(NEW.`has_options` <=> OLD.`has_options`) OR NOT(NEW.`required_options` <=> OLD.`required_options`) OR NOT(NEW.`created_at` <=> OLD.`created_at`) OR NOT(NEW.`is_replace_product_sku` <=> OLD.`is_replace_product_sku`) OR NOT(NEW.`mageworx_is_require` <=> OLD.`mageworx_is_require`)) THEN INSERT IGNORE INTO `wal_catalog_product_price_cl` (`entity_id`) VALUES (NEW.`entity_id`); END IF;
IF (NOT(NEW.`entity_id` <=> OLD.`entity_id`) OR NOT(NEW.`attribute_set_id` <=> OLD.`attribute_set_id`) OR NOT(NEW.`type_id` <=> OLD.`type_id`) OR NOT(NEW.`sku` <=> OLD.`sku`) OR NOT(NEW.`has_options` <=> OLD.`has_options`) OR NOT(NEW.`required_options` <=> OLD.`required_options`) OR NOT(NEW.`created_at` <=> OLD.`created_at`) OR NOT(NEW.`is_replace_product_sku` <=> OLD.`is_replace_product_sku`) OR NOT(NEW.`mageworx_is_require` <=> OLD.`mageworx_is_require`)) THEN INSERT IGNORE INTO `wal_catalogsearch_fulltext_cl` (`entity_id`) VALUES (NEW.`entity_id`); END IF;
IF (NOT(NEW.`entity_id` <=> OLD.`entity_id`) OR NOT(NEW.`attribute_set_id` <=> OLD.`attribute_set_id`) OR NOT(NEW.`type_id` <=> OLD.`type_id`) OR NOT(NEW.`sku` <=> OLD.`sku`) OR NOT(NEW.`has_options` <=> OLD.`has_options`) OR NOT(NEW.`required_options` <=> OLD.`required_options`) OR NOT(NEW.`created_at` <=> OLD.`created_at`) OR NOT(NEW.`is_replace_product_sku` <=> OLD.`is_replace_product_sku`) OR NOT(NEW.`mageworx_is_require` <=> OLD.`mageworx_is_require`)) THEN INSERT IGNORE INTO `wal_amasty_tabs_product_tab_cl` (`entity_id`) VALUES (NEW.`entity_id`); END IF;
END */;;
DELIMITER ;
DELIMITER ;;
/*!50003 CREATE*/ /*!50017 DEFINER=`djfwalland_walland`@`localhost`*/ /*!50003 TRIGGER trg_wal_catalog_product_entity_after_delete AFTER DELETE ON wal_catalog_product_entity FOR EACH ROW
BEGIN
INSERT IGNORE INTO `wal_amasty_feed_product_cl` (`entity_id`) VALUES (OLD.`entity_id`);
INSERT IGNORE INTO `wal_catalogrule_product_cl` (`entity_id`) VALUES (OLD.`entity_id`);
INSERT IGNORE INTO `wal_catalog_product_price_cl` (`entity_id`) VALUES (OLD.`entity_id`);
INSERT IGNORE INTO `wal_catalogsearch_fulltext_cl` (`entity_id`) VALUES (OLD.`entity_id`);
INSERT IGNORE INTO `wal_amasty_tabs_product_tab_cl` (`entity_id`) VALUES (OLD.`entity_id`);
END */;;
DELIMITER ;

--
-- Table structure for table `wal_catalog_product_entity_datetime`
--

CREATE TABLE `wal_catalog_product_entity_datetime` (
  `value_id` int(11) NOT NULL AUTO_INCREMENT COMMENT 'Value ID',
  `attribute_id` smallint(5) unsigned NOT NULL DEFAULT '0' COMMENT 'Attribute ID',
  `store_id` smallint(5) unsigned NOT NULL DEFAULT '0' COMMENT 'Store ID',
  `entity_id` int(10) unsigned NOT NULL DEFAULT '0' COMMENT 'Entity ID',
  `value` datetime DEFAULT NULL COMMENT 'Value',
  PRIMARY KEY (`value_id`),
  UNIQUE KEY `WAL_CAT_PRD_ENTT_DTIME_ENTT_ID_ATTR_ID_STORE_ID` (`entity_id`,`attribute_id`,`store_id`),
  KEY `WAL_CATALOG_PRODUCT_ENTITY_DATETIME_ATTRIBUTE_ID` (`attribute_id`),
  KEY `WAL_CATALOG_PRODUCT_ENTITY_DATETIME_STORE_ID` (`store_id`),
  CONSTRAINT `WAL_CATALOG_PRODUCT_ENTITY_DATETIME_STORE_ID_WAL_STORE_STORE_ID` FOREIGN KEY (`store_id`) REFERENCES `wal_store` (`store_id`) ON DELETE CASCADE,
  CONSTRAINT `WAL_CAT_PRD_ENTT_DTIME_ATTR_ID_WAL_EAV_ATTR_ATTR_ID` FOREIGN KEY (`attribute_id`) REFERENCES `wal_eav_attribute` (`attribute_id`) ON DELETE CASCADE,
  CONSTRAINT `WAL_CAT_PRD_ENTT_DTIME_ENTT_ID_WAL_CAT_PRD_ENTT_ENTT_ID` FOREIGN KEY (`entity_id`) REFERENCES `wal_catalog_product_entity` (`entity_id`) ON DELETE CASCADE
) ENGINE=InnoDB DEFAULT CHARSET=utf8 COMMENT='Catalog Product Datetime Attribute Backend Table';

--
-- Dumping data for table `wal_catalog_product_entity_datetime`
--

DELIMITER ;;
/*!50003 CREATE*/ /*!50017 DEFINER=`djfwalland_walland`@`localhost`*/ /*!50003 TRIGGER trg_wal_catalog_product_entity_datetime_after_insert AFTER INSERT ON wal_catalog_product_entity_datetime FOR EACH ROW
BEGIN
INSERT IGNORE INTO `wal_amasty_feed_product_cl` (`entity_id`) VALUES (NEW.`entity_id`);
INSERT IGNORE INTO `wal_catalogrule_product_cl` (`entity_id`) VALUES (NEW.`entity_id`);
INSERT IGNORE INTO `wal_catalog_product_price_cl` (`entity_id`) VALUES (NEW.`entity_id`);
INSERT IGNORE INTO `wal_catalogsearch_fulltext_cl` (`entity_id`) VALUES (NEW.`entity_id`);
INSERT IGNORE INTO `wal_amasty_tabs_product_tab_cl` (`entity_id`) VALUES (NEW.`entity_id`);
END */;;
DELIMITER ;
DELIMITER ;;
/*!50003 CREATE*/ /*!50017 DEFINER=`djfwalland_walland`@`localhost`*/ /*!50003 TRIGGER trg_wal_catalog_product_entity_datetime_after_update AFTER UPDATE ON wal_catalog_product_entity_datetime FOR EACH ROW
BEGIN
IF (NOT(NEW.`value_id` <=> OLD.`value_id`) OR NOT(NEW.`attribute_id` <=> OLD.`attribute_id`) OR NOT(NEW.`store_id` <=> OLD.`store_id`) OR NOT(NEW.`entity_id` <=> OLD.`entity_id`) OR NOT(NEW.`value` <=> OLD.`value`)) THEN INSERT IGNORE INTO `wal_amasty_feed_product_cl` (`entity_id`) VALUES (NEW.`entity_id`); END IF;
IF (NOT(NEW.`value_id` <=> OLD.`value_id`) OR NOT(NEW.`attribute_id` <=> OLD.`attribute_id`) OR NOT(NEW.`store_id` <=> OLD.`store_id`) OR NOT(NEW.`entity_id` <=> OLD.`entity_id`) OR NOT(NEW.`value` <=> OLD.`value`)) THEN INSERT IGNORE INTO `wal_catalogrule_product_cl` (`entity_id`) VALUES (NEW.`entity_id`); END IF;
IF (NOT(NEW.`value_id` <=> OLD.`value_id`) OR NOT(NEW.`attribute_id` <=> OLD.`attribute_id`) OR NOT(NEW.`store_id` <=> OLD.`store_id`) OR NOT(NEW.`entity_id` <=> OLD.`entity_id`) OR NOT(NEW.`value` <=> OLD.`value`)) THEN INSERT IGNORE INTO `wal_catalog_product_price_cl` (`entity_id`) VALUES (NEW.`entity_id`); END IF;
IF (NOT(NEW.`value_id` <=> OLD.`value_id`) OR NOT(NEW.`attribute_id` <=> OLD.`attribute_id`) OR NOT(NEW.`store_id` <=> OLD.`store_id`) OR NOT(NEW.`entity_id` <=> OLD.`entity_id`) OR NOT(NEW.`value` <=> OLD.`value`)) THEN INSERT IGNORE INTO `wal_catalogsearch_fulltext_cl` (`entity_id`) VALUES (NEW.`entity_id`); END IF;
IF (NOT(NEW.`value_id` <=> OLD.`value_id`) OR NOT(NEW.`attribute_id` <=> OLD.`attribute_id`) OR NOT(NEW.`store_id` <=> OLD.`store_id`) OR NOT(NEW.`entity_id` <=> OLD.`entity_id`) OR NOT(NEW.`value` <=> OLD.`value`)) THEN INSERT IGNORE INTO `wal_amasty_tabs_product_tab_cl` (`entity_id`) VALUES (NEW.`entity_id`); END IF;
END */;;
DELIMITER ;
DELIMITER ;;
/*!50003 CREATE*/ /*!50017 DEFINER=`djfwalland_walland`@`localhost`*/ /*!50003 TRIGGER trg_wal_catalog_product_entity_datetime_after_delete AFTER DELETE ON wal_catalog_product_entity_datetime FOR EACH ROW
BEGIN
INSERT IGNORE INTO `wal_amasty_feed_product_cl` (`entity_id`) VALUES (OLD.`entity_id`);
INSERT IGNORE INTO `wal_catalogrule_product_cl` (`entity_id`) VALUES (OLD.`entity_id`);
INSERT IGNORE INTO `wal_catalog_product_price_cl` (`entity_id`) VALUES (OLD.`entity_id`);
INSERT IGNORE INTO `wal_catalogsearch_fulltext_cl` (`entity_id`) VALUES (OLD.`entity_id`);
INSERT IGNORE INTO `wal_amasty_tabs_product_tab_cl` (`entity_id`) VALUES (OLD.`entity_id`);
END */;;
DELIMITER ;

--
-- Table structure for table `wal_catalog_product_entity_decimal`
--

CREATE TABLE `wal_catalog_product_entity_decimal` (
  `value_id` int(11) NOT NULL AUTO_INCREMENT COMMENT 'Value ID',
  `attribute_id` smallint(5) unsigned NOT NULL DEFAULT '0' COMMENT 'Attribute ID',
  `store_id` smallint(5) unsigned NOT NULL DEFAULT '0' COMMENT 'Store ID',
  `entity_id` int(10) unsigned NOT NULL DEFAULT '0' COMMENT 'Entity ID',
  `value` decimal(20,6) DEFAULT NULL COMMENT 'Value',
  PRIMARY KEY (`value_id`),
  UNIQUE KEY `WAL_CAT_PRD_ENTT_DEC_ENTT_ID_ATTR_ID_STORE_ID` (`entity_id`,`attribute_id`,`store_id`),
  KEY `WAL_CATALOG_PRODUCT_ENTITY_DECIMAL_STORE_ID` (`store_id`),
  KEY `WAL_CATALOG_PRODUCT_ENTITY_DECIMAL_ATTRIBUTE_ID` (`attribute_id`),
  CONSTRAINT `WAL_CATALOG_PRODUCT_ENTITY_DECIMAL_STORE_ID_WAL_STORE_STORE_ID` FOREIGN KEY (`store_id`) REFERENCES `wal_store` (`store_id`) ON DELETE CASCADE,
  CONSTRAINT `WAL_CAT_PRD_ENTT_DEC_ATTR_ID_WAL_EAV_ATTR_ATTR_ID` FOREIGN KEY (`attribute_id`) REFERENCES `wal_eav_attribute` (`attribute_id`) ON DELETE CASCADE,
  CONSTRAINT `WAL_CAT_PRD_ENTT_DEC_ENTT_ID_WAL_CAT_PRD_ENTT_ENTT_ID` FOREIGN KEY (`entity_id`) REFERENCES `wal_catalog_product_entity` (`entity_id`) ON DELETE CASCADE
) ENGINE=InnoDB AUTO_INCREMENT=2 DEFAULT CHARSET=utf8 COMMENT='Catalog Product Decimal Attribute Backend Table';

--
-- Dumping data for table `wal_catalog_product_entity_decimal`
--

INSERT INTO `wal_catalog_product_entity_decimal` VALUES (1,77,0,1,100.000000);
DELIMITER ;;
/*!50003 CREATE*/ /*!50017 DEFINER=`djfwalland_walland`@`localhost`*/ /*!50003 TRIGGER trg_wal_catalog_product_entity_decimal_after_insert AFTER INSERT ON wal_catalog_product_entity_decimal FOR EACH ROW
BEGIN
INSERT IGNORE INTO `wal_amasty_feed_product_cl` (`entity_id`) VALUES (NEW.`entity_id`);
INSERT IGNORE INTO `wal_catalog_product_attribute_cl` (`entity_id`) VALUES (NEW.`entity_id`);
INSERT IGNORE INTO `wal_catalogrule_product_cl` (`entity_id`) VALUES (NEW.`entity_id`);
INSERT IGNORE INTO `wal_catalog_product_price_cl` (`entity_id`) VALUES (NEW.`entity_id`);
INSERT IGNORE INTO `wal_catalogsearch_fulltext_cl` (`entity_id`) VALUES (NEW.`entity_id`);
INSERT IGNORE INTO `wal_amasty_tabs_product_tab_cl` (`entity_id`) VALUES (NEW.`entity_id`);
END */;;
DELIMITER ;
DELIMITER ;;
/*!50003 CREATE*/ /*!50017 DEFINER=`djfwalland_walland`@`localhost`*/ /*!50003 TRIGGER trg_wal_catalog_product_entity_decimal_after_update AFTER UPDATE ON wal_catalog_product_entity_decimal FOR EACH ROW
BEGIN
IF (NOT(NEW.`value_id` <=> OLD.`value_id`) OR NOT(NEW.`attribute_id` <=> OLD.`attribute_id`) OR NOT(NEW.`store_id` <=> OLD.`store_id`) OR NOT(NEW.`entity_id` <=> OLD.`entity_id`) OR NOT(NEW.`value` <=> OLD.`value`)) THEN INSERT IGNORE INTO `wal_amasty_feed_product_cl` (`entity_id`) VALUES (NEW.`entity_id`); END IF;
IF (NOT(NEW.`value_id` <=> OLD.`value_id`) OR NOT(NEW.`attribute_id` <=> OLD.`attribute_id`) OR NOT(NEW.`store_id` <=> OLD.`store_id`) OR NOT(NEW.`entity_id` <=> OLD.`entity_id`) OR NOT(NEW.`value` <=> OLD.`value`)) THEN INSERT IGNORE INTO `wal_catalog_product_attribute_cl` (`entity_id`) VALUES (NEW.`entity_id`); END IF;
IF (NOT(NEW.`value_id` <=> OLD.`value_id`) OR NOT(NEW.`attribute_id` <=> OLD.`attribute_id`) OR NOT(NEW.`store_id` <=> OLD.`store_id`) OR NOT(NEW.`entity_id` <=> OLD.`entity_id`) OR NOT(NEW.`value` <=> OLD.`value`)) THEN INSERT IGNORE INTO `wal_catalogrule_product_cl` (`entity_id`) VALUES (NEW.`entity_id`); END IF;
IF (NOT(NEW.`value_id` <=> OLD.`value_id`) OR NOT(NEW.`attribute_id` <=> OLD.`attribute_id`) OR NOT(NEW.`store_id` <=> OLD.`store_id`) OR NOT(NEW.`entity_id` <=> OLD.`entity_id`) OR NOT(NEW.`value` <=> OLD.`value`)) THEN INSERT IGNORE INTO `wal_catalog_product_price_cl` (`entity_id`) VALUES (NEW.`entity_id`); END IF;
IF (NOT(NEW.`value_id` <=> OLD.`value_id`) OR NOT(NEW.`attribute_id` <=> OLD.`attribute_id`) OR NOT(NEW.`store_id` <=> OLD.`store_id`) OR NOT(NEW.`entity_id` <=> OLD.`entity_id`) OR NOT(NEW.`value` <=> OLD.`value`)) THEN INSERT IGNORE INTO `wal_catalogsearch_fulltext_cl` (`entity_id`) VALUES (NEW.`entity_id`); END IF;
IF (NOT(NEW.`value_id` <=> OLD.`value_id`) OR NOT(NEW.`attribute_id` <=> OLD.`attribute_id`) OR NOT(NEW.`store_id` <=> OLD.`store_id`) OR NOT(NEW.`entity_id` <=> OLD.`entity_id`) OR NOT(NEW.`value` <=> OLD.`value`)) THEN INSERT IGNORE INTO `wal_amasty_tabs_product_tab_cl` (`entity_id`) VALUES (NEW.`entity_id`); END IF;
END */;;
DELIMITER ;
DELIMITER ;;
/*!50003 CREATE*/ /*!50017 DEFINER=`djfwalland_walland`@`localhost`*/ /*!50003 TRIGGER trg_wal_catalog_product_entity_decimal_after_delete AFTER DELETE ON wal_catalog_product_entity_decimal FOR EACH ROW
BEGIN
INSERT IGNORE INTO `wal_amasty_feed_product_cl` (`entity_id`) VALUES (OLD.`entity_id`);
INSERT IGNORE INTO `wal_catalog_product_attribute_cl` (`entity_id`) VALUES (OLD.`entity_id`);
INSERT IGNORE INTO `wal_catalogrule_product_cl` (`entity_id`) VALUES (OLD.`entity_id`);
INSERT IGNORE INTO `wal_catalog_product_price_cl` (`entity_id`) VALUES (OLD.`entity_id`);
INSERT IGNORE INTO `wal_catalogsearch_fulltext_cl` (`entity_id`) VALUES (OLD.`entity_id`);
INSERT IGNORE INTO `wal_amasty_tabs_product_tab_cl` (`entity_id`) VALUES (OLD.`entity_id`);
END */;;
DELIMITER ;

--
-- Table structure for table `wal_catalog_product_entity_gallery`
--

CREATE TABLE `wal_catalog_product_entity_gallery` (
  `value_id` int(11) NOT NULL AUTO_INCREMENT COMMENT 'Value ID',
  `attribute_id` smallint(5) unsigned NOT NULL DEFAULT '0' COMMENT 'Attribute ID',
  `store_id` smallint(5) unsigned NOT NULL DEFAULT '0' COMMENT 'Store ID',
  `entity_id` int(10) unsigned NOT NULL DEFAULT '0' COMMENT 'Entity ID',
  `position` int(11) NOT NULL DEFAULT '0' COMMENT 'Position',
  `value` varchar(255) DEFAULT NULL COMMENT 'Value',
  PRIMARY KEY (`value_id`),
  UNIQUE KEY `WAL_CAT_PRD_ENTT_GLR_ENTT_ID_ATTR_ID_STORE_ID` (`entity_id`,`attribute_id`,`store_id`),
  KEY `WAL_CATALOG_PRODUCT_ENTITY_GALLERY_ENTITY_ID` (`entity_id`),
  KEY `WAL_CATALOG_PRODUCT_ENTITY_GALLERY_ATTRIBUTE_ID` (`attribute_id`),
  KEY `WAL_CATALOG_PRODUCT_ENTITY_GALLERY_STORE_ID` (`store_id`),
  CONSTRAINT `WAL_CATALOG_PRODUCT_ENTITY_GALLERY_STORE_ID_WAL_STORE_STORE_ID` FOREIGN KEY (`store_id`) REFERENCES `wal_store` (`store_id`) ON DELETE CASCADE,
  CONSTRAINT `WAL_CAT_PRD_ENTT_GLR_ATTR_ID_WAL_EAV_ATTR_ATTR_ID` FOREIGN KEY (`attribute_id`) REFERENCES `wal_eav_attribute` (`attribute_id`) ON DELETE CASCADE,
  CONSTRAINT `WAL_CAT_PRD_ENTT_GLR_ENTT_ID_WAL_CAT_PRD_ENTT_ENTT_ID` FOREIGN KEY (`entity_id`) REFERENCES `wal_catalog_product_entity` (`entity_id`) ON DELETE CASCADE
) ENGINE=InnoDB DEFAULT CHARSET=utf8 COMMENT='Catalog Product Gallery Attribute Backend Table';

--
-- Dumping data for table `wal_catalog_product_entity_gallery`
--

DELIMITER ;;
/*!50003 CREATE*/ /*!50017 DEFINER=`djfwalland_walland`@`localhost`*/ /*!50003 TRIGGER trg_wal_catalog_product_entity_gallery_after_insert AFTER INSERT ON wal_catalog_product_entity_gallery FOR EACH ROW
BEGIN
INSERT IGNORE INTO `wal_amasty_feed_product_cl` (`entity_id`) VALUES (NEW.`entity_id`);
END */;;
DELIMITER ;
DELIMITER ;;
/*!50003 CREATE*/ /*!50017 DEFINER=`djfwalland_walland`@`localhost`*/ /*!50003 TRIGGER trg_wal_catalog_product_entity_gallery_after_update AFTER UPDATE ON wal_catalog_product_entity_gallery FOR EACH ROW
BEGIN
IF (NOT(NEW.`value_id` <=> OLD.`value_id`) OR NOT(NEW.`attribute_id` <=> OLD.`attribute_id`) OR NOT(NEW.`store_id` <=> OLD.`store_id`) OR NOT(NEW.`entity_id` <=> OLD.`entity_id`) OR NOT(NEW.`position` <=> OLD.`position`) OR NOT(NEW.`value` <=> OLD.`value`)) THEN INSERT IGNORE INTO `wal_amasty_feed_product_cl` (`entity_id`) VALUES (NEW.`entity_id`); END IF;
END */;;
DELIMITER ;
DELIMITER ;;
/*!50003 CREATE*/ /*!50017 DEFINER=`djfwalland_walland`@`localhost`*/ /*!50003 TRIGGER trg_wal_catalog_product_entity_gallery_after_delete AFTER DELETE ON wal_catalog_product_entity_gallery FOR EACH ROW
BEGIN
INSERT IGNORE INTO `wal_amasty_feed_product_cl` (`entity_id`) VALUES (OLD.`entity_id`);
END */;;
DELIMITER ;

--
-- Table structure for table `wal_catalog_product_entity_int`
--

CREATE TABLE `wal_catalog_product_entity_int` (
  `value_id` int(11) NOT NULL AUTO_INCREMENT COMMENT 'Value ID',
  `attribute_id` smallint(5) unsigned NOT NULL DEFAULT '0' COMMENT 'Attribute ID',
  `store_id` smallint(5) unsigned NOT NULL DEFAULT '0' COMMENT 'Store ID',
  `entity_id` int(10) unsigned NOT NULL DEFAULT '0' COMMENT 'Entity ID',
  `value` int(11) DEFAULT NULL COMMENT 'Value',
  PRIMARY KEY (`value_id`),
  UNIQUE KEY `WAL_CATALOG_PRODUCT_ENTITY_INT_ENTITY_ID_ATTRIBUTE_ID_STORE_ID` (`entity_id`,`attribute_id`,`store_id`),
  KEY `WAL_CATALOG_PRODUCT_ENTITY_INT_ATTRIBUTE_ID` (`attribute_id`),
  KEY `WAL_CATALOG_PRODUCT_ENTITY_INT_STORE_ID` (`store_id`),
  KEY `WAL_CATALOG_PRODUCT_ENTITY_INT_ATTRIBUTE_ID_STORE_ID_VALUE` (`attribute_id`,`store_id`,`value`),
  CONSTRAINT `WAL_CATALOG_PRODUCT_ENTITY_INT_STORE_ID_WAL_STORE_STORE_ID` FOREIGN KEY (`store_id`) REFERENCES `wal_store` (`store_id`) ON DELETE CASCADE,
  CONSTRAINT `WAL_CAT_PRD_ENTT_INT_ATTR_ID_WAL_EAV_ATTR_ATTR_ID` FOREIGN KEY (`attribute_id`) REFERENCES `wal_eav_attribute` (`attribute_id`) ON DELETE CASCADE,
  CONSTRAINT `WAL_CAT_PRD_ENTT_INT_ENTT_ID_WAL_CAT_PRD_ENTT_ENTT_ID` FOREIGN KEY (`entity_id`) REFERENCES `wal_catalog_product_entity` (`entity_id`) ON DELETE CASCADE
) ENGINE=InnoDB AUTO_INCREMENT=12 DEFAULT CHARSET=utf8 COMMENT='Catalog Product Integer Attribute Backend Table';

--
-- Dumping data for table `wal_catalog_product_entity_int`
--

INSERT INTO `wal_catalog_product_entity_int` VALUES (1,97,0,1,1),(2,99,0,1,4),(3,115,0,1,1),(4,129,0,1,2),(9,209,0,1,1),(10,210,0,1,0),(11,93,0,1,5);
DELIMITER ;;
/*!50003 CREATE*/ /*!50017 DEFINER=`djfwalland_walland`@`localhost`*/ /*!50003 TRIGGER trg_wal_catalog_product_entity_int_after_insert AFTER INSERT ON wal_catalog_product_entity_int FOR EACH ROW
BEGIN
INSERT IGNORE INTO `wal_amasty_feed_product_cl` (`entity_id`) VALUES (NEW.`entity_id`);
INSERT IGNORE INTO `wal_catalog_product_category_cl` (`entity_id`) VALUES (NEW.`entity_id`);
INSERT IGNORE INTO `wal_catalog_product_attribute_cl` (`entity_id`) VALUES (NEW.`entity_id`);
INSERT IGNORE INTO `wal_cataloginventory_stock_cl` (`entity_id`) VALUES (NEW.`entity_id`);
INSERT IGNORE INTO `wal_catalogrule_product_cl` (`entity_id`) VALUES (NEW.`entity_id`);
INSERT IGNORE INTO `wal_catalog_product_price_cl` (`entity_id`) VALUES (NEW.`entity_id`);
INSERT IGNORE INTO `wal_catalogsearch_fulltext_cl` (`entity_id`) VALUES (NEW.`entity_id`);
INSERT IGNORE INTO `wal_amasty_tabs_product_tab_cl` (`entity_id`) VALUES (NEW.`entity_id`);
END */;;
DELIMITER ;
DELIMITER ;;
/*!50003 CREATE*/ /*!50017 DEFINER=`djfwalland_walland`@`localhost`*/ /*!50003 TRIGGER trg_wal_catalog_product_entity_int_after_update AFTER UPDATE ON wal_catalog_product_entity_int FOR EACH ROW
BEGIN
IF (NOT(NEW.`value_id` <=> OLD.`value_id`) OR NOT(NEW.`attribute_id` <=> OLD.`attribute_id`) OR NOT(NEW.`store_id` <=> OLD.`store_id`) OR NOT(NEW.`entity_id` <=> OLD.`entity_id`) OR NOT(NEW.`value` <=> OLD.`value`)) THEN INSERT IGNORE INTO `wal_amasty_feed_product_cl` (`entity_id`) VALUES (NEW.`entity_id`); END IF;
IF (NOT(NEW.`value_id` <=> OLD.`value_id`) OR NOT(NEW.`attribute_id` <=> OLD.`attribute_id`) OR NOT(NEW.`store_id` <=> OLD.`store_id`) OR NOT(NEW.`entity_id` <=> OLD.`entity_id`) OR NOT(NEW.`value` <=> OLD.`value`)) THEN INSERT IGNORE INTO `wal_catalog_product_category_cl` (`entity_id`) VALUES (NEW.`entity_id`); END IF;
IF (NOT(NEW.`value_id` <=> OLD.`value_id`) OR NOT(NEW.`attribute_id` <=> OLD.`attribute_id`) OR NOT(NEW.`store_id` <=> OLD.`store_id`) OR NOT(NEW.`entity_id` <=> OLD.`entity_id`) OR NOT(NEW.`value` <=> OLD.`value`)) THEN INSERT IGNORE INTO `wal_catalog_product_attribute_cl` (`entity_id`) VALUES (NEW.`entity_id`); END IF;
IF (NOT(NEW.`value_id` <=> OLD.`value_id`) OR NOT(NEW.`attribute_id` <=> OLD.`attribute_id`) OR NOT(NEW.`store_id` <=> OLD.`store_id`) OR NOT(NEW.`entity_id` <=> OLD.`entity_id`) OR NOT(NEW.`value` <=> OLD.`value`)) THEN INSERT IGNORE INTO `wal_cataloginventory_stock_cl` (`entity_id`) VALUES (NEW.`entity_id`); END IF;
IF (NOT(NEW.`value_id` <=> OLD.`value_id`) OR NOT(NEW.`attribute_id` <=> OLD.`attribute_id`) OR NOT(NEW.`store_id` <=> OLD.`store_id`) OR NOT(NEW.`entity_id` <=> OLD.`entity_id`) OR NOT(NEW.`value` <=> OLD.`value`)) THEN INSERT IGNORE INTO `wal_catalogrule_product_cl` (`entity_id`) VALUES (NEW.`entity_id`); END IF;
IF (NOT(NEW.`value_id` <=> OLD.`value_id`) OR NOT(NEW.`attribute_id` <=> OLD.`attribute_id`) OR NOT(NEW.`store_id` <=> OLD.`store_id`) OR NOT(NEW.`entity_id` <=> OLD.`entity_id`) OR NOT(NEW.`value` <=> OLD.`value`)) THEN INSERT IGNORE INTO `wal_catalog_product_price_cl` (`entity_id`) VALUES (NEW.`entity_id`); END IF;
IF (NOT(NEW.`value_id` <=> OLD.`value_id`) OR NOT(NEW.`attribute_id` <=> OLD.`attribute_id`) OR NOT(NEW.`store_id` <=> OLD.`store_id`) OR NOT(NEW.`entity_id` <=> OLD.`entity_id`) OR NOT(NEW.`value` <=> OLD.`value`)) THEN INSERT IGNORE INTO `wal_catalogsearch_fulltext_cl` (`entity_id`) VALUES (NEW.`entity_id`); END IF;
IF (NOT(NEW.`value_id` <=> OLD.`value_id`) OR NOT(NEW.`attribute_id` <=> OLD.`attribute_id`) OR NOT(NEW.`store_id` <=> OLD.`store_id`) OR NOT(NEW.`entity_id` <=> OLD.`entity_id`) OR NOT(NEW.`value` <=> OLD.`value`)) THEN INSERT IGNORE INTO `wal_amasty_tabs_product_tab_cl` (`entity_id`) VALUES (NEW.`entity_id`); END IF;
END */;;
DELIMITER ;
DELIMITER ;;
/*!50003 CREATE*/ /*!50017 DEFINER=`djfwalland_walland`@`localhost`*/ /*!50003 TRIGGER trg_wal_catalog_product_entity_int_after_delete AFTER DELETE ON wal_catalog_product_entity_int FOR EACH ROW
BEGIN
INSERT IGNORE INTO `wal_amasty_feed_product_cl` (`entity_id`) VALUES (OLD.`entity_id`);
INSERT IGNORE INTO `wal_catalog_product_category_cl` (`entity_id`) VALUES (OLD.`entity_id`);
INSERT IGNORE INTO `wal_catalog_product_attribute_cl` (`entity_id`) VALUES (OLD.`entity_id`);
INSERT IGNORE INTO `wal_cataloginventory_stock_cl` (`entity_id`) VALUES (OLD.`entity_id`);
INSERT IGNORE INTO `wal_catalogrule_product_cl` (`entity_id`) VALUES (OLD.`entity_id`);
INSERT IGNORE INTO `wal_catalog_product_price_cl` (`entity_id`) VALUES (OLD.`entity_id`);
INSERT IGNORE INTO `wal_catalogsearch_fulltext_cl` (`entity_id`) VALUES (OLD.`entity_id`);
INSERT IGNORE INTO `wal_amasty_tabs_product_tab_cl` (`entity_id`) VALUES (OLD.`entity_id`);
END */;;
DELIMITER ;

--
-- Table structure for table `wal_catalog_product_entity_media_gallery`
--

CREATE TABLE `wal_catalog_product_entity_media_gallery` (
  `value_id` int(10) unsigned NOT NULL AUTO_INCREMENT COMMENT 'Value ID',
  `attribute_id` smallint(5) unsigned NOT NULL DEFAULT '0' COMMENT 'Attribute ID',
  `value` varchar(255) DEFAULT NULL COMMENT 'Value',
  `media_type` varchar(32) NOT NULL DEFAULT 'image' COMMENT 'Media entry type',
  `disabled` smallint(5) unsigned NOT NULL DEFAULT '0' COMMENT 'Visibility status',
  PRIMARY KEY (`value_id`),
  KEY `WAL_CATALOG_PRODUCT_ENTITY_MEDIA_GALLERY_ATTRIBUTE_ID` (`attribute_id`),
  CONSTRAINT `WAL_CAT_PRD_ENTT_MDA_GLR_ATTR_ID_WAL_EAV_ATTR_ATTR_ID` FOREIGN KEY (`attribute_id`) REFERENCES `wal_eav_attribute` (`attribute_id`) ON DELETE CASCADE
) ENGINE=InnoDB AUTO_INCREMENT=3 DEFAULT CHARSET=utf8 COMMENT='Catalog Product Media Gallery Attribute Backend Table';

--
-- Dumping data for table `wal_catalog_product_entity_media_gallery`
--

INSERT INTO `wal_catalog_product_entity_media_gallery` VALUES (1,90,'/l/u/luxury-rose-gold-laser-cut-wedding-invites-ewts038.jpg','image',0),(2,90,'/l/u/luxury-rose-gold-laser-cut-wedding-invites-ewts038-2.jpg','image',0);

--
-- Table structure for table `wal_catalog_product_entity_media_gallery_value`
--

CREATE TABLE `wal_catalog_product_entity_media_gallery_value` (
  `value_id` int(10) unsigned NOT NULL DEFAULT '0' COMMENT 'Value ID',
  `store_id` smallint(5) unsigned NOT NULL DEFAULT '0' COMMENT 'Store ID',
  `entity_id` int(10) unsigned NOT NULL DEFAULT '0' COMMENT 'Entity ID',
  `label` varchar(255) DEFAULT NULL COMMENT 'Label',
  `position` int(10) unsigned DEFAULT NULL COMMENT 'Position',
  `disabled` smallint(5) unsigned NOT NULL DEFAULT '0' COMMENT 'Is Disabled',
  `record_id` int(10) unsigned NOT NULL AUTO_INCREMENT COMMENT 'Record ID',
  PRIMARY KEY (`record_id`),
  KEY `WAL_CATALOG_PRODUCT_ENTITY_MEDIA_GALLERY_VALUE_STORE_ID` (`store_id`),
  KEY `WAL_CATALOG_PRODUCT_ENTITY_MEDIA_GALLERY_VALUE_ENTITY_ID` (`entity_id`),
  KEY `WAL_CATALOG_PRODUCT_ENTITY_MEDIA_GALLERY_VALUE_VALUE_ID` (`value_id`),
  KEY `WAL_CAT_PRD_ENTT_MDA_GLR_VAL_ENTT_ID_VAL_ID_STORE_ID` (`entity_id`,`value_id`,`store_id`),
  CONSTRAINT `FK_E2EF68D48BC6E512AC6591BFDC0756BA` FOREIGN KEY (`value_id`) REFERENCES `wal_catalog_product_entity_media_gallery` (`value_id`) ON DELETE CASCADE,
  CONSTRAINT `WAL_CAT_PRD_ENTT_MDA_GLR_VAL_ENTT_ID_WAL_CAT_PRD_ENTT_ENTT_ID` FOREIGN KEY (`entity_id`) REFERENCES `wal_catalog_product_entity` (`entity_id`) ON DELETE CASCADE,
  CONSTRAINT `WAL_CAT_PRD_ENTT_MDA_GLR_VAL_STORE_ID_WAL_STORE_STORE_ID` FOREIGN KEY (`store_id`) REFERENCES `wal_store` (`store_id`) ON DELETE CASCADE
) ENGINE=InnoDB AUTO_INCREMENT=19 DEFAULT CHARSET=utf8 COMMENT='Catalog Product Media Gallery Attribute Value Table';

--
-- Dumping data for table `wal_catalog_product_entity_media_gallery_value`
--

INSERT INTO `wal_catalog_product_entity_media_gallery_value` VALUES (1,0,1,NULL,1,0,17),(2,0,1,NULL,2,0,18);
DELIMITER ;;
/*!50003 CREATE*/ /*!50017 DEFINER=`djfwalland_walland`@`localhost`*/ /*!50003 TRIGGER trg_wal_catalog_product_entity_media_gallery_value_after_insert AFTER INSERT ON wal_catalog_product_entity_media_gallery_value FOR EACH ROW
BEGIN
INSERT IGNORE INTO `wal_amasty_feed_product_cl` (`entity_id`) VALUES (NEW.`entity_id`);
END */;;
DELIMITER ;
DELIMITER ;;
/*!50003 CREATE*/ /*!50017 DEFINER=`djfwalland_walland`@`localhost`*/ /*!50003 TRIGGER trg_wal_catalog_product_entity_media_gallery_value_after_update AFTER UPDATE ON wal_catalog_product_entity_media_gallery_value FOR EACH ROW
BEGIN
IF (NOT(NEW.`value_id` <=> OLD.`value_id`) OR NOT(NEW.`store_id` <=> OLD.`store_id`) OR NOT(NEW.`entity_id` <=> OLD.`entity_id`) OR NOT(NEW.`label` <=> OLD.`label`) OR NOT(NEW.`position` <=> OLD.`position`) OR NOT(NEW.`disabled` <=> OLD.`disabled`) OR NOT(NEW.`record_id` <=> OLD.`record_id`)) THEN INSERT IGNORE INTO `wal_amasty_feed_product_cl` (`entity_id`) VALUES (NEW.`entity_id`); END IF;
END */;;
DELIMITER ;
DELIMITER ;;
/*!50003 CREATE*/ /*!50017 DEFINER=`djfwalland_walland`@`localhost`*/ /*!50003 TRIGGER trg_wal_catalog_product_entity_media_gallery_value_after_delete AFTER DELETE ON wal_catalog_product_entity_media_gallery_value FOR EACH ROW
BEGIN
INSERT IGNORE INTO `wal_amasty_feed_product_cl` (`entity_id`) VALUES (OLD.`entity_id`);
END */;;
DELIMITER ;

--
-- Table structure for table `wal_catalog_product_entity_media_gallery_value_to_entity`
--

CREATE TABLE `wal_catalog_product_entity_media_gallery_value_to_entity` (
  `value_id` int(10) unsigned NOT NULL COMMENT 'Value media Entry ID',
  `entity_id` int(10) unsigned NOT NULL COMMENT 'Product Entity ID',
  PRIMARY KEY (`value_id`,`entity_id`),
  KEY `FK_EEA4ACD0A7246DC7A6C1A5BFC1AA422F` (`entity_id`),
  CONSTRAINT `FK_181E4B23F111C529B3347C4432BD4BD9` FOREIGN KEY (`value_id`) REFERENCES `wal_catalog_product_entity_media_gallery` (`value_id`) ON DELETE CASCADE,
  CONSTRAINT `FK_EEA4ACD0A7246DC7A6C1A5BFC1AA422F` FOREIGN KEY (`entity_id`) REFERENCES `wal_catalog_product_entity` (`entity_id`) ON DELETE CASCADE
) ENGINE=InnoDB DEFAULT CHARSET=utf8 COMMENT='Link Media value to Product entity table';

--
-- Dumping data for table `wal_catalog_product_entity_media_gallery_value_to_entity`
--

INSERT INTO `wal_catalog_product_entity_media_gallery_value_to_entity` VALUES (1,1),(2,1);

--
-- Table structure for table `wal_catalog_product_entity_media_gallery_value_video`
--

CREATE TABLE `wal_catalog_product_entity_media_gallery_value_video` (
  `value_id` int(10) unsigned NOT NULL COMMENT 'Media Entity ID',
  `store_id` smallint(5) unsigned NOT NULL DEFAULT '0' COMMENT 'Store ID',
  `provider` varchar(32) DEFAULT NULL COMMENT 'Video provider ID',
  `url` text COMMENT 'Video URL',
  `title` varchar(255) DEFAULT NULL COMMENT 'Title',
  `description` text COMMENT 'Page Meta Description',
  `metadata` text COMMENT 'Video meta data',
  PRIMARY KEY (`value_id`,`store_id`),
  KEY `WAL_CAT_PRD_ENTT_MDA_GLR_VAL_VIDEO_STORE_ID_WAL_STORE_STORE_ID` (`store_id`),
  CONSTRAINT `FK_71244EDA95C1CB2F8DCB4D55284C0DF2` FOREIGN KEY (`value_id`) REFERENCES `wal_catalog_product_entity_media_gallery` (`value_id`) ON DELETE CASCADE,
  CONSTRAINT `WAL_CAT_PRD_ENTT_MDA_GLR_VAL_VIDEO_STORE_ID_WAL_STORE_STORE_ID` FOREIGN KEY (`store_id`) REFERENCES `wal_store` (`store_id`) ON DELETE CASCADE
) ENGINE=InnoDB DEFAULT CHARSET=utf8 COMMENT='Catalog Product Video Table';

--
-- Dumping data for table `wal_catalog_product_entity_media_gallery_value_video`
--


--
-- Table structure for table `wal_catalog_product_entity_text`
--

CREATE TABLE `wal_catalog_product_entity_text` (
  `value_id` int(11) NOT NULL AUTO_INCREMENT COMMENT 'Value ID',
  `attribute_id` smallint(5) unsigned NOT NULL DEFAULT '0' COMMENT 'Attribute ID',
  `store_id` smallint(5) unsigned NOT NULL DEFAULT '0' COMMENT 'Store ID',
  `entity_id` int(10) unsigned NOT NULL DEFAULT '0' COMMENT 'Entity ID',
  `value` mediumtext COMMENT 'Value',
  PRIMARY KEY (`value_id`),
  UNIQUE KEY `WAL_CATALOG_PRODUCT_ENTITY_TEXT_ENTITY_ID_ATTRIBUTE_ID_STORE_ID` (`entity_id`,`attribute_id`,`store_id`),
  KEY `WAL_CATALOG_PRODUCT_ENTITY_TEXT_ATTRIBUTE_ID` (`attribute_id`),
  KEY `WAL_CATALOG_PRODUCT_ENTITY_TEXT_STORE_ID` (`store_id`),
  CONSTRAINT `WAL_CATALOG_PRODUCT_ENTITY_TEXT_STORE_ID_WAL_STORE_STORE_ID` FOREIGN KEY (`store_id`) REFERENCES `wal_store` (`store_id`) ON DELETE CASCADE,
  CONSTRAINT `WAL_CAT_PRD_ENTT_TEXT_ATTR_ID_WAL_EAV_ATTR_ATTR_ID` FOREIGN KEY (`attribute_id`) REFERENCES `wal_eav_attribute` (`attribute_id`) ON DELETE CASCADE,
  CONSTRAINT `WAL_CAT_PRD_ENTT_TEXT_ENTT_ID_WAL_CAT_PRD_ENTT_ENTT_ID` FOREIGN KEY (`entity_id`) REFERENCES `wal_catalog_product_entity` (`entity_id`) ON DELETE CASCADE
) ENGINE=InnoDB AUTO_INCREMENT=3 DEFAULT CHARSET=utf8 COMMENT='Catalog Product Text Attribute Backend Table';

--
-- Dumping data for table `wal_catalog_product_entity_text`
--

INSERT INTO `wal_catalog_product_entity_text` VALUES (1,85,0,1,'demo product'),(2,186,0,1,'0');
DELIMITER ;;
/*!50003 CREATE*/ /*!50017 DEFINER=`djfwalland_walland`@`localhost`*/ /*!50003 TRIGGER trg_wal_catalog_product_entity_text_after_insert AFTER INSERT ON wal_catalog_product_entity_text FOR EACH ROW
BEGIN
INSERT IGNORE INTO `wal_amasty_feed_product_cl` (`entity_id`) VALUES (NEW.`entity_id`);
INSERT IGNORE INTO `wal_catalogrule_product_cl` (`entity_id`) VALUES (NEW.`entity_id`);
INSERT IGNORE INTO `wal_catalogsearch_fulltext_cl` (`entity_id`) VALUES (NEW.`entity_id`);
INSERT IGNORE INTO `wal_amasty_tabs_product_tab_cl` (`entity_id`) VALUES (NEW.`entity_id`);
END */;;
DELIMITER ;
DELIMITER ;;
/*!50003 CREATE*/ /*!50017 DEFINER=`djfwalland_walland`@`localhost`*/ /*!50003 TRIGGER trg_wal_catalog_product_entity_text_after_update AFTER UPDATE ON wal_catalog_product_entity_text FOR EACH ROW
BEGIN
IF (NOT(NEW.`value_id` <=> OLD.`value_id`) OR NOT(NEW.`attribute_id` <=> OLD.`attribute_id`) OR NOT(NEW.`store_id` <=> OLD.`store_id`) OR NOT(NEW.`entity_id` <=> OLD.`entity_id`) OR NOT(NEW.`value` <=> OLD.`value`)) THEN INSERT IGNORE INTO `wal_amasty_feed_product_cl` (`entity_id`) VALUES (NEW.`entity_id`); END IF;
IF (NOT(NEW.`value_id` <=> OLD.`value_id`) OR NOT(NEW.`attribute_id` <=> OLD.`attribute_id`) OR NOT(NEW.`store_id` <=> OLD.`store_id`) OR NOT(NEW.`entity_id` <=> OLD.`entity_id`) OR NOT(NEW.`value` <=> OLD.`value`)) THEN INSERT IGNORE INTO `wal_catalogrule_product_cl` (`entity_id`) VALUES (NEW.`entity_id`); END IF;
IF (NOT(NEW.`value_id` <=> OLD.`value_id`) OR NOT(NEW.`attribute_id` <=> OLD.`attribute_id`) OR NOT(NEW.`store_id` <=> OLD.`store_id`) OR NOT(NEW.`entity_id` <=> OLD.`entity_id`) OR NOT(NEW.`value` <=> OLD.`value`)) THEN INSERT IGNORE INTO `wal_catalogsearch_fulltext_cl` (`entity_id`) VALUES (NEW.`entity_id`); END IF;
IF (NOT(NEW.`value_id` <=> OLD.`value_id`) OR NOT(NEW.`attribute_id` <=> OLD.`attribute_id`) OR NOT(NEW.`store_id` <=> OLD.`store_id`) OR NOT(NEW.`entity_id` <=> OLD.`entity_id`) OR NOT(NEW.`value` <=> OLD.`value`)) THEN INSERT IGNORE INTO `wal_amasty_tabs_product_tab_cl` (`entity_id`) VALUES (NEW.`entity_id`); END IF;
END */;;
DELIMITER ;
DELIMITER ;;
/*!50003 CREATE*/ /*!50017 DEFINER=`djfwalland_walland`@`localhost`*/ /*!50003 TRIGGER trg_wal_catalog_product_entity_text_after_delete AFTER DELETE ON wal_catalog_product_entity_text FOR EACH ROW
BEGIN
INSERT IGNORE INTO `wal_amasty_feed_product_cl` (`entity_id`) VALUES (OLD.`entity_id`);
INSERT IGNORE INTO `wal_catalogrule_product_cl` (`entity_id`) VALUES (OLD.`entity_id`);
INSERT IGNORE INTO `wal_catalogsearch_fulltext_cl` (`entity_id`) VALUES (OLD.`entity_id`);
INSERT IGNORE INTO `wal_amasty_tabs_product_tab_cl` (`entity_id`) VALUES (OLD.`entity_id`);
END */;;
DELIMITER ;

--
-- Table structure for table `wal_catalog_product_entity_tier_price`
--

CREATE TABLE `wal_catalog_product_entity_tier_price` (
  `value_id` int(11) NOT NULL AUTO_INCREMENT COMMENT 'Value ID',
  `entity_id` int(10) unsigned NOT NULL DEFAULT '0' COMMENT 'Entity ID',
  `all_groups` smallint(5) unsigned NOT NULL DEFAULT '1' COMMENT 'Is Applicable To All Customer Groups',
  `customer_group_id` int(10) unsigned NOT NULL DEFAULT '0' COMMENT 'Customer Group ID',
  `qty` decimal(12,4) NOT NULL DEFAULT '1.0000' COMMENT 'QTY',
  `value` decimal(20,6) NOT NULL DEFAULT '0.000000' COMMENT 'Value',
  `website_id` smallint(5) unsigned NOT NULL COMMENT 'Website ID',
  `percentage_value` decimal(5,2) DEFAULT NULL COMMENT 'Percentage value',
  PRIMARY KEY (`value_id`),
  UNIQUE KEY `UNQ_75278C2703E2CCA4EF7D0FE8FB3436EC` (`entity_id`,`all_groups`,`customer_group_id`,`qty`,`website_id`),
  KEY `WAL_CATALOG_PRODUCT_ENTITY_TIER_PRICE_CUSTOMER_GROUP_ID` (`customer_group_id`),
  KEY `WAL_CATALOG_PRODUCT_ENTITY_TIER_PRICE_WEBSITE_ID` (`website_id`),
  CONSTRAINT `FK_A69B85BB0A7EF04AC8CFE63F8F0BE5D4` FOREIGN KEY (`customer_group_id`) REFERENCES `wal_customer_group` (`customer_group_id`) ON DELETE CASCADE,
  CONSTRAINT `WAL_CAT_PRD_ENTT_TIER_PRICE_ENTT_ID_WAL_CAT_PRD_ENTT_ENTT_ID` FOREIGN KEY (`entity_id`) REFERENCES `wal_catalog_product_entity` (`entity_id`) ON DELETE CASCADE,
  CONSTRAINT `WAL_CAT_PRD_ENTT_TIER_PRICE_WS_ID_WAL_STORE_WS_WS_ID` FOREIGN KEY (`website_id`) REFERENCES `wal_store_website` (`website_id`) ON DELETE CASCADE
) ENGINE=InnoDB DEFAULT CHARSET=utf8 COMMENT='Catalog Product Tier Price Attribute Backend Table';

--
-- Dumping data for table `wal_catalog_product_entity_tier_price`
--

DELIMITER ;;
/*!50003 CREATE*/ /*!50017 DEFINER=`djfwalland_walland`@`localhost`*/ /*!50003 TRIGGER trg_wal_catalog_product_entity_tier_price_after_insert AFTER INSERT ON wal_catalog_product_entity_tier_price FOR EACH ROW
BEGIN
INSERT IGNORE INTO `wal_amasty_feed_product_cl` (`entity_id`) VALUES (NEW.`entity_id`);
INSERT IGNORE INTO `wal_catalogrule_product_cl` (`entity_id`) VALUES (NEW.`entity_id`);
INSERT IGNORE INTO `wal_catalog_product_price_cl` (`entity_id`) VALUES (NEW.`entity_id`);
INSERT IGNORE INTO `wal_amasty_tabs_product_tab_cl` (`entity_id`) VALUES (NEW.`entity_id`);
END */;;
DELIMITER ;
DELIMITER ;;
/*!50003 CREATE*/ /*!50017 DEFINER=`djfwalland_walland`@`localhost`*/ /*!50003 TRIGGER trg_wal_catalog_product_entity_tier_price_after_update AFTER UPDATE ON wal_catalog_product_entity_tier_price FOR EACH ROW
BEGIN
IF (NOT(NEW.`value_id` <=> OLD.`value_id`) OR NOT(NEW.`entity_id` <=> OLD.`entity_id`) OR NOT(NEW.`all_groups` <=> OLD.`all_groups`) OR NOT(NEW.`customer_group_id` <=> OLD.`customer_group_id`) OR NOT(NEW.`qty` <=> OLD.`qty`) OR NOT(NEW.`value` <=> OLD.`value`) OR NOT(NEW.`website_id` <=> OLD.`website_id`) OR NOT(NEW.`percentage_value` <=> OLD.`percentage_value`)) THEN INSERT IGNORE INTO `wal_amasty_feed_product_cl` (`entity_id`) VALUES (NEW.`entity_id`); END IF;
IF (NOT(NEW.`value_id` <=> OLD.`value_id`) OR NOT(NEW.`entity_id` <=> OLD.`entity_id`) OR NOT(NEW.`all_groups` <=> OLD.`all_groups`) OR NOT(NEW.`customer_group_id` <=> OLD.`customer_group_id`) OR NOT(NEW.`qty` <=> OLD.`qty`) OR NOT(NEW.`value` <=> OLD.`value`) OR NOT(NEW.`website_id` <=> OLD.`website_id`) OR NOT(NEW.`percentage_value` <=> OLD.`percentage_value`)) THEN INSERT IGNORE INTO `wal_catalogrule_product_cl` (`entity_id`) VALUES (NEW.`entity_id`); END IF;
IF (NOT(NEW.`value_id` <=> OLD.`value_id`) OR NOT(NEW.`entity_id` <=> OLD.`entity_id`) OR NOT(NEW.`all_groups` <=> OLD.`all_groups`) OR NOT(NEW.`customer_group_id` <=> OLD.`customer_group_id`) OR NOT(NEW.`qty` <=> OLD.`qty`) OR NOT(NEW.`value` <=> OLD.`value`) OR NOT(NEW.`website_id` <=> OLD.`website_id`) OR NOT(NEW.`percentage_value` <=> OLD.`percentage_value`)) THEN INSERT IGNORE INTO `wal_catalog_product_price_cl` (`entity_id`) VALUES (NEW.`entity_id`); END IF;
IF (NOT(NEW.`value_id` <=> OLD.`value_id`) OR NOT(NEW.`entity_id` <=> OLD.`entity_id`) OR NOT(NEW.`all_groups` <=> OLD.`all_groups`) OR NOT(NEW.`customer_group_id` <=> OLD.`customer_group_id`) OR NOT(NEW.`qty` <=> OLD.`qty`) OR NOT(NEW.`value` <=> OLD.`value`) OR NOT(NEW.`website_id` <=> OLD.`website_id`) OR NOT(NEW.`percentage_value` <=> OLD.`percentage_value`)) THEN INSERT IGNORE INTO `wal_amasty_tabs_product_tab_cl` (`entity_id`) VALUES (NEW.`entity_id`); END IF;
END */;;
DELIMITER ;
DELIMITER ;;
/*!50003 CREATE*/ /*!50017 DEFINER=`djfwalland_walland`@`localhost`*/ /*!50003 TRIGGER trg_wal_catalog_product_entity_tier_price_after_delete AFTER DELETE ON wal_catalog_product_entity_tier_price FOR EACH ROW
BEGIN
INSERT IGNORE INTO `wal_amasty_feed_product_cl` (`entity_id`) VALUES (OLD.`entity_id`);
INSERT IGNORE INTO `wal_catalogrule_product_cl` (`entity_id`) VALUES (OLD.`entity_id`);
INSERT IGNORE INTO `wal_catalog_product_price_cl` (`entity_id`) VALUES (OLD.`entity_id`);
INSERT IGNORE INTO `wal_amasty_tabs_product_tab_cl` (`entity_id`) VALUES (OLD.`entity_id`);
END */;;
DELIMITER ;

--
-- Table structure for table `wal_catalog_product_entity_varchar`
--

CREATE TABLE `wal_catalog_product_entity_varchar` (
  `value_id` int(11) NOT NULL AUTO_INCREMENT COMMENT 'Value ID',
  `attribute_id` smallint(5) unsigned NOT NULL DEFAULT '0' COMMENT 'Attribute ID',
  `store_id` smallint(5) unsigned NOT NULL DEFAULT '0' COMMENT 'Store ID',
  `entity_id` int(10) unsigned NOT NULL DEFAULT '0' COMMENT 'Entity ID',
  `value` varchar(255) DEFAULT NULL COMMENT 'Value',
  PRIMARY KEY (`value_id`),
  UNIQUE KEY `WAL_CAT_PRD_ENTT_VCHR_ENTT_ID_ATTR_ID_STORE_ID` (`entity_id`,`attribute_id`,`store_id`),
  KEY `WAL_CATALOG_PRODUCT_ENTITY_VARCHAR_ATTRIBUTE_ID` (`attribute_id`),
  KEY `WAL_CATALOG_PRODUCT_ENTITY_VARCHAR_STORE_ID` (`store_id`),
  CONSTRAINT `WAL_CATALOG_PRODUCT_ENTITY_VARCHAR_STORE_ID_WAL_STORE_STORE_ID` FOREIGN KEY (`store_id`) REFERENCES `wal_store` (`store_id`) ON DELETE CASCADE,
  CONSTRAINT `WAL_CAT_PRD_ENTT_VCHR_ATTR_ID_WAL_EAV_ATTR_ATTR_ID` FOREIGN KEY (`attribute_id`) REFERENCES `wal_eav_attribute` (`attribute_id`) ON DELETE CASCADE,
  CONSTRAINT `WAL_CAT_PRD_ENTT_VCHR_ENTT_ID_WAL_CAT_PRD_ENTT_ENTT_ID` FOREIGN KEY (`entity_id`) REFERENCES `wal_catalog_product_entity` (`entity_id`) ON DELETE CASCADE
) ENGINE=InnoDB AUTO_INCREMENT=35 DEFAULT CHARSET=utf8 COMMENT='Catalog Product Varchar Attribute Backend Table';

--
-- Dumping data for table `wal_catalog_product_entity_varchar`
--

INSERT INTO `wal_catalog_product_entity_varchar` VALUES (1,73,0,1,'demo product'),(2,84,0,1,'demo product'),(3,86,0,1,'demo product '),(4,106,0,1,'container2'),(5,118,0,1,'0'),(6,121,0,1,'demo-product'),(7,127,0,1,'2'),(8,87,0,1,'/l/u/luxury-rose-gold-laser-cut-wedding-invites-ewts038.jpg'),(9,88,0,1,'/l/u/luxury-rose-gold-laser-cut-wedding-invites-ewts038.jpg'),(10,89,0,1,'/l/u/luxury-rose-gold-laser-cut-wedding-invites-ewts038.jpg'),(11,128,0,1,'/l/u/luxury-rose-gold-laser-cut-wedding-invites-ewts038.jpg'),(22,211,0,1,'month');
DELIMITER ;;
/*!50003 CREATE*/ /*!50017 DEFINER=`djfwalland_walland`@`localhost`*/ /*!50003 TRIGGER trg_wal_catalog_product_entity_varchar_after_insert AFTER INSERT ON wal_catalog_product_entity_varchar FOR EACH ROW
BEGIN
INSERT IGNORE INTO `wal_amasty_feed_product_cl` (`entity_id`) VALUES (NEW.`entity_id`);
INSERT IGNORE INTO `wal_catalog_product_attribute_cl` (`entity_id`) VALUES (NEW.`entity_id`);
INSERT IGNORE INTO `wal_catalogrule_product_cl` (`entity_id`) VALUES (NEW.`entity_id`);
INSERT IGNORE INTO `wal_catalogsearch_fulltext_cl` (`entity_id`) VALUES (NEW.`entity_id`);
INSERT IGNORE INTO `wal_amasty_tabs_product_tab_cl` (`entity_id`) VALUES (NEW.`entity_id`);
END */;;
DELIMITER ;
DELIMITER ;;
/*!50003 CREATE*/ /*!50017 DEFINER=`djfwalland_walland`@`localhost`*/ /*!50003 TRIGGER trg_wal_catalog_product_entity_varchar_after_update AFTER UPDATE ON wal_catalog_product_entity_varchar FOR EACH ROW
BEGIN
IF (NOT(NEW.`value_id` <=> OLD.`value_id`) OR NOT(NEW.`attribute_id` <=> OLD.`attribute_id`) OR NOT(NEW.`store_id` <=> OLD.`store_id`) OR NOT(NEW.`entity_id` <=> OLD.`entity_id`) OR NOT(NEW.`value` <=> OLD.`value`)) THEN INSERT IGNORE INTO `wal_amasty_feed_product_cl` (`entity_id`) VALUES (NEW.`entity_id`); END IF;
IF (NOT(NEW.`value_id` <=> OLD.`value_id`) OR NOT(NEW.`attribute_id` <=> OLD.`attribute_id`) OR NOT(NEW.`store_id` <=> OLD.`store_id`) OR NOT(NEW.`entity_id` <=> OLD.`entity_id`) OR NOT(NEW.`value` <=> OLD.`value`)) THEN INSERT IGNORE INTO `wal_catalog_product_attribute_cl` (`entity_id`) VALUES (NEW.`entity_id`); END IF;
IF (NOT(NEW.`value_id` <=> OLD.`value_id`) OR NOT(NEW.`attribute_id` <=> OLD.`attribute_id`) OR NOT(NEW.`store_id` <=> OLD.`store_id`) OR NOT(NEW.`entity_id` <=> OLD.`entity_id`) OR NOT(NEW.`value` <=> OLD.`value`)) THEN INSERT IGNORE INTO `wal_catalogrule_product_cl` (`entity_id`) VALUES (NEW.`entity_id`); END IF;
IF (NOT(NEW.`value_id` <=> OLD.`value_id`) OR NOT(NEW.`attribute_id` <=> OLD.`attribute_id`) OR NOT(NEW.`store_id` <=> OLD.`store_id`) OR NOT(NEW.`entity_id` <=> OLD.`entity_id`) OR NOT(NEW.`value` <=> OLD.`value`)) THEN INSERT IGNORE INTO `wal_catalogsearch_fulltext_cl` (`entity_id`) VALUES (NEW.`entity_id`); END IF;
IF (NOT(NEW.`value_id` <=> OLD.`value_id`) OR NOT(NEW.`attribute_id` <=> OLD.`attribute_id`) OR NOT(NEW.`store_id` <=> OLD.`store_id`) OR NOT(NEW.`entity_id` <=> OLD.`entity_id`) OR NOT(NEW.`value` <=> OLD.`value`)) THEN INSERT IGNORE INTO `wal_amasty_tabs_product_tab_cl` (`entity_id`) VALUES (NEW.`entity_id`); END IF;
END */;;
DELIMITER ;
DELIMITER ;;
/*!50003 CREATE*/ /*!50017 DEFINER=`djfwalland_walland`@`localhost`*/ /*!50003 TRIGGER trg_wal_catalog_product_entity_varchar_after_delete AFTER DELETE ON wal_catalog_product_entity_varchar FOR EACH ROW
BEGIN
INSERT IGNORE INTO `wal_amasty_feed_product_cl` (`entity_id`) VALUES (OLD.`entity_id`);
INSERT IGNORE INTO `wal_catalog_product_attribute_cl` (`entity_id`) VALUES (OLD.`entity_id`);
INSERT IGNORE INTO `wal_catalogrule_product_cl` (`entity_id`) VALUES (OLD.`entity_id`);
INSERT IGNORE INTO `wal_catalogsearch_fulltext_cl` (`entity_id`) VALUES (OLD.`entity_id`);
INSERT IGNORE INTO `wal_amasty_tabs_product_tab_cl` (`entity_id`) VALUES (OLD.`entity_id`);
END */;;
DELIMITER ;

--
-- Table structure for table `wal_catalog_product_frontend_action`
--

CREATE TABLE `wal_catalog_product_frontend_action` (
  `action_id` bigint(20) unsigned NOT NULL AUTO_INCREMENT COMMENT 'Product Action ID',
  `type_id` varchar(64) NOT NULL COMMENT 'Type of product action',
  `visitor_id` int(10) unsigned DEFAULT NULL COMMENT 'Visitor ID',
  `customer_id` int(10) unsigned DEFAULT NULL COMMENT 'Customer ID',
  `product_id` int(10) unsigned NOT NULL COMMENT 'Product ID',
  `added_at` bigint(20) NOT NULL COMMENT 'Added At',
  PRIMARY KEY (`action_id`),
  UNIQUE KEY `WAL_CAT_PRD_FRONTEND_ACTION_VISITOR_ID_PRD_ID_TYPE_ID` (`visitor_id`,`product_id`,`type_id`),
  UNIQUE KEY `WAL_CAT_PRD_FRONTEND_ACTION_CSTR_ID_PRD_ID_TYPE_ID` (`customer_id`,`product_id`,`type_id`),
  KEY `WAL_CAT_PRD_FRONTEND_ACTION_PRD_ID_WAL_CAT_PRD_ENTT_ENTT_ID` (`product_id`),
  CONSTRAINT `WAL_CAT_PRD_FRONTEND_ACTION_CSTR_ID_WAL_CSTR_ENTT_ENTT_ID` FOREIGN KEY (`customer_id`) REFERENCES `wal_customer_entity` (`entity_id`) ON DELETE CASCADE,
  CONSTRAINT `WAL_CAT_PRD_FRONTEND_ACTION_PRD_ID_WAL_CAT_PRD_ENTT_ENTT_ID` FOREIGN KEY (`product_id`) REFERENCES `wal_catalog_product_entity` (`entity_id`) ON DELETE CASCADE
) ENGINE=InnoDB DEFAULT CHARSET=utf8 COMMENT='Catalog Product Frontend Action Table';

--
-- Dumping data for table `wal_catalog_product_frontend_action`
--


--
-- Table structure for table `wal_catalog_product_index_eav`
--

CREATE TABLE `wal_catalog_product_index_eav` (
  `entity_id` int(10) unsigned NOT NULL COMMENT 'Entity ID',
  `attribute_id` smallint(5) unsigned NOT NULL COMMENT 'Attribute ID',
  `store_id` smallint(5) unsigned NOT NULL COMMENT 'Store ID',
  `value` int(10) unsigned NOT NULL COMMENT 'Value',
  `source_id` int(10) unsigned NOT NULL DEFAULT '0' COMMENT 'Original entity ID for attribute value',
  PRIMARY KEY (`entity_id`,`attribute_id`,`store_id`,`value`,`source_id`),
  KEY `WAL_CATALOG_PRODUCT_INDEX_EAV_ATTRIBUTE_ID` (`attribute_id`),
  KEY `WAL_CATALOG_PRODUCT_INDEX_EAV_STORE_ID` (`store_id`),
  KEY `WAL_CATALOG_PRODUCT_INDEX_EAV_VALUE` (`value`)
) ENGINE=InnoDB DEFAULT CHARSET=utf8 COMMENT='Catalog Product EAV Index Table';

--
-- Dumping data for table `wal_catalog_product_index_eav`
--

INSERT INTO `wal_catalog_product_index_eav` VALUES (1,93,1,5,1),(1,99,1,4,1);

--
-- Table structure for table `wal_catalog_product_index_eav_decimal`
--

CREATE TABLE `wal_catalog_product_index_eav_decimal` (
  `entity_id` int(10) unsigned NOT NULL COMMENT 'Entity ID',
  `attribute_id` smallint(5) unsigned NOT NULL COMMENT 'Attribute ID',
  `store_id` smallint(5) unsigned NOT NULL COMMENT 'Store ID',
  `value` decimal(12,4) NOT NULL COMMENT 'Value',
  `source_id` int(10) unsigned NOT NULL DEFAULT '0' COMMENT 'Original entity ID for attribute value',
  PRIMARY KEY (`entity_id`,`attribute_id`,`store_id`,`value`,`source_id`),
  KEY `WAL_CATALOG_PRODUCT_INDEX_EAV_DECIMAL_ATTRIBUTE_ID` (`attribute_id`),
  KEY `WAL_CATALOG_PRODUCT_INDEX_EAV_DECIMAL_STORE_ID` (`store_id`),
  KEY `WAL_CATALOG_PRODUCT_INDEX_EAV_DECIMAL_VALUE` (`value`)
) ENGINE=InnoDB DEFAULT CHARSET=utf8 COMMENT='Catalog Product EAV Decimal Index Table';

--
-- Dumping data for table `wal_catalog_product_index_eav_decimal`
--


--
-- Table structure for table `wal_catalog_product_index_eav_decimal_idx`
--

CREATE TABLE `wal_catalog_product_index_eav_decimal_idx` (
  `entity_id` int(10) unsigned NOT NULL COMMENT 'Entity ID',
  `attribute_id` smallint(5) unsigned NOT NULL COMMENT 'Attribute ID',
  `store_id` smallint(5) unsigned NOT NULL COMMENT 'Store ID',
  `value` decimal(12,4) NOT NULL COMMENT 'Value',
  `source_id` int(10) unsigned NOT NULL DEFAULT '0' COMMENT 'Original entity ID for attribute value',
  PRIMARY KEY (`entity_id`,`attribute_id`,`store_id`,`value`,`source_id`),
  KEY `WAL_CATALOG_PRODUCT_INDEX_EAV_DECIMAL_IDX_ATTRIBUTE_ID` (`attribute_id`),
  KEY `WAL_CATALOG_PRODUCT_INDEX_EAV_DECIMAL_IDX_STORE_ID` (`store_id`),
  KEY `WAL_CATALOG_PRODUCT_INDEX_EAV_DECIMAL_IDX_VALUE` (`value`)
) ENGINE=InnoDB DEFAULT CHARSET=utf8 COMMENT='Catalog Product EAV Decimal Indexer Index Table';

--
